{"id":512,"date":"2019-04-23T16:39:43","date_gmt":"2019-04-23T14:39:43","guid":{"rendered":"http:\/\/alfred-scheerer.de\/shop\/?page_id=512"},"modified":"2023-07-14T16:57:07","modified_gmt":"2023-07-14T14:57:07","slug":"maehroboter-rasenroboter-installation","status":"publish","type":"page","link":"https:\/\/www.alfred-scheerer.de\/shop\/maehroboter-rasenroboter-installation\/","title":{"rendered":"M\u00e4hroboter Installation"},"content":{"rendered":"\n<p>Wir bieten professionelle Dienstleistungen rund um den M\u00e4hroboter an. Unser Angebot umfasst Beratung, Verkauf, Installation und Service. Wir sind in den St\u00e4dten Wermelskirchen, Burscheid, Bergisch Gladbach, Solingen, Leverkusen, Leichlingen, Remscheid, H\u00fcckeswagen, Wipperf\u00fcrth, Engelskirchen, K\u00fcrten, Lindlar, Overath u.v.m. t\u00e4tig.<\/p>\n\n\n\n<p>Unsere M\u00e4hroboter k\u00f6nnen sowohl mit Begrenzungskabel als auch kabellos mit GPS betrieben werden. F\u00fcr die Verlegung des Begrenzungskabels nutzen wir eine spezielle Maschine, um eine pr\u00e4zise und schnelle Installation zu gew\u00e4hrleisten.<\/p>\n\n\n\n<p>Wir bieten M\u00e4hroboter von f\u00fchrenden Herstellern wie Ambrogio, Kress, Segway, Techline und Wiper an. Sie k\u00f6nnen sicher sein, dass Sie bei uns nur hochwertige und zuverl\u00e4ssige Produkte erhalten.<\/p>\n\n\n\n<p>Unser professionelles Team steht Ihnen bei der Wahl des richtigen M\u00e4hroboters f\u00fcr Ihre Bed\u00fcrfnisse zur Verf\u00fcgung. Wir beraten Sie gerne und bieten ma\u00dfgeschneiderte L\u00f6sungen f\u00fcr Ihren Garten an.<\/p>\n\n\n\n<p>Unsere Installationstechniker sind erfahren und geschult, um eine schnelle und effiziente Installation Ihres M\u00e4hroboters durchzuf\u00fchren. Wir sorgen daf\u00fcr, dass Ihr M\u00e4hroboter perfekt auf Ihre Bed\u00fcrfnisse und Anforderungen abgestimmt ist.<\/p>\n\n\n\n<p>Wenn Sie einen zuverl\u00e4ssigen Partner f\u00fcr die M\u00e4hroboter Installation suchen, sind Sie bei uns genau richtig! Kontaktieren Sie uns noch heute, um mehr \u00fcber unsere Dienstleistungen zu erfahren.<\/p>\n\n\n\n<p><strong>Den Installations Service bieten wir standardm\u00e4\u00dfig im Umkreis von 25 km um unserem Firmenstandort Wermelskirchen an. Weitere Anfahrten auf Anfrage.<\/strong><\/p>\n\n\n<div class=\"wp-block-image\">\n<figure class=\"aligncenter size-large\"><img loading=\"lazy\" decoding=\"async\" width=\"845\" height=\"834\" src=\"https:\/\/alfred-scheerer.de\/shop\/wp-content\/uploads\/2021\/11\/umkreis-25-km.jpg\" alt=\"\" class=\"wp-image-5119\" srcset=\"https:\/\/www.alfred-scheerer.de\/shop\/wp-content\/uploads\/2021\/11\/umkreis-25-km.jpg 845w, https:\/\/www.alfred-scheerer.de\/shop\/wp-content\/uploads\/2021\/11\/umkreis-25-km-300x296.jpg 300w, https:\/\/www.alfred-scheerer.de\/shop\/wp-content\/uploads\/2021\/11\/umkreis-25-km-768x758.jpg 768w, https:\/\/www.alfred-scheerer.de\/shop\/wp-content\/uploads\/2021\/11\/umkreis-25-km-12x12.jpg 12w, https:\/\/www.alfred-scheerer.de\/shop\/wp-content\/uploads\/2021\/11\/umkreis-25-km-416x411.jpg 416w, https:\/\/www.alfred-scheerer.de\/shop\/wp-content\/uploads\/2021\/11\/umkreis-25-km-100x100.jpg 100w, https:\/\/www.alfred-scheerer.de\/shop\/wp-content\/uploads\/2021\/11\/umkreis-25-km-61x60.jpg 61w, https:\/\/www.alfred-scheerer.de\/shop\/wp-content\/uploads\/2021\/11\/umkreis-25-km-91x90.jpg 91w\" sizes=\"auto, (max-width: 845px) 100vw, 845px\" \/><figcaption class=\"wp-element-caption\">Umkreis 25 km<\/figcaption><\/figure>\n<\/div>","protected":false},"excerpt":{"rendered":"<p>Wir bieten professionelle Dienstleistungen rund um den M\u00e4hroboter an. Unser Angebot umfasst Beratung, Verkauf, Installation und Service. Wir sind in den St\u00e4dten Wermelskirchen, Burscheid, Bergisch Gladbach, Solingen, Leverkusen, Leichlingen, Remscheid, H\u00fcckeswagen, Wipperf\u00fcrth, Engelskirchen, K\u00fcrten, Lindlar, Overath u.v.m. t\u00e4tig. Unsere M\u00e4hroboter k\u00f6nnen sowohl mit Begrenzungskabel als auch kabellos mit GPS betrieben werden. F\u00fcr die Verlegung des [&hellip;]<\/p>\n","protected":false},"author":4,"featured_media":0,"parent":0,"menu_order":0,"comment_status":"closed","ping_status":"closed","template":"","meta":{"footnotes":""},"class_list":["post-512","page","type-page","status-publish","hentry"],"yoast_head":"<!-- This site is optimized with the Yoast SEO plugin v27.4 - https:\/\/yoast.com\/product\/yoast-seo-wordpress\/ -->\n<title>M\u00e4hroboter Installation - Gartentechnik Scheerer<\/title>\n<meta name=\"description\" content=\"M\u00e4hroboter f\u00fcr jeden Einsatzzweck. Beratung, Verkauf, Installation u. Service. Wir f\u00fchren die Rasenroboter der Marken Ambrogio, Kress, Solo, Wiper, Husqvarna. Unsere Installations Orte: Wermelskirchen, Burscheid, Leverkusen, K\u00f6ln, Bergisch Gladbach, Remscheid, Lennep, H\u00fcckeswagen, K\u00fcrten, Wipperf\u00fcrth, Solingen, Engelskirchen, Gummersbach\" \/>\n<meta name=\"robots\" content=\"index, follow, max-snippet:-1, max-image-preview:large, max-video-preview:-1\" \/>\n<link rel=\"canonical\" href=\"https:\/\/www.alfred-scheerer.de\/shop\/maehroboter-rasenroboter-installation\/\" \/>\n<meta property=\"og:locale\" content=\"de_DE\" \/>\n<meta property=\"og:type\" content=\"article\" \/>\n<meta property=\"og:title\" content=\"M\u00e4hroboter Installation - Gartentechnik Scheerer\" \/>\n<meta property=\"og:description\" content=\"M\u00e4hroboter f\u00fcr jeden Einsatzzweck. Beratung, Verkauf, Installation u. Service. Wir f\u00fchren die Rasenroboter der Marken Ambrogio, Kress, Solo, Wiper, Husqvarna. Unsere Installations Orte: Wermelskirchen, Burscheid, Leverkusen, K\u00f6ln, Bergisch Gladbach, Remscheid, Lennep, H\u00fcckeswagen, K\u00fcrten, Wipperf\u00fcrth, Solingen, Engelskirchen, Gummersbach\" \/>\n<meta property=\"og:url\" content=\"https:\/\/www.alfred-scheerer.de\/shop\/maehroboter-rasenroboter-installation\/\" \/>\n<meta property=\"og:site_name\" content=\"Gartentechnik Scheerer\" \/>\n<meta property=\"article:modified_time\" content=\"2023-07-14T14:57:07+00:00\" \/>\n<meta property=\"og:image\" content=\"https:\/\/alfred-scheerer.de\/shop\/wp-content\/uploads\/2021\/11\/umkreis-25-km.jpg\" \/>\n<meta name=\"twitter:card\" content=\"summary_large_image\" \/>\n<meta name=\"twitter:label1\" content=\"Gesch\u00e4tzte Lesezeit\" \/>\n\t<meta name=\"twitter:data1\" content=\"1\u00a0Minute\" \/>\n<script type=\"application\/ld+json\" class=\"yoast-schema-graph\">{\"@context\":\"https:\\\/\\\/schema.org\",\"@graph\":[{\"@type\":\"WebPage\",\"@id\":\"https:\\\/\\\/www.alfred-scheerer.de\\\/shop\\\/maehroboter-rasenroboter-installation\\\/\",\"url\":\"https:\\\/\\\/www.alfred-scheerer.de\\\/shop\\\/maehroboter-rasenroboter-installation\\\/\",\"name\":\"M\u00e4hroboter Installation - Gartentechnik Scheerer\",\"isPartOf\":{\"@id\":\"https:\\\/\\\/www.alfred-scheerer.de\\\/shop\\\/#website\"},\"primaryImageOfPage\":{\"@id\":\"https:\\\/\\\/www.alfred-scheerer.de\\\/shop\\\/maehroboter-rasenroboter-installation\\\/#primaryimage\"},\"image\":{\"@id\":\"https:\\\/\\\/www.alfred-scheerer.de\\\/shop\\\/maehroboter-rasenroboter-installation\\\/#primaryimage\"},\"thumbnailUrl\":\"https:\\\/\\\/alfred-scheerer.de\\\/shop\\\/wp-content\\\/uploads\\\/2021\\\/11\\\/umkreis-25-km.jpg\",\"datePublished\":\"2019-04-23T14:39:43+00:00\",\"dateModified\":\"2023-07-14T14:57:07+00:00\",\"description\":\"M\u00e4hroboter f\u00fcr jeden Einsatzzweck. Beratung, Verkauf, Installation u. Service. Wir f\u00fchren die Rasenroboter der Marken Ambrogio, Kress, Solo, Wiper, Husqvarna. Unsere Installations Orte: Wermelskirchen, Burscheid, Leverkusen, K\u00f6ln, Bergisch Gladbach, Remscheid, Lennep, H\u00fcckeswagen, K\u00fcrten, Wipperf\u00fcrth, Solingen, Engelskirchen, Gummersbach\",\"breadcrumb\":{\"@id\":\"https:\\\/\\\/www.alfred-scheerer.de\\\/shop\\\/maehroboter-rasenroboter-installation\\\/#breadcrumb\"},\"inLanguage\":\"de\",\"potentialAction\":[{\"@type\":\"ReadAction\",\"target\":[\"https:\\\/\\\/www.alfred-scheerer.de\\\/shop\\\/maehroboter-rasenroboter-installation\\\/\"]}]},{\"@type\":\"ImageObject\",\"inLanguage\":\"de\",\"@id\":\"https:\\\/\\\/www.alfred-scheerer.de\\\/shop\\\/maehroboter-rasenroboter-installation\\\/#primaryimage\",\"url\":\"https:\\\/\\\/alfred-scheerer.de\\\/shop\\\/wp-content\\\/uploads\\\/2021\\\/11\\\/umkreis-25-km.jpg\",\"contentUrl\":\"https:\\\/\\\/alfred-scheerer.de\\\/shop\\\/wp-content\\\/uploads\\\/2021\\\/11\\\/umkreis-25-km.jpg\"},{\"@type\":\"BreadcrumbList\",\"@id\":\"https:\\\/\\\/www.alfred-scheerer.de\\\/shop\\\/maehroboter-rasenroboter-installation\\\/#breadcrumb\",\"itemListElement\":[{\"@type\":\"ListItem\",\"position\":1,\"name\":\"Startseite\",\"item\":\"https:\\\/\\\/www.alfred-scheerer.de\\\/shop\\\/\"},{\"@type\":\"ListItem\",\"position\":2,\"name\":\"M\u00e4hroboter Installation\"}]},{\"@type\":\"WebSite\",\"@id\":\"https:\\\/\\\/www.alfred-scheerer.de\\\/shop\\\/#website\",\"url\":\"https:\\\/\\\/www.alfred-scheerer.de\\\/shop\\\/\",\"name\":\"Scheerer GmbH (ehem. Alfred Scheerer e.K.)\",\"description\":\"Der Online Shop aus Wermelskirchen f\u00fcr M\u00e4hroboter, Akku Gartenger\u00e4te, Ersatzteile und Zubeh\u00f6r\",\"publisher\":{\"@id\":\"https:\\\/\\\/www.alfred-scheerer.de\\\/shop\\\/#organization\"},\"potentialAction\":[{\"@type\":\"SearchAction\",\"target\":{\"@type\":\"EntryPoint\",\"urlTemplate\":\"https:\\\/\\\/www.alfred-scheerer.de\\\/shop\\\/?s={search_term_string}\"},\"query-input\":{\"@type\":\"PropertyValueSpecification\",\"valueRequired\":true,\"valueName\":\"search_term_string\"}}],\"inLanguage\":\"de\"},{\"@type\":\"Organization\",\"@id\":\"https:\\\/\\\/www.alfred-scheerer.de\\\/shop\\\/#organization\",\"name\":\"Scheerer GmbH\",\"url\":\"https:\\\/\\\/www.alfred-scheerer.de\\\/shop\\\/\",\"logo\":{\"@type\":\"ImageObject\",\"inLanguage\":\"de\",\"@id\":\"https:\\\/\\\/www.alfred-scheerer.de\\\/shop\\\/#\\\/schema\\\/logo\\\/image\\\/\",\"url\":\"https:\\\/\\\/alfred-scheerer.de\\\/shop\\\/wp-content\\\/uploads\\\/2024\\\/05\\\/baum.jpg\",\"contentUrl\":\"https:\\\/\\\/alfred-scheerer.de\\\/shop\\\/wp-content\\\/uploads\\\/2024\\\/05\\\/baum.jpg\",\"width\":512,\"height\":512,\"caption\":\"Scheerer GmbH\"},\"image\":{\"@id\":\"https:\\\/\\\/www.alfred-scheerer.de\\\/shop\\\/#\\\/schema\\\/logo\\\/image\\\/\"},\"sameAs\":[\"https:\\\/\\\/www.instagram.com\\\/alfredscheerer\\\/\"]}]}<\/script>\n<!-- \/ Yoast SEO plugin. -->","yoast_head_json":{"title":"M\u00e4hroboter Installation - Gartentechnik Scheerer","description":"M\u00e4hroboter f\u00fcr jeden Einsatzzweck. Beratung, Verkauf, Installation u. Service. Wir f\u00fchren die Rasenroboter der Marken Ambrogio, Kress, Solo, Wiper, Husqvarna. Unsere Installations Orte: Wermelskirchen, Burscheid, Leverkusen, K\u00f6ln, Bergisch Gladbach, Remscheid, Lennep, H\u00fcckeswagen, K\u00fcrten, Wipperf\u00fcrth, Solingen, Engelskirchen, Gummersbach","robots":{"index":"index","follow":"follow","max-snippet":"max-snippet:-1","max-image-preview":"max-image-preview:large","max-video-preview":"max-video-preview:-1"},"canonical":"https:\/\/www.alfred-scheerer.de\/shop\/maehroboter-rasenroboter-installation\/","og_locale":"de_DE","og_type":"article","og_title":"M\u00e4hroboter Installation - Gartentechnik Scheerer","og_description":"M\u00e4hroboter f\u00fcr jeden Einsatzzweck. Beratung, Verkauf, Installation u. Service. Wir f\u00fchren die Rasenroboter der Marken Ambrogio, Kress, Solo, Wiper, Husqvarna. Unsere Installations Orte: Wermelskirchen, Burscheid, Leverkusen, K\u00f6ln, Bergisch Gladbach, Remscheid, Lennep, H\u00fcckeswagen, K\u00fcrten, Wipperf\u00fcrth, Solingen, Engelskirchen, Gummersbach","og_url":"https:\/\/www.alfred-scheerer.de\/shop\/maehroboter-rasenroboter-installation\/","og_site_name":"Gartentechnik Scheerer","article_modified_time":"2023-07-14T14:57:07+00:00","og_image":[{"url":"https:\/\/alfred-scheerer.de\/shop\/wp-content\/uploads\/2021\/11\/umkreis-25-km.jpg","type":"","width":"","height":""}],"twitter_card":"summary_large_image","twitter_misc":{"Gesch\u00e4tzte Lesezeit":"1\u00a0Minute"},"schema":{"@context":"https:\/\/schema.org","@graph":[{"@type":"WebPage","@id":"https:\/\/www.alfred-scheerer.de\/shop\/maehroboter-rasenroboter-installation\/","url":"https:\/\/www.alfred-scheerer.de\/shop\/maehroboter-rasenroboter-installation\/","name":"M\u00e4hroboter Installation - Gartentechnik Scheerer","isPartOf":{"@id":"https:\/\/www.alfred-scheerer.de\/shop\/#website"},"primaryImageOfPage":{"@id":"https:\/\/www.alfred-scheerer.de\/shop\/maehroboter-rasenroboter-installation\/#primaryimage"},"image":{"@id":"https:\/\/www.alfred-scheerer.de\/shop\/maehroboter-rasenroboter-installation\/#primaryimage"},"thumbnailUrl":"https:\/\/alfred-scheerer.de\/shop\/wp-content\/uploads\/2021\/11\/umkreis-25-km.jpg","datePublished":"2019-04-23T14:39:43+00:00","dateModified":"2023-07-14T14:57:07+00:00","description":"M\u00e4hroboter f\u00fcr jeden Einsatzzweck. Beratung, Verkauf, Installation u. Service. Wir f\u00fchren die Rasenroboter der Marken Ambrogio, Kress, Solo, Wiper, Husqvarna. Unsere Installations Orte: Wermelskirchen, Burscheid, Leverkusen, K\u00f6ln, Bergisch Gladbach, Remscheid, Lennep, H\u00fcckeswagen, K\u00fcrten, Wipperf\u00fcrth, Solingen, Engelskirchen, Gummersbach","breadcrumb":{"@id":"https:\/\/www.alfred-scheerer.de\/shop\/maehroboter-rasenroboter-installation\/#breadcrumb"},"inLanguage":"de","potentialAction":[{"@type":"ReadAction","target":["https:\/\/www.alfred-scheerer.de\/shop\/maehroboter-rasenroboter-installation\/"]}]},{"@type":"ImageObject","inLanguage":"de","@id":"https:\/\/www.alfred-scheerer.de\/shop\/maehroboter-rasenroboter-installation\/#primaryimage","url":"https:\/\/alfred-scheerer.de\/shop\/wp-content\/uploads\/2021\/11\/umkreis-25-km.jpg","contentUrl":"https:\/\/alfred-scheerer.de\/shop\/wp-content\/uploads\/2021\/11\/umkreis-25-km.jpg"},{"@type":"BreadcrumbList","@id":"https:\/\/www.alfred-scheerer.de\/shop\/maehroboter-rasenroboter-installation\/#breadcrumb","itemListElement":[{"@type":"ListItem","position":1,"name":"Startseite","item":"https:\/\/www.alfred-scheerer.de\/shop\/"},{"@type":"ListItem","position":2,"name":"M\u00e4hroboter Installation"}]},{"@type":"WebSite","@id":"https:\/\/www.alfred-scheerer.de\/shop\/#website","url":"https:\/\/www.alfred-scheerer.de\/shop\/","name":"Scheerer GmbH (ehem. Alfred Scheerer e.K.)","description":"Der Online Shop aus Wermelskirchen f\u00fcr M\u00e4hroboter, Akku Gartenger\u00e4te, Ersatzteile und Zubeh\u00f6r","publisher":{"@id":"https:\/\/www.alfred-scheerer.de\/shop\/#organization"},"potentialAction":[{"@type":"SearchAction","target":{"@type":"EntryPoint","urlTemplate":"https:\/\/www.alfred-scheerer.de\/shop\/?s={search_term_string}"},"query-input":{"@type":"PropertyValueSpecification","valueRequired":true,"valueName":"search_term_string"}}],"inLanguage":"de"},{"@type":"Organization","@id":"https:\/\/www.alfred-scheerer.de\/shop\/#organization","name":"Scheerer GmbH","url":"https:\/\/www.alfred-scheerer.de\/shop\/","logo":{"@type":"ImageObject","inLanguage":"de","@id":"https:\/\/www.alfred-scheerer.de\/shop\/#\/schema\/logo\/image\/","url":"https:\/\/alfred-scheerer.de\/shop\/wp-content\/uploads\/2024\/05\/baum.jpg","contentUrl":"https:\/\/alfred-scheerer.de\/shop\/wp-content\/uploads\/2024\/05\/baum.jpg","width":512,"height":512,"caption":"Scheerer GmbH"},"image":{"@id":"https:\/\/www.alfred-scheerer.de\/shop\/#\/schema\/logo\/image\/"},"sameAs":["https:\/\/www.instagram.com\/alfredscheerer\/"]}]}},"_links":{"self":[{"href":"https:\/\/www.alfred-scheerer.de\/shop\/wp-json\/wp\/v2\/pages\/512","targetHints":{"allow":["GET"]}}],"collection":[{"href":"https:\/\/www.alfred-scheerer.de\/shop\/wp-json\/wp\/v2\/pages"}],"about":[{"href":"https:\/\/www.alfred-scheerer.de\/shop\/wp-json\/wp\/v2\/types\/page"}],"author":[{"embeddable":true,"href":"https:\/\/www.alfred-scheerer.de\/shop\/wp-json\/wp\/v2\/users\/4"}],"replies":[{"embeddable":true,"href":"https:\/\/www.alfred-scheerer.de\/shop\/wp-json\/wp\/v2\/comments?post=512"}],"version-history":[{"count":22,"href":"https:\/\/www.alfred-scheerer.de\/shop\/wp-json\/wp\/v2\/pages\/512\/revisions"}],"predecessor-version":[{"id":8876,"href":"https:\/\/www.alfred-scheerer.de\/shop\/wp-json\/wp\/v2\/pages\/512\/revisions\/8876"}],"wp:attachment":[{"href":"https:\/\/www.alfred-scheerer.de\/shop\/wp-json\/wp\/v2\/media?parent=512"}],"curies":[{"name":"wp","href":"https:\/\/api.w.org\/{rel}","templated":true}]}}