{"id":11014,"date":"2024-06-13T14:41:45","date_gmt":"2024-06-13T12:41:45","guid":{"rendered":"https:\/\/alfred-scheerer.de\/shop\/?post_type=product&#038;p=11014"},"modified":"2026-04-19T00:11:51","modified_gmt":"2026-04-18T22:11:51","slug":"ersatzmesser-stiga-stig-12-stueck","status":"publish","type":"product","link":"https:\/\/www.alfred-scheerer.de\/shop\/product\/ersatzmesser-stiga-stig-12-stueck\/","title":{"rendered":"Ersatzmesser Stiga Stig A u. G 12 St\u00fcck"},"content":{"rendered":"<p>12 Messer und 12 Schrauben f\u00fcr Stiga Stig A und G M\u00e4hroboter<br \/>\nNachbauteil in Erstausr\u00fcster Qualit\u00e4t.<\/p>\n<p>Die hochwertigen Grimsholm Messer f\u00fcr den Stiga Stig M\u00e4hroboter sind aus rostfreiem Stahl gefertigt und bieten ein optimales Verh\u00e4ltnis zwischen Festigkeit, Sch\u00e4rfe und Verschlei\u00dfbest\u00e4ndigkeit. Dies garantiert hervorragende Schnittergebnisse f\u00fcr Ihren Rasen.<\/p>\n<p>Dank eines sorgf\u00e4ltig kontrollierten H\u00e4rtungsprozesses bleibt die Flexibilit\u00e4t der Messer erhalten. Dadurch wird das Risiko von Messerbr\u00fcchen minimiert, selbst wenn der M\u00e4hroboter auf harte Gegenst\u00e4nde wie Steine trifft.<\/p>\n<p>Die Klingen und Schrauben sind in separaten, leicht zug\u00e4nglichen Beh\u00e4ltern verpackt. An der R\u00fcckseite der Verpackung befindet sich eine Perforation f\u00fcr ein einfaches \u00d6ffnen.<\/p>\n<p>Messerspezifikation:<\/p>\n<p>L\u00e4nge: 44,5 mm<br \/>\nBreite: 16 mm<br \/>\nSt\u00e4rke 0,8 mm<\/p>\n<p>Material: Rostfreier Stahl (NiRoSta)<\/p>\n<p>passend f\u00fcr:<br \/>\nA500, A750, A1000, A1500, A3000, A5000, A7500, A10000, G300, G600, G1200, G3600, Stiga Stig<\/p>\n","protected":false},"excerpt":{"rendered":"<p>Hochwertige Ersatzklingen passend f\u00fcr Stiga Stig A und G M\u00e4hroboter.<br \/>\nNachbauteil in Erstausr\u00fcster Qualit\u00e4t.<\/p>\n<p>L\u00e4nge: 44,5 mm<br \/>\nBreite: 16 mm<br \/>\nSt\u00e4rke 0,8 mm<\/p>\n<p>Material: Rostfreier Stahl (NiRoSta)<\/p>\n<p>Lieferumfang:<br \/>\n12 Messer und 12 Schrauben<\/p>\n<p>passend f\u00fcr:<br \/>\nA500, A750, A1000, A1500, A3000, A5000, A7500, A10000, G300, G600, G1200, G3600, Stiga Stig<\/p>\n<p>Referenznummer:<br \/>\nStiga 1127-0009-01<br \/>\nGrimsholm: 121<\/p>\n","protected":false},"featured_media":11012,"template":"","meta":[],"product_brand":[1755],"product_cat":[108],"product_tag":[1701,1702,1703,1704,1705,395,1706,396,1707,1697,1708,1698,1709,1699,1700],"class_list":{"0":"post-11014","1":"product","2":"type-product","3":"status-publish","4":"has-post-thumbnail","6":"product_brand-grimsholm","7":"product_cat-stiga-ersatzteile-zubehoer","8":"product_tag-stiga-a1500","9":"product_tag-stiga-a3000","10":"product_tag-stiga-a5000","11":"product_tag-stiga-a7500","12":"product_tag-stiga-a10000","13":"product_tag-klingen","14":"product_tag-stiga-g300","15":"product_tag-ersatzmesser","16":"product_tag-stiga-g600","17":"product_tag-stiga-stig","18":"product_tag-stiga-g1200","19":"product_tag-stiga-a500","20":"product_tag-stiga-g3600","21":"product_tag-stiga-a750","22":"product_tag-stiga-a1000","24":"first","25":"instock","26":"taxable","27":"shipping-taxable","28":"purchasable","29":"product-type-simple"},"yoast_head":"<!-- This site is optimized with the Yoast SEO plugin v27.4 - https:\/\/yoast.com\/product\/yoast-seo-wordpress\/ -->\n<title>Ersatzmesser | Stiga Stig | 12 St\u00fcck<\/title>\n<meta name=\"description\" content=\"Entdecken Sie das Set aus 12 hochwertigen Grimsholm Messern und 12 Schrauben, speziell entwickelt f\u00fcr den Stiga Stig M\u00e4hroboter. Diese rostfreien Stahlklingen bieten eine perfekte Balance aus Sch\u00e4rfe, Festigkeit und Verschlei\u00dffestigkeit, sorgen f\u00fcr pr\u00e4zise Schnittergebnisse und minimieren das Risiko von Bruchsch\u00e4den. Die Messer und Schrauben sind praktisch verpackt und leicht zug\u00e4nglich.\" \/>\n<meta name=\"robots\" content=\"index, follow, max-snippet:-1, max-image-preview:large, max-video-preview:-1\" \/>\n<link rel=\"canonical\" href=\"https:\/\/www.alfred-scheerer.de\/shop\/product\/ersatzmesser-stiga-stig-12-stueck\/\" \/>\n<meta property=\"og:locale\" content=\"de_DE\" \/>\n<meta property=\"og:type\" content=\"article\" \/>\n<meta property=\"og:title\" content=\"Ersatzmesser | Stiga Stig | 12 St\u00fcck\" \/>\n<meta property=\"og:description\" content=\"Entdecken Sie das Set aus 12 hochwertigen Grimsholm Messern und 12 Schrauben, speziell entwickelt f\u00fcr den Stiga Stig M\u00e4hroboter. Diese rostfreien Stahlklingen bieten eine perfekte Balance aus Sch\u00e4rfe, Festigkeit und Verschlei\u00dffestigkeit, sorgen f\u00fcr pr\u00e4zise Schnittergebnisse und minimieren das Risiko von Bruchsch\u00e4den. Die Messer und Schrauben sind praktisch verpackt und leicht zug\u00e4nglich.\" \/>\n<meta property=\"og:url\" content=\"https:\/\/www.alfred-scheerer.de\/shop\/product\/ersatzmesser-stiga-stig-12-stueck\/\" \/>\n<meta property=\"og:site_name\" content=\"Gartentechnik Scheerer\" \/>\n<meta property=\"article:modified_time\" content=\"2026-04-18T22:11:51+00:00\" \/>\n<meta property=\"og:image\" content=\"https:\/\/www.alfred-scheerer.de\/shop\/wp-content\/uploads\/2023\/11\/Stiga-Messer-121.jpg\" \/>\n\t<meta property=\"og:image:width\" content=\"800\" \/>\n\t<meta property=\"og:image:height\" content=\"800\" \/>\n\t<meta property=\"og:image:type\" content=\"image\/jpeg\" \/>\n<meta name=\"twitter:card\" content=\"summary_large_image\" \/>\n<meta name=\"twitter:label1\" content=\"Gesch\u00e4tzte Lesezeit\" \/>\n\t<meta name=\"twitter:data1\" content=\"1\u00a0Minute\" \/>\n<script type=\"application\/ld+json\" class=\"yoast-schema-graph\">{\"@context\":\"https:\\\/\\\/schema.org\",\"@graph\":[{\"@type\":\"WebPage\",\"@id\":\"https:\\\/\\\/www.alfred-scheerer.de\\\/shop\\\/product\\\/ersatzmesser-stiga-stig-12-stueck\\\/\",\"url\":\"https:\\\/\\\/www.alfred-scheerer.de\\\/shop\\\/product\\\/ersatzmesser-stiga-stig-12-stueck\\\/\",\"name\":\"Ersatzmesser | Stiga Stig | 12 St\u00fcck\",\"isPartOf\":{\"@id\":\"https:\\\/\\\/www.alfred-scheerer.de\\\/shop\\\/#website\"},\"primaryImageOfPage\":{\"@id\":\"https:\\\/\\\/www.alfred-scheerer.de\\\/shop\\\/product\\\/ersatzmesser-stiga-stig-12-stueck\\\/#primaryimage\"},\"image\":{\"@id\":\"https:\\\/\\\/www.alfred-scheerer.de\\\/shop\\\/product\\\/ersatzmesser-stiga-stig-12-stueck\\\/#primaryimage\"},\"thumbnailUrl\":\"https:\\\/\\\/www.alfred-scheerer.de\\\/shop\\\/wp-content\\\/uploads\\\/2023\\\/11\\\/Stiga-Messer-121.jpg\",\"datePublished\":\"2024-06-13T12:41:45+00:00\",\"dateModified\":\"2026-04-18T22:11:51+00:00\",\"description\":\"Entdecken Sie das Set aus 12 hochwertigen Grimsholm Messern und 12 Schrauben, speziell entwickelt f\u00fcr den Stiga Stig M\u00e4hroboter. Diese rostfreien Stahlklingen bieten eine perfekte Balance aus Sch\u00e4rfe, Festigkeit und Verschlei\u00dffestigkeit, sorgen f\u00fcr pr\u00e4zise Schnittergebnisse und minimieren das Risiko von Bruchsch\u00e4den. Die Messer und Schrauben sind praktisch verpackt und leicht zug\u00e4nglich.\",\"breadcrumb\":{\"@id\":\"https:\\\/\\\/www.alfred-scheerer.de\\\/shop\\\/product\\\/ersatzmesser-stiga-stig-12-stueck\\\/#breadcrumb\"},\"inLanguage\":\"de\",\"potentialAction\":[{\"@type\":\"ReadAction\",\"target\":[\"https:\\\/\\\/www.alfred-scheerer.de\\\/shop\\\/product\\\/ersatzmesser-stiga-stig-12-stueck\\\/\"]}]},{\"@type\":\"ImageObject\",\"inLanguage\":\"de\",\"@id\":\"https:\\\/\\\/www.alfred-scheerer.de\\\/shop\\\/product\\\/ersatzmesser-stiga-stig-12-stueck\\\/#primaryimage\",\"url\":\"https:\\\/\\\/www.alfred-scheerer.de\\\/shop\\\/wp-content\\\/uploads\\\/2023\\\/11\\\/Stiga-Messer-121.jpg\",\"contentUrl\":\"https:\\\/\\\/www.alfred-scheerer.de\\\/shop\\\/wp-content\\\/uploads\\\/2023\\\/11\\\/Stiga-Messer-121.jpg\",\"width\":800,\"height\":800,\"caption\":\"Stiga Ersatzmesser 12 St\u00fcck\"},{\"@type\":\"BreadcrumbList\",\"@id\":\"https:\\\/\\\/www.alfred-scheerer.de\\\/shop\\\/product\\\/ersatzmesser-stiga-stig-12-stueck\\\/#breadcrumb\",\"itemListElement\":[{\"@type\":\"ListItem\",\"position\":1,\"name\":\"Startseite\",\"item\":\"https:\\\/\\\/www.alfred-scheerer.de\\\/shop\\\/\"},{\"@type\":\"ListItem\",\"position\":2,\"name\":\"Gartentechnik Scheerer &#8211; Der Online Shop f\u00fcr M\u00e4hroboter und Zubeh\u00f6r\",\"item\":\"https:\\\/\\\/www.alfred-scheerer.de\\\/shop\\\/\"},{\"@type\":\"ListItem\",\"position\":3,\"name\":\"Ersatzmesser Stiga Stig A u. G 12 St\u00fcck\"}]},{\"@type\":\"WebSite\",\"@id\":\"https:\\\/\\\/www.alfred-scheerer.de\\\/shop\\\/#website\",\"url\":\"https:\\\/\\\/www.alfred-scheerer.de\\\/shop\\\/\",\"name\":\"Scheerer GmbH (ehem. Alfred Scheerer e.K.)\",\"description\":\"Der Online Shop aus Wermelskirchen f\u00fcr M\u00e4hroboter, Akku Gartenger\u00e4te, Ersatzteile und Zubeh\u00f6r\",\"publisher\":{\"@id\":\"https:\\\/\\\/www.alfred-scheerer.de\\\/shop\\\/#organization\"},\"potentialAction\":[{\"@type\":\"SearchAction\",\"target\":{\"@type\":\"EntryPoint\",\"urlTemplate\":\"https:\\\/\\\/www.alfred-scheerer.de\\\/shop\\\/?s={search_term_string}\"},\"query-input\":{\"@type\":\"PropertyValueSpecification\",\"valueRequired\":true,\"valueName\":\"search_term_string\"}}],\"inLanguage\":\"de\"},{\"@type\":\"Organization\",\"@id\":\"https:\\\/\\\/www.alfred-scheerer.de\\\/shop\\\/#organization\",\"name\":\"Scheerer GmbH\",\"url\":\"https:\\\/\\\/www.alfred-scheerer.de\\\/shop\\\/\",\"logo\":{\"@type\":\"ImageObject\",\"inLanguage\":\"de\",\"@id\":\"https:\\\/\\\/www.alfred-scheerer.de\\\/shop\\\/#\\\/schema\\\/logo\\\/image\\\/\",\"url\":\"https:\\\/\\\/alfred-scheerer.de\\\/shop\\\/wp-content\\\/uploads\\\/2024\\\/05\\\/baum.jpg\",\"contentUrl\":\"https:\\\/\\\/alfred-scheerer.de\\\/shop\\\/wp-content\\\/uploads\\\/2024\\\/05\\\/baum.jpg\",\"width\":512,\"height\":512,\"caption\":\"Scheerer GmbH\"},\"image\":{\"@id\":\"https:\\\/\\\/www.alfred-scheerer.de\\\/shop\\\/#\\\/schema\\\/logo\\\/image\\\/\"},\"sameAs\":[\"https:\\\/\\\/www.instagram.com\\\/alfredscheerer\\\/\"]}]}<\/script>\n<!-- \/ Yoast SEO plugin. -->","yoast_head_json":{"title":"Ersatzmesser | Stiga Stig | 12 St\u00fcck","description":"Entdecken Sie das Set aus 12 hochwertigen Grimsholm Messern und 12 Schrauben, speziell entwickelt f\u00fcr den Stiga Stig M\u00e4hroboter. Diese rostfreien Stahlklingen bieten eine perfekte Balance aus Sch\u00e4rfe, Festigkeit und Verschlei\u00dffestigkeit, sorgen f\u00fcr pr\u00e4zise Schnittergebnisse und minimieren das Risiko von Bruchsch\u00e4den. Die Messer und Schrauben sind praktisch verpackt und leicht zug\u00e4nglich.","robots":{"index":"index","follow":"follow","max-snippet":"max-snippet:-1","max-image-preview":"max-image-preview:large","max-video-preview":"max-video-preview:-1"},"canonical":"https:\/\/www.alfred-scheerer.de\/shop\/product\/ersatzmesser-stiga-stig-12-stueck\/","og_locale":"de_DE","og_type":"article","og_title":"Ersatzmesser | Stiga Stig | 12 St\u00fcck","og_description":"Entdecken Sie das Set aus 12 hochwertigen Grimsholm Messern und 12 Schrauben, speziell entwickelt f\u00fcr den Stiga Stig M\u00e4hroboter. Diese rostfreien Stahlklingen bieten eine perfekte Balance aus Sch\u00e4rfe, Festigkeit und Verschlei\u00dffestigkeit, sorgen f\u00fcr pr\u00e4zise Schnittergebnisse und minimieren das Risiko von Bruchsch\u00e4den. Die Messer und Schrauben sind praktisch verpackt und leicht zug\u00e4nglich.","og_url":"https:\/\/www.alfred-scheerer.de\/shop\/product\/ersatzmesser-stiga-stig-12-stueck\/","og_site_name":"Gartentechnik Scheerer","article_modified_time":"2026-04-18T22:11:51+00:00","og_image":[{"width":800,"height":800,"url":"https:\/\/www.alfred-scheerer.de\/shop\/wp-content\/uploads\/2023\/11\/Stiga-Messer-121.jpg","type":"image\/jpeg"}],"twitter_card":"summary_large_image","twitter_misc":{"Gesch\u00e4tzte Lesezeit":"1\u00a0Minute"},"schema":{"@context":"https:\/\/schema.org","@graph":[{"@type":"WebPage","@id":"https:\/\/www.alfred-scheerer.de\/shop\/product\/ersatzmesser-stiga-stig-12-stueck\/","url":"https:\/\/www.alfred-scheerer.de\/shop\/product\/ersatzmesser-stiga-stig-12-stueck\/","name":"Ersatzmesser | Stiga Stig | 12 St\u00fcck","isPartOf":{"@id":"https:\/\/www.alfred-scheerer.de\/shop\/#website"},"primaryImageOfPage":{"@id":"https:\/\/www.alfred-scheerer.de\/shop\/product\/ersatzmesser-stiga-stig-12-stueck\/#primaryimage"},"image":{"@id":"https:\/\/www.alfred-scheerer.de\/shop\/product\/ersatzmesser-stiga-stig-12-stueck\/#primaryimage"},"thumbnailUrl":"https:\/\/www.alfred-scheerer.de\/shop\/wp-content\/uploads\/2023\/11\/Stiga-Messer-121.jpg","datePublished":"2024-06-13T12:41:45+00:00","dateModified":"2026-04-18T22:11:51+00:00","description":"Entdecken Sie das Set aus 12 hochwertigen Grimsholm Messern und 12 Schrauben, speziell entwickelt f\u00fcr den Stiga Stig M\u00e4hroboter. Diese rostfreien Stahlklingen bieten eine perfekte Balance aus Sch\u00e4rfe, Festigkeit und Verschlei\u00dffestigkeit, sorgen f\u00fcr pr\u00e4zise Schnittergebnisse und minimieren das Risiko von Bruchsch\u00e4den. Die Messer und Schrauben sind praktisch verpackt und leicht zug\u00e4nglich.","breadcrumb":{"@id":"https:\/\/www.alfred-scheerer.de\/shop\/product\/ersatzmesser-stiga-stig-12-stueck\/#breadcrumb"},"inLanguage":"de","potentialAction":[{"@type":"ReadAction","target":["https:\/\/www.alfred-scheerer.de\/shop\/product\/ersatzmesser-stiga-stig-12-stueck\/"]}]},{"@type":"ImageObject","inLanguage":"de","@id":"https:\/\/www.alfred-scheerer.de\/shop\/product\/ersatzmesser-stiga-stig-12-stueck\/#primaryimage","url":"https:\/\/www.alfred-scheerer.de\/shop\/wp-content\/uploads\/2023\/11\/Stiga-Messer-121.jpg","contentUrl":"https:\/\/www.alfred-scheerer.de\/shop\/wp-content\/uploads\/2023\/11\/Stiga-Messer-121.jpg","width":800,"height":800,"caption":"Stiga Ersatzmesser 12 St\u00fcck"},{"@type":"BreadcrumbList","@id":"https:\/\/www.alfred-scheerer.de\/shop\/product\/ersatzmesser-stiga-stig-12-stueck\/#breadcrumb","itemListElement":[{"@type":"ListItem","position":1,"name":"Startseite","item":"https:\/\/www.alfred-scheerer.de\/shop\/"},{"@type":"ListItem","position":2,"name":"Gartentechnik Scheerer &#8211; Der Online Shop f\u00fcr M\u00e4hroboter und Zubeh\u00f6r","item":"https:\/\/www.alfred-scheerer.de\/shop\/"},{"@type":"ListItem","position":3,"name":"Ersatzmesser Stiga Stig A u. G 12 St\u00fcck"}]},{"@type":"WebSite","@id":"https:\/\/www.alfred-scheerer.de\/shop\/#website","url":"https:\/\/www.alfred-scheerer.de\/shop\/","name":"Scheerer GmbH (ehem. Alfred Scheerer e.K.)","description":"Der Online Shop aus Wermelskirchen f\u00fcr M\u00e4hroboter, Akku Gartenger\u00e4te, Ersatzteile und Zubeh\u00f6r","publisher":{"@id":"https:\/\/www.alfred-scheerer.de\/shop\/#organization"},"potentialAction":[{"@type":"SearchAction","target":{"@type":"EntryPoint","urlTemplate":"https:\/\/www.alfred-scheerer.de\/shop\/?s={search_term_string}"},"query-input":{"@type":"PropertyValueSpecification","valueRequired":true,"valueName":"search_term_string"}}],"inLanguage":"de"},{"@type":"Organization","@id":"https:\/\/www.alfred-scheerer.de\/shop\/#organization","name":"Scheerer GmbH","url":"https:\/\/www.alfred-scheerer.de\/shop\/","logo":{"@type":"ImageObject","inLanguage":"de","@id":"https:\/\/www.alfred-scheerer.de\/shop\/#\/schema\/logo\/image\/","url":"https:\/\/alfred-scheerer.de\/shop\/wp-content\/uploads\/2024\/05\/baum.jpg","contentUrl":"https:\/\/alfred-scheerer.de\/shop\/wp-content\/uploads\/2024\/05\/baum.jpg","width":512,"height":512,"caption":"Scheerer GmbH"},"image":{"@id":"https:\/\/www.alfred-scheerer.de\/shop\/#\/schema\/logo\/image\/"},"sameAs":["https:\/\/www.instagram.com\/alfredscheerer\/"]}]}},"_links":{"self":[{"href":"https:\/\/www.alfred-scheerer.de\/shop\/wp-json\/wp\/v2\/product\/11014","targetHints":{"allow":["GET"]}}],"collection":[{"href":"https:\/\/www.alfred-scheerer.de\/shop\/wp-json\/wp\/v2\/product"}],"about":[{"href":"https:\/\/www.alfred-scheerer.de\/shop\/wp-json\/wp\/v2\/types\/product"}],"wp:featuredmedia":[{"embeddable":true,"href":"https:\/\/www.alfred-scheerer.de\/shop\/wp-json\/wp\/v2\/media\/11012"}],"wp:attachment":[{"href":"https:\/\/www.alfred-scheerer.de\/shop\/wp-json\/wp\/v2\/media?parent=11014"}],"wp:term":[{"taxonomy":"product_brand","embeddable":true,"href":"https:\/\/www.alfred-scheerer.de\/shop\/wp-json\/wp\/v2\/product_brand?post=11014"},{"taxonomy":"product_cat","embeddable":true,"href":"https:\/\/www.alfred-scheerer.de\/shop\/wp-json\/wp\/v2\/product_cat?post=11014"},{"taxonomy":"product_tag","embeddable":true,"href":"https:\/\/www.alfred-scheerer.de\/shop\/wp-json\/wp\/v2\/product_tag?post=11014"}],"curies":[{"name":"wp","href":"https:\/\/api.w.org\/{rel}","templated":true}]}}