{"id":12997,"date":"2025-05-22T16:27:39","date_gmt":"2025-05-22T14:27:39","guid":{"rendered":"https:\/\/alfred-scheerer.de\/shop\/?post_type=product&#038;p=12997"},"modified":"2026-04-12T10:37:32","modified_gmt":"2026-04-12T08:37:32","slug":"sunseeker-verlaengerungskabel-10-m-fuer-v-serie-16600789-01","status":"publish","type":"product","link":"https:\/\/www.alfred-scheerer.de\/shop\/product\/sunseeker-verlaengerungskabel-10-m-fuer-v-serie-16600789-01\/","title":{"rendered":"Sunseeker Verl\u00e4ngerungskabel 10 m f\u00fcr V-Serie 16600789-01"},"content":{"rendered":"<h2>Sunseeker Verl\u00e4ngerungskabel 10\u202fm \u2013 f\u00fcr Ladestation der V-Serie<\/h2>\n<p data-start=\"1010\" data-end=\"1316\">Optimieren Sie die Platzierung Ihrer M\u00e4hroboter-Ladestation mit dem <strong data-start=\"1078\" data-end=\"1118\">Sunseeker Verl\u00e4ngerungskabel V-Serie<\/strong>. Das 10\u202fm lange Kabel ist speziell f\u00fcr die Ladestation mit Ihrem M\u00e4hroboter entwickelt worden \u2013 f\u00fcr maximale Flexibilit\u00e4t in gr\u00f6\u00dferen oder komplex gestalteten G\u00e4rten.<\/p>\n<p data-start=\"1318\" data-end=\"1620\">Dank robuster, wetterfester Ummantelung ist das Kabel bestens f\u00fcr den ganzj\u00e4hrigen Au\u00dfeneinsatz geeignet. Die verlustfreie \u00dcbertragung von Stromsignalen sorgt f\u00fcr einen reibungslosen Betrieb Ihres Sunseeker M\u00e4hroboters. Die Installation gelingt einfach und schnell \u2013 ganz ohne Spezialwerkzeug.<\/p>\n<p data-start=\"1622\" data-end=\"1678\">Passend f\u00fcr: Sunseeker V-Serie<\/p>\n","protected":false},"excerpt":{"rendered":"<p>10\u202fm wetterfestes Verl\u00e4ngerungskabel f\u00fcr die<strong> Sunseeker V-Serie<\/strong> \u2013 ideal zur flexiblen Platzierung der<strong> Ladestation<\/strong> bei einem gro\u00dfen Garten.<\/p>\n<p>Passend f\u00fcr: Sunseeker V-Serie<\/p>\n","protected":false},"featured_media":12991,"template":"","meta":[],"product_brand":[1774],"product_cat":[106,1333,1823],"product_tag":[1826,1827],"class_list":{"0":"post-12997","1":"product","2":"type-product","3":"status-publish","4":"has-post-thumbnail","6":"product_brand-sunseeker","7":"product_cat-installation-ersatzteile-u-zubehoer","8":"product_cat-maehroboter-rasenroboter-angebote","9":"product_cat-sunseeker-ersatzteile-zubehoer","10":"product_tag-16600789-01","11":"product_tag-verlaengerungskabel-10-m-fuer-v-serie","13":"first","14":"outofstock","15":"sale","16":"taxable","17":"shipping-taxable","18":"purchasable","19":"product-type-simple"},"yoast_head":"<!-- This site is optimized with the Yoast SEO plugin v27.4 - https:\/\/yoast.com\/product\/yoast-seo-wordpress\/ -->\n<title>Sunseeker Verl\u00e4ngerungskabel V-Serie | 10 m | 16600789-01<\/title>\n<meta name=\"description\" content=\"10\u202fm Sunseeker Verl\u00e4ngerungskabel V-Serie f\u00fcr die Ladestation. Wetterfest - ideal f\u00fcr gro\u00dfe oder verwinkelte G\u00e4rten. Hier kaufen.\" \/>\n<meta name=\"robots\" content=\"index, follow, max-snippet:-1, max-image-preview:large, max-video-preview:-1\" \/>\n<link rel=\"canonical\" href=\"https:\/\/www.alfred-scheerer.de\/shop\/product\/sunseeker-verlaengerungskabel-10-m-fuer-v-serie-16600789-01\/\" \/>\n<meta property=\"og:locale\" content=\"de_DE\" \/>\n<meta property=\"og:type\" content=\"article\" \/>\n<meta property=\"og:title\" content=\"Sunseeker Verl\u00e4ngerungskabel V-Serie | 10 m | 16600789-01\" \/>\n<meta property=\"og:description\" content=\"10\u202fm Sunseeker Verl\u00e4ngerungskabel V-Serie f\u00fcr die Ladestation. Wetterfest - ideal f\u00fcr gro\u00dfe oder verwinkelte G\u00e4rten. Hier kaufen.\" \/>\n<meta property=\"og:url\" content=\"https:\/\/www.alfred-scheerer.de\/shop\/product\/sunseeker-verlaengerungskabel-10-m-fuer-v-serie-16600789-01\/\" \/>\n<meta property=\"og:site_name\" content=\"Gartentechnik Scheerer\" \/>\n<meta property=\"article:modified_time\" content=\"2026-04-12T08:37:32+00:00\" \/>\n<meta property=\"og:image\" content=\"https:\/\/www.alfred-scheerer.de\/shop\/wp-content\/uploads\/2025\/05\/Sunseeker_Verlaengerung_V_Serie.jpg\" \/>\n\t<meta property=\"og:image:width\" content=\"800\" \/>\n\t<meta property=\"og:image:height\" content=\"800\" \/>\n\t<meta property=\"og:image:type\" content=\"image\/jpeg\" \/>\n<meta name=\"twitter:card\" content=\"summary_large_image\" \/>\n<script type=\"application\/ld+json\" class=\"yoast-schema-graph\">{\"@context\":\"https:\\\/\\\/schema.org\",\"@graph\":[{\"@type\":\"WebPage\",\"@id\":\"https:\\\/\\\/www.alfred-scheerer.de\\\/shop\\\/product\\\/sunseeker-verlaengerungskabel-10-m-fuer-v-serie-16600789-01\\\/\",\"url\":\"https:\\\/\\\/www.alfred-scheerer.de\\\/shop\\\/product\\\/sunseeker-verlaengerungskabel-10-m-fuer-v-serie-16600789-01\\\/\",\"name\":\"Sunseeker Verl\u00e4ngerungskabel V-Serie | 10 m | 16600789-01\",\"isPartOf\":{\"@id\":\"https:\\\/\\\/www.alfred-scheerer.de\\\/shop\\\/#website\"},\"primaryImageOfPage\":{\"@id\":\"https:\\\/\\\/www.alfred-scheerer.de\\\/shop\\\/product\\\/sunseeker-verlaengerungskabel-10-m-fuer-v-serie-16600789-01\\\/#primaryimage\"},\"image\":{\"@id\":\"https:\\\/\\\/www.alfred-scheerer.de\\\/shop\\\/product\\\/sunseeker-verlaengerungskabel-10-m-fuer-v-serie-16600789-01\\\/#primaryimage\"},\"thumbnailUrl\":\"https:\\\/\\\/www.alfred-scheerer.de\\\/shop\\\/wp-content\\\/uploads\\\/2025\\\/05\\\/Sunseeker_Verlaengerung_V_Serie.jpg\",\"datePublished\":\"2025-05-22T14:27:39+00:00\",\"dateModified\":\"2026-04-12T08:37:32+00:00\",\"description\":\"10\u202fm Sunseeker Verl\u00e4ngerungskabel V-Serie f\u00fcr die Ladestation. Wetterfest - ideal f\u00fcr gro\u00dfe oder verwinkelte G\u00e4rten. Hier kaufen.\",\"breadcrumb\":{\"@id\":\"https:\\\/\\\/www.alfred-scheerer.de\\\/shop\\\/product\\\/sunseeker-verlaengerungskabel-10-m-fuer-v-serie-16600789-01\\\/#breadcrumb\"},\"inLanguage\":\"de\",\"potentialAction\":[{\"@type\":\"ReadAction\",\"target\":[\"https:\\\/\\\/www.alfred-scheerer.de\\\/shop\\\/product\\\/sunseeker-verlaengerungskabel-10-m-fuer-v-serie-16600789-01\\\/\"]}]},{\"@type\":\"ImageObject\",\"inLanguage\":\"de\",\"@id\":\"https:\\\/\\\/www.alfred-scheerer.de\\\/shop\\\/product\\\/sunseeker-verlaengerungskabel-10-m-fuer-v-serie-16600789-01\\\/#primaryimage\",\"url\":\"https:\\\/\\\/www.alfred-scheerer.de\\\/shop\\\/wp-content\\\/uploads\\\/2025\\\/05\\\/Sunseeker_Verlaengerung_V_Serie.jpg\",\"contentUrl\":\"https:\\\/\\\/www.alfred-scheerer.de\\\/shop\\\/wp-content\\\/uploads\\\/2025\\\/05\\\/Sunseeker_Verlaengerung_V_Serie.jpg\",\"width\":800,\"height\":800,\"caption\":\"Verl\u00e4ngerungskabel Sunseeker V-Serie\"},{\"@type\":\"BreadcrumbList\",\"@id\":\"https:\\\/\\\/www.alfred-scheerer.de\\\/shop\\\/product\\\/sunseeker-verlaengerungskabel-10-m-fuer-v-serie-16600789-01\\\/#breadcrumb\",\"itemListElement\":[{\"@type\":\"ListItem\",\"position\":1,\"name\":\"Startseite\",\"item\":\"https:\\\/\\\/www.alfred-scheerer.de\\\/shop\\\/\"},{\"@type\":\"ListItem\",\"position\":2,\"name\":\"Gartentechnik Scheerer &#8211; Der Online Shop f\u00fcr M\u00e4hroboter und Zubeh\u00f6r\",\"item\":\"https:\\\/\\\/www.alfred-scheerer.de\\\/shop\\\/\"},{\"@type\":\"ListItem\",\"position\":3,\"name\":\"Sunseeker Verl\u00e4ngerungskabel 10 m f\u00fcr V-Serie 16600789-01\"}]},{\"@type\":\"WebSite\",\"@id\":\"https:\\\/\\\/www.alfred-scheerer.de\\\/shop\\\/#website\",\"url\":\"https:\\\/\\\/www.alfred-scheerer.de\\\/shop\\\/\",\"name\":\"Scheerer GmbH (ehem. Alfred Scheerer e.K.)\",\"description\":\"Der Online Shop aus Wermelskirchen f\u00fcr M\u00e4hroboter, Akku Gartenger\u00e4te, Ersatzteile und Zubeh\u00f6r\",\"publisher\":{\"@id\":\"https:\\\/\\\/www.alfred-scheerer.de\\\/shop\\\/#organization\"},\"potentialAction\":[{\"@type\":\"SearchAction\",\"target\":{\"@type\":\"EntryPoint\",\"urlTemplate\":\"https:\\\/\\\/www.alfred-scheerer.de\\\/shop\\\/?s={search_term_string}\"},\"query-input\":{\"@type\":\"PropertyValueSpecification\",\"valueRequired\":true,\"valueName\":\"search_term_string\"}}],\"inLanguage\":\"de\"},{\"@type\":\"Organization\",\"@id\":\"https:\\\/\\\/www.alfred-scheerer.de\\\/shop\\\/#organization\",\"name\":\"Scheerer GmbH\",\"url\":\"https:\\\/\\\/www.alfred-scheerer.de\\\/shop\\\/\",\"logo\":{\"@type\":\"ImageObject\",\"inLanguage\":\"de\",\"@id\":\"https:\\\/\\\/www.alfred-scheerer.de\\\/shop\\\/#\\\/schema\\\/logo\\\/image\\\/\",\"url\":\"https:\\\/\\\/alfred-scheerer.de\\\/shop\\\/wp-content\\\/uploads\\\/2024\\\/05\\\/baum.jpg\",\"contentUrl\":\"https:\\\/\\\/alfred-scheerer.de\\\/shop\\\/wp-content\\\/uploads\\\/2024\\\/05\\\/baum.jpg\",\"width\":512,\"height\":512,\"caption\":\"Scheerer GmbH\"},\"image\":{\"@id\":\"https:\\\/\\\/www.alfred-scheerer.de\\\/shop\\\/#\\\/schema\\\/logo\\\/image\\\/\"},\"sameAs\":[\"https:\\\/\\\/www.instagram.com\\\/alfredscheerer\\\/\"]}]}<\/script>\n<!-- \/ Yoast SEO plugin. -->","yoast_head_json":{"title":"Sunseeker Verl\u00e4ngerungskabel V-Serie | 10 m | 16600789-01","description":"10\u202fm Sunseeker Verl\u00e4ngerungskabel V-Serie f\u00fcr die Ladestation. Wetterfest - ideal f\u00fcr gro\u00dfe oder verwinkelte G\u00e4rten. Hier kaufen.","robots":{"index":"index","follow":"follow","max-snippet":"max-snippet:-1","max-image-preview":"max-image-preview:large","max-video-preview":"max-video-preview:-1"},"canonical":"https:\/\/www.alfred-scheerer.de\/shop\/product\/sunseeker-verlaengerungskabel-10-m-fuer-v-serie-16600789-01\/","og_locale":"de_DE","og_type":"article","og_title":"Sunseeker Verl\u00e4ngerungskabel V-Serie | 10 m | 16600789-01","og_description":"10\u202fm Sunseeker Verl\u00e4ngerungskabel V-Serie f\u00fcr die Ladestation. Wetterfest - ideal f\u00fcr gro\u00dfe oder verwinkelte G\u00e4rten. Hier kaufen.","og_url":"https:\/\/www.alfred-scheerer.de\/shop\/product\/sunseeker-verlaengerungskabel-10-m-fuer-v-serie-16600789-01\/","og_site_name":"Gartentechnik Scheerer","article_modified_time":"2026-04-12T08:37:32+00:00","og_image":[{"width":800,"height":800,"url":"https:\/\/www.alfred-scheerer.de\/shop\/wp-content\/uploads\/2025\/05\/Sunseeker_Verlaengerung_V_Serie.jpg","type":"image\/jpeg"}],"twitter_card":"summary_large_image","schema":{"@context":"https:\/\/schema.org","@graph":[{"@type":"WebPage","@id":"https:\/\/www.alfred-scheerer.de\/shop\/product\/sunseeker-verlaengerungskabel-10-m-fuer-v-serie-16600789-01\/","url":"https:\/\/www.alfred-scheerer.de\/shop\/product\/sunseeker-verlaengerungskabel-10-m-fuer-v-serie-16600789-01\/","name":"Sunseeker Verl\u00e4ngerungskabel V-Serie | 10 m | 16600789-01","isPartOf":{"@id":"https:\/\/www.alfred-scheerer.de\/shop\/#website"},"primaryImageOfPage":{"@id":"https:\/\/www.alfred-scheerer.de\/shop\/product\/sunseeker-verlaengerungskabel-10-m-fuer-v-serie-16600789-01\/#primaryimage"},"image":{"@id":"https:\/\/www.alfred-scheerer.de\/shop\/product\/sunseeker-verlaengerungskabel-10-m-fuer-v-serie-16600789-01\/#primaryimage"},"thumbnailUrl":"https:\/\/www.alfred-scheerer.de\/shop\/wp-content\/uploads\/2025\/05\/Sunseeker_Verlaengerung_V_Serie.jpg","datePublished":"2025-05-22T14:27:39+00:00","dateModified":"2026-04-12T08:37:32+00:00","description":"10\u202fm Sunseeker Verl\u00e4ngerungskabel V-Serie f\u00fcr die Ladestation. Wetterfest - ideal f\u00fcr gro\u00dfe oder verwinkelte G\u00e4rten. Hier kaufen.","breadcrumb":{"@id":"https:\/\/www.alfred-scheerer.de\/shop\/product\/sunseeker-verlaengerungskabel-10-m-fuer-v-serie-16600789-01\/#breadcrumb"},"inLanguage":"de","potentialAction":[{"@type":"ReadAction","target":["https:\/\/www.alfred-scheerer.de\/shop\/product\/sunseeker-verlaengerungskabel-10-m-fuer-v-serie-16600789-01\/"]}]},{"@type":"ImageObject","inLanguage":"de","@id":"https:\/\/www.alfred-scheerer.de\/shop\/product\/sunseeker-verlaengerungskabel-10-m-fuer-v-serie-16600789-01\/#primaryimage","url":"https:\/\/www.alfred-scheerer.de\/shop\/wp-content\/uploads\/2025\/05\/Sunseeker_Verlaengerung_V_Serie.jpg","contentUrl":"https:\/\/www.alfred-scheerer.de\/shop\/wp-content\/uploads\/2025\/05\/Sunseeker_Verlaengerung_V_Serie.jpg","width":800,"height":800,"caption":"Verl\u00e4ngerungskabel Sunseeker V-Serie"},{"@type":"BreadcrumbList","@id":"https:\/\/www.alfred-scheerer.de\/shop\/product\/sunseeker-verlaengerungskabel-10-m-fuer-v-serie-16600789-01\/#breadcrumb","itemListElement":[{"@type":"ListItem","position":1,"name":"Startseite","item":"https:\/\/www.alfred-scheerer.de\/shop\/"},{"@type":"ListItem","position":2,"name":"Gartentechnik Scheerer &#8211; Der Online Shop f\u00fcr M\u00e4hroboter und Zubeh\u00f6r","item":"https:\/\/www.alfred-scheerer.de\/shop\/"},{"@type":"ListItem","position":3,"name":"Sunseeker Verl\u00e4ngerungskabel 10 m f\u00fcr V-Serie 16600789-01"}]},{"@type":"WebSite","@id":"https:\/\/www.alfred-scheerer.de\/shop\/#website","url":"https:\/\/www.alfred-scheerer.de\/shop\/","name":"Scheerer GmbH (ehem. Alfred Scheerer e.K.)","description":"Der Online Shop aus Wermelskirchen f\u00fcr M\u00e4hroboter, Akku Gartenger\u00e4te, Ersatzteile und Zubeh\u00f6r","publisher":{"@id":"https:\/\/www.alfred-scheerer.de\/shop\/#organization"},"potentialAction":[{"@type":"SearchAction","target":{"@type":"EntryPoint","urlTemplate":"https:\/\/www.alfred-scheerer.de\/shop\/?s={search_term_string}"},"query-input":{"@type":"PropertyValueSpecification","valueRequired":true,"valueName":"search_term_string"}}],"inLanguage":"de"},{"@type":"Organization","@id":"https:\/\/www.alfred-scheerer.de\/shop\/#organization","name":"Scheerer GmbH","url":"https:\/\/www.alfred-scheerer.de\/shop\/","logo":{"@type":"ImageObject","inLanguage":"de","@id":"https:\/\/www.alfred-scheerer.de\/shop\/#\/schema\/logo\/image\/","url":"https:\/\/alfred-scheerer.de\/shop\/wp-content\/uploads\/2024\/05\/baum.jpg","contentUrl":"https:\/\/alfred-scheerer.de\/shop\/wp-content\/uploads\/2024\/05\/baum.jpg","width":512,"height":512,"caption":"Scheerer GmbH"},"image":{"@id":"https:\/\/www.alfred-scheerer.de\/shop\/#\/schema\/logo\/image\/"},"sameAs":["https:\/\/www.instagram.com\/alfredscheerer\/"]}]}},"_links":{"self":[{"href":"https:\/\/www.alfred-scheerer.de\/shop\/wp-json\/wp\/v2\/product\/12997","targetHints":{"allow":["GET"]}}],"collection":[{"href":"https:\/\/www.alfred-scheerer.de\/shop\/wp-json\/wp\/v2\/product"}],"about":[{"href":"https:\/\/www.alfred-scheerer.de\/shop\/wp-json\/wp\/v2\/types\/product"}],"wp:featuredmedia":[{"embeddable":true,"href":"https:\/\/www.alfred-scheerer.de\/shop\/wp-json\/wp\/v2\/media\/12991"}],"wp:attachment":[{"href":"https:\/\/www.alfred-scheerer.de\/shop\/wp-json\/wp\/v2\/media?parent=12997"}],"wp:term":[{"taxonomy":"product_brand","embeddable":true,"href":"https:\/\/www.alfred-scheerer.de\/shop\/wp-json\/wp\/v2\/product_brand?post=12997"},{"taxonomy":"product_cat","embeddable":true,"href":"https:\/\/www.alfred-scheerer.de\/shop\/wp-json\/wp\/v2\/product_cat?post=12997"},{"taxonomy":"product_tag","embeddable":true,"href":"https:\/\/www.alfred-scheerer.de\/shop\/wp-json\/wp\/v2\/product_tag?post=12997"}],"curies":[{"name":"wp","href":"https:\/\/api.w.org\/{rel}","templated":true}]}}