{"id":13760,"date":"2025-09-04T14:58:37","date_gmt":"2025-09-04T12:58:37","guid":{"rendered":"https:\/\/alfred-scheerer.de\/shop\/?post_type=product&#038;p=13760"},"modified":"2026-04-11T22:54:28","modified_gmt":"2026-04-11T20:54:28","slug":"maehroboter-reinigungsspray","status":"publish","type":"product","link":"https:\/\/www.alfred-scheerer.de\/shop\/product\/maehroboter-reinigungsspray\/","title":{"rendered":"M\u00e4hroboter Reinigungs-Spray, 500 ml"},"content":{"rendered":"<h1>M\u00e4hroboter Reinigungs-Spray f\u00fcr Ihre Gartenger\u00e4te<\/h1>\n<p>Mit dem <strong>Grimsholm M\u00e4hroboter Reinigungs-Spray<\/strong> halten Sie Ihren <strong>M\u00e4hroboter<\/strong> und andere <strong>Gartenger\u00e4te<\/strong> m\u00fchelos sauber.<br \/>\n<strong>Es l\u00f6st angetrocknetes Gras, Schmutz und Erde schnell und schonend.<\/strong><br \/>\nIhre Vorteile:<\/p>\n<ul>\n<li>Effektive Reinigung von M\u00e4hrobotern &amp; Gartenger\u00e4ten<\/li>\n<li>Einfach aufspr\u00fchen, abwischen, fertig<\/li>\n<\/ul>\n","protected":false},"excerpt":{"rendered":"<p><strong>Es l\u00f6st angetrocknetes Gras, Schmutz und Erde schnell und schonend.<\/strong><\/p>\n","protected":false},"featured_media":13766,"template":"","meta":[],"product_brand":[],"product_cat":[305,1513,98,306,1566,99,312,1567,100,314,1823,101,358,102,523,103,753,106,1333,108,1431,179,1432,96,304,1433,97],"product_tag":[1865,1866],"class_list":{"0":"post-13760","1":"product","2":"type-product","3":"status-publish","4":"has-post-thumbnail","6":"product_cat-4-0-basic","7":"product_cat-segway-navimow-ersatzteile-u-zubehoer","8":"product_cat-l85","9":"product_cat-l32","10":"product_cat-l25-twenty-25","11":"product_cat-l200-l210","12":"product_cat-wiper-ersatzteile-zubehoer","13":"product_cat-twenty-29","14":"product_cat-l250-l250i","15":"product_cat-kress-ersatzteile-zubehoer","16":"product_cat-sunseeker-ersatzteile-zubehoer","17":"product_cat-l300r","18":"product_cat-l200r","19":"product_cat-l350i","20":"product_cat-quad","21":"product_cat-l400-l400i","22":"product_cat-alko-solo-ersatzteile-zubehoer","23":"product_cat-installation-ersatzteile-u-zubehoer","24":"product_cat-maehroboter-rasenroboter-angebote","25":"product_cat-stiga-ersatzteile-zubehoer","26":"product_cat-twenty-zr","27":"product_cat-l35","28":"product_cat-4-36","29":"product_cat-ambrogio-l30-ersatzteile-zubehoer","30":"product_cat-l20-twenty","31":"product_cat-4-0-elite","32":"product_cat-l50-l60","33":"product_tag-reinigungsspray","34":"product_tag-garden-tool-cleaningg-spray","36":"first","37":"outofstock","38":"sale","39":"taxable","40":"shipping-taxable","41":"purchasable","42":"product-type-simple"},"yoast_head":"<!-- This site is optimized with the Yoast SEO plugin v27.4 - https:\/\/yoast.com\/product\/yoast-seo-wordpress\/ -->\n<title>M\u00e4hroboter Reinigungs-Spray | Gartenger\u00e4te Reinigungs-Spray<\/title>\n<meta name=\"description\" content=\"Mit dem Grimsholm M\u00e4hroboter Reinigungs-Spray reinigen Sie M\u00e4hroboter und Gartenger\u00e4te m\u00fchelos \u2013 entfernt Gras &amp; Schmutz schonend und effektiv.\" \/>\n<meta name=\"robots\" content=\"index, follow, max-snippet:-1, max-image-preview:large, max-video-preview:-1\" \/>\n<link rel=\"canonical\" href=\"https:\/\/www.alfred-scheerer.de\/shop\/product\/maehroboter-reinigungsspray\/\" \/>\n<meta property=\"og:locale\" content=\"de_DE\" \/>\n<meta property=\"og:type\" content=\"article\" \/>\n<meta property=\"og:title\" content=\"M\u00e4hroboter Reinigungs-Spray | Gartenger\u00e4te Reinigungs-Spray\" \/>\n<meta property=\"og:description\" content=\"Mit dem Grimsholm M\u00e4hroboter Reinigungs-Spray reinigen Sie M\u00e4hroboter und Gartenger\u00e4te m\u00fchelos \u2013 entfernt Gras &amp; Schmutz schonend und effektiv.\" \/>\n<meta property=\"og:url\" content=\"https:\/\/www.alfred-scheerer.de\/shop\/product\/maehroboter-reinigungsspray\/\" \/>\n<meta property=\"og:site_name\" content=\"Gartentechnik Scheerer\" \/>\n<meta property=\"article:modified_time\" content=\"2026-04-11T20:54:28+00:00\" \/>\n<meta property=\"og:image\" content=\"https:\/\/www.alfred-scheerer.de\/shop\/wp-content\/uploads\/2025\/09\/Reinigungs-Spray.jpg\" \/>\n\t<meta property=\"og:image:width\" content=\"800\" \/>\n\t<meta property=\"og:image:height\" content=\"800\" \/>\n\t<meta property=\"og:image:type\" content=\"image\/jpeg\" \/>\n<meta name=\"twitter:card\" content=\"summary_large_image\" \/>\n<script type=\"application\/ld+json\" class=\"yoast-schema-graph\">{\"@context\":\"https:\\\/\\\/schema.org\",\"@graph\":[{\"@type\":\"WebPage\",\"@id\":\"https:\\\/\\\/www.alfred-scheerer.de\\\/shop\\\/product\\\/maehroboter-reinigungsspray\\\/\",\"url\":\"https:\\\/\\\/www.alfred-scheerer.de\\\/shop\\\/product\\\/maehroboter-reinigungsspray\\\/\",\"name\":\"M\u00e4hroboter Reinigungs-Spray | Gartenger\u00e4te Reinigungs-Spray\",\"isPartOf\":{\"@id\":\"https:\\\/\\\/www.alfred-scheerer.de\\\/shop\\\/#website\"},\"primaryImageOfPage\":{\"@id\":\"https:\\\/\\\/www.alfred-scheerer.de\\\/shop\\\/product\\\/maehroboter-reinigungsspray\\\/#primaryimage\"},\"image\":{\"@id\":\"https:\\\/\\\/www.alfred-scheerer.de\\\/shop\\\/product\\\/maehroboter-reinigungsspray\\\/#primaryimage\"},\"thumbnailUrl\":\"https:\\\/\\\/www.alfred-scheerer.de\\\/shop\\\/wp-content\\\/uploads\\\/2025\\\/09\\\/Reinigungs-Spray.jpg\",\"datePublished\":\"2025-09-04T12:58:37+00:00\",\"dateModified\":\"2026-04-11T20:54:28+00:00\",\"description\":\"Mit dem Grimsholm M\u00e4hroboter Reinigungs-Spray reinigen Sie M\u00e4hroboter und Gartenger\u00e4te m\u00fchelos \u2013 entfernt Gras & Schmutz schonend und effektiv.\",\"breadcrumb\":{\"@id\":\"https:\\\/\\\/www.alfred-scheerer.de\\\/shop\\\/product\\\/maehroboter-reinigungsspray\\\/#breadcrumb\"},\"inLanguage\":\"de\",\"potentialAction\":[{\"@type\":\"ReadAction\",\"target\":[\"https:\\\/\\\/www.alfred-scheerer.de\\\/shop\\\/product\\\/maehroboter-reinigungsspray\\\/\"]}]},{\"@type\":\"ImageObject\",\"inLanguage\":\"de\",\"@id\":\"https:\\\/\\\/www.alfred-scheerer.de\\\/shop\\\/product\\\/maehroboter-reinigungsspray\\\/#primaryimage\",\"url\":\"https:\\\/\\\/www.alfred-scheerer.de\\\/shop\\\/wp-content\\\/uploads\\\/2025\\\/09\\\/Reinigungs-Spray.jpg\",\"contentUrl\":\"https:\\\/\\\/www.alfred-scheerer.de\\\/shop\\\/wp-content\\\/uploads\\\/2025\\\/09\\\/Reinigungs-Spray.jpg\",\"width\":800,\"height\":800,\"caption\":\"M\u00e4hroboter Reinigungsspray\"},{\"@type\":\"BreadcrumbList\",\"@id\":\"https:\\\/\\\/www.alfred-scheerer.de\\\/shop\\\/product\\\/maehroboter-reinigungsspray\\\/#breadcrumb\",\"itemListElement\":[{\"@type\":\"ListItem\",\"position\":1,\"name\":\"Startseite\",\"item\":\"https:\\\/\\\/www.alfred-scheerer.de\\\/shop\\\/\"},{\"@type\":\"ListItem\",\"position\":2,\"name\":\"Gartentechnik Scheerer &#8211; Der Online Shop f\u00fcr M\u00e4hroboter und Zubeh\u00f6r\",\"item\":\"https:\\\/\\\/www.alfred-scheerer.de\\\/shop\\\/\"},{\"@type\":\"ListItem\",\"position\":3,\"name\":\"M\u00e4hroboter Reinigungs-Spray, 500 ml\"}]},{\"@type\":\"WebSite\",\"@id\":\"https:\\\/\\\/www.alfred-scheerer.de\\\/shop\\\/#website\",\"url\":\"https:\\\/\\\/www.alfred-scheerer.de\\\/shop\\\/\",\"name\":\"Scheerer GmbH (ehem. Alfred Scheerer e.K.)\",\"description\":\"Der Online Shop aus Wermelskirchen f\u00fcr M\u00e4hroboter, Akku Gartenger\u00e4te, Ersatzteile und Zubeh\u00f6r\",\"publisher\":{\"@id\":\"https:\\\/\\\/www.alfred-scheerer.de\\\/shop\\\/#organization\"},\"potentialAction\":[{\"@type\":\"SearchAction\",\"target\":{\"@type\":\"EntryPoint\",\"urlTemplate\":\"https:\\\/\\\/www.alfred-scheerer.de\\\/shop\\\/?s={search_term_string}\"},\"query-input\":{\"@type\":\"PropertyValueSpecification\",\"valueRequired\":true,\"valueName\":\"search_term_string\"}}],\"inLanguage\":\"de\"},{\"@type\":\"Organization\",\"@id\":\"https:\\\/\\\/www.alfred-scheerer.de\\\/shop\\\/#organization\",\"name\":\"Scheerer GmbH\",\"url\":\"https:\\\/\\\/www.alfred-scheerer.de\\\/shop\\\/\",\"logo\":{\"@type\":\"ImageObject\",\"inLanguage\":\"de\",\"@id\":\"https:\\\/\\\/www.alfred-scheerer.de\\\/shop\\\/#\\\/schema\\\/logo\\\/image\\\/\",\"url\":\"https:\\\/\\\/alfred-scheerer.de\\\/shop\\\/wp-content\\\/uploads\\\/2024\\\/05\\\/baum.jpg\",\"contentUrl\":\"https:\\\/\\\/alfred-scheerer.de\\\/shop\\\/wp-content\\\/uploads\\\/2024\\\/05\\\/baum.jpg\",\"width\":512,\"height\":512,\"caption\":\"Scheerer GmbH\"},\"image\":{\"@id\":\"https:\\\/\\\/www.alfred-scheerer.de\\\/shop\\\/#\\\/schema\\\/logo\\\/image\\\/\"},\"sameAs\":[\"https:\\\/\\\/www.instagram.com\\\/alfredscheerer\\\/\"]}]}<\/script>\n<!-- \/ Yoast SEO plugin. -->","yoast_head_json":{"title":"M\u00e4hroboter Reinigungs-Spray | Gartenger\u00e4te Reinigungs-Spray","description":"Mit dem Grimsholm M\u00e4hroboter Reinigungs-Spray reinigen Sie M\u00e4hroboter und Gartenger\u00e4te m\u00fchelos \u2013 entfernt Gras & Schmutz schonend und effektiv.","robots":{"index":"index","follow":"follow","max-snippet":"max-snippet:-1","max-image-preview":"max-image-preview:large","max-video-preview":"max-video-preview:-1"},"canonical":"https:\/\/www.alfred-scheerer.de\/shop\/product\/maehroboter-reinigungsspray\/","og_locale":"de_DE","og_type":"article","og_title":"M\u00e4hroboter Reinigungs-Spray | Gartenger\u00e4te Reinigungs-Spray","og_description":"Mit dem Grimsholm M\u00e4hroboter Reinigungs-Spray reinigen Sie M\u00e4hroboter und Gartenger\u00e4te m\u00fchelos \u2013 entfernt Gras & Schmutz schonend und effektiv.","og_url":"https:\/\/www.alfred-scheerer.de\/shop\/product\/maehroboter-reinigungsspray\/","og_site_name":"Gartentechnik Scheerer","article_modified_time":"2026-04-11T20:54:28+00:00","og_image":[{"width":800,"height":800,"url":"https:\/\/www.alfred-scheerer.de\/shop\/wp-content\/uploads\/2025\/09\/Reinigungs-Spray.jpg","type":"image\/jpeg"}],"twitter_card":"summary_large_image","schema":{"@context":"https:\/\/schema.org","@graph":[{"@type":"WebPage","@id":"https:\/\/www.alfred-scheerer.de\/shop\/product\/maehroboter-reinigungsspray\/","url":"https:\/\/www.alfred-scheerer.de\/shop\/product\/maehroboter-reinigungsspray\/","name":"M\u00e4hroboter Reinigungs-Spray | Gartenger\u00e4te Reinigungs-Spray","isPartOf":{"@id":"https:\/\/www.alfred-scheerer.de\/shop\/#website"},"primaryImageOfPage":{"@id":"https:\/\/www.alfred-scheerer.de\/shop\/product\/maehroboter-reinigungsspray\/#primaryimage"},"image":{"@id":"https:\/\/www.alfred-scheerer.de\/shop\/product\/maehroboter-reinigungsspray\/#primaryimage"},"thumbnailUrl":"https:\/\/www.alfred-scheerer.de\/shop\/wp-content\/uploads\/2025\/09\/Reinigungs-Spray.jpg","datePublished":"2025-09-04T12:58:37+00:00","dateModified":"2026-04-11T20:54:28+00:00","description":"Mit dem Grimsholm M\u00e4hroboter Reinigungs-Spray reinigen Sie M\u00e4hroboter und Gartenger\u00e4te m\u00fchelos \u2013 entfernt Gras & Schmutz schonend und effektiv.","breadcrumb":{"@id":"https:\/\/www.alfred-scheerer.de\/shop\/product\/maehroboter-reinigungsspray\/#breadcrumb"},"inLanguage":"de","potentialAction":[{"@type":"ReadAction","target":["https:\/\/www.alfred-scheerer.de\/shop\/product\/maehroboter-reinigungsspray\/"]}]},{"@type":"ImageObject","inLanguage":"de","@id":"https:\/\/www.alfred-scheerer.de\/shop\/product\/maehroboter-reinigungsspray\/#primaryimage","url":"https:\/\/www.alfred-scheerer.de\/shop\/wp-content\/uploads\/2025\/09\/Reinigungs-Spray.jpg","contentUrl":"https:\/\/www.alfred-scheerer.de\/shop\/wp-content\/uploads\/2025\/09\/Reinigungs-Spray.jpg","width":800,"height":800,"caption":"M\u00e4hroboter Reinigungsspray"},{"@type":"BreadcrumbList","@id":"https:\/\/www.alfred-scheerer.de\/shop\/product\/maehroboter-reinigungsspray\/#breadcrumb","itemListElement":[{"@type":"ListItem","position":1,"name":"Startseite","item":"https:\/\/www.alfred-scheerer.de\/shop\/"},{"@type":"ListItem","position":2,"name":"Gartentechnik Scheerer &#8211; Der Online Shop f\u00fcr M\u00e4hroboter und Zubeh\u00f6r","item":"https:\/\/www.alfred-scheerer.de\/shop\/"},{"@type":"ListItem","position":3,"name":"M\u00e4hroboter Reinigungs-Spray, 500 ml"}]},{"@type":"WebSite","@id":"https:\/\/www.alfred-scheerer.de\/shop\/#website","url":"https:\/\/www.alfred-scheerer.de\/shop\/","name":"Scheerer GmbH (ehem. Alfred Scheerer e.K.)","description":"Der Online Shop aus Wermelskirchen f\u00fcr M\u00e4hroboter, Akku Gartenger\u00e4te, Ersatzteile und Zubeh\u00f6r","publisher":{"@id":"https:\/\/www.alfred-scheerer.de\/shop\/#organization"},"potentialAction":[{"@type":"SearchAction","target":{"@type":"EntryPoint","urlTemplate":"https:\/\/www.alfred-scheerer.de\/shop\/?s={search_term_string}"},"query-input":{"@type":"PropertyValueSpecification","valueRequired":true,"valueName":"search_term_string"}}],"inLanguage":"de"},{"@type":"Organization","@id":"https:\/\/www.alfred-scheerer.de\/shop\/#organization","name":"Scheerer GmbH","url":"https:\/\/www.alfred-scheerer.de\/shop\/","logo":{"@type":"ImageObject","inLanguage":"de","@id":"https:\/\/www.alfred-scheerer.de\/shop\/#\/schema\/logo\/image\/","url":"https:\/\/alfred-scheerer.de\/shop\/wp-content\/uploads\/2024\/05\/baum.jpg","contentUrl":"https:\/\/alfred-scheerer.de\/shop\/wp-content\/uploads\/2024\/05\/baum.jpg","width":512,"height":512,"caption":"Scheerer GmbH"},"image":{"@id":"https:\/\/www.alfred-scheerer.de\/shop\/#\/schema\/logo\/image\/"},"sameAs":["https:\/\/www.instagram.com\/alfredscheerer\/"]}]}},"_links":{"self":[{"href":"https:\/\/www.alfred-scheerer.de\/shop\/wp-json\/wp\/v2\/product\/13760","targetHints":{"allow":["GET"]}}],"collection":[{"href":"https:\/\/www.alfred-scheerer.de\/shop\/wp-json\/wp\/v2\/product"}],"about":[{"href":"https:\/\/www.alfred-scheerer.de\/shop\/wp-json\/wp\/v2\/types\/product"}],"wp:featuredmedia":[{"embeddable":true,"href":"https:\/\/www.alfred-scheerer.de\/shop\/wp-json\/wp\/v2\/media\/13766"}],"wp:attachment":[{"href":"https:\/\/www.alfred-scheerer.de\/shop\/wp-json\/wp\/v2\/media?parent=13760"}],"wp:term":[{"taxonomy":"product_brand","embeddable":true,"href":"https:\/\/www.alfred-scheerer.de\/shop\/wp-json\/wp\/v2\/product_brand?post=13760"},{"taxonomy":"product_cat","embeddable":true,"href":"https:\/\/www.alfred-scheerer.de\/shop\/wp-json\/wp\/v2\/product_cat?post=13760"},{"taxonomy":"product_tag","embeddable":true,"href":"https:\/\/www.alfred-scheerer.de\/shop\/wp-json\/wp\/v2\/product_tag?post=13760"}],"curies":[{"name":"wp","href":"https:\/\/api.w.org\/{rel}","templated":true}]}}