{"id":14418,"date":"2026-03-10T11:24:39","date_gmt":"2026-03-10T10:24:39","guid":{"rendered":"https:\/\/www.alfred-scheerer.de\/shop\/?post_type=product&#038;p=14418"},"modified":"2026-04-09T08:07:44","modified_gmt":"2026-04-09T06:07:44","slug":"akku-252v-294v-23-ah-25-ah-34-ah-ambrogio-wiper-zcs-075z01300a-stiga-1126-9137-01-nachbauteil","status":"publish","type":"product","link":"https:\/\/www.alfred-scheerer.de\/shop\/product\/akku-252v-294v-23-ah-25-ah-34-ah-ambrogio-wiper-zcs-075z01300a-stiga-1126-9137-01-nachbauteil\/","title":{"rendered":"Akku 25,2V 29,4V &#8211; 2,3 Ah 2,5 Ah 3,4 Ah Ambrogio Wiper ZCS 075Z01300A Stiga 1126-9137-01 Nachbauteil"},"content":{"rendered":"<p>Nachbau Akku 25,2 V (29,4 V max.) 3,4 Ah (3400mAh) \u2013 85 Wh<br \/>\nPassend als Ersatz f\u00fcr Akku 2,3 Ah (2300 mAh) u. 2,5 Ah (2500 mAh)<br \/>\nJe nach Modell k\u00f6nnen ein bis drei Akkus im Ger\u00e4t verbaut sein.<\/p>\n<p>passend f\u00fcr:<br \/>\nAmbrogio: L30, L32, L35, L50, L60<br \/>\nWiper: Ciiky, C6, C8, C12, C20, C80, C120, C180<br \/>\nStiga: M3, M5, M7, 125, 127, 221, 221, 223, 225S, 228S, 230S<\/p>\n<p>Referenznummer:<br \/>\nAmbrogio Wiper ZCS: 075Z01300A, 075Z61700A_R<br \/>\nStiga: 1126-9137-01<\/p>\n","protected":false},"excerpt":{"rendered":"<p>Nachbau Akku 25,2 V (29,4 V max.) 3,4 Ah (3400mAh) \u2013 85 Wh<br \/>\nPassend als Ersatz f\u00fcr Akku 2,3 Ah (2300 mAh) u. 2,5 Ah (2500 mAh)<br \/>\nJe nach Modell k\u00f6nnen ein bis drei Akkus im Ger\u00e4t verbaut sein.<\/p>\n<p>passend f\u00fcr:<br \/>\nAmbrogio: L30, L32, L35, L50, L60<br \/>\nWiper: Ciiky, C6, C8, C12, C20, C80, C120, C180<br \/>\nStiga: M3, M5, M7, 125, 127, 221, 221, 223, 225S, 228S, 230S<\/p>\n<p>Referenznummer:<br \/>\nAmbrogio Wiper ZCS: 075Z01300A, 075Z61700A_R<br \/>\nStiga: 1126-9137-01<\/p>\n","protected":false},"featured_media":6019,"template":"","meta":[],"product_brand":[],"product_cat":[312,94,96,97,108,179,306],"product_tag":[1144,1065,1152,1068,1168,1070,1169,1071,1170,1072,1171,1073,1172,1140,1410,1141,1142,1143],"class_list":{"0":"post-14418","1":"product","2":"type-product","3":"status-publish","4":"has-post-thumbnail","6":"product_cat-wiper-ersatzteile-zubehoer","7":"product_cat-ambrogio-ersatzteile-zubehoer","8":"product_cat-ambrogio-l30-ersatzteile-zubehoer","9":"product_cat-l50-l60","10":"product_cat-stiga-ersatzteile-zubehoer","11":"product_cat-l35","12":"product_cat-l32","13":"product_tag-l32-akku","14":"product_tag-ambrogio-akku","15":"product_tag-l35-akku","16":"product_tag-ambrogio-batterie","17":"product_tag-ambrogio-2-5-ah","18":"product_tag-wiper-akku","19":"product_tag-ambrogio-2-5ah","20":"product_tag-wiper-batterie","21":"product_tag-wiper-2-5-ah","22":"product_tag-techline-akku","23":"product_tag-wiper-2-5ah","24":"product_tag-techline-batterie","25":"product_tag-stiga-batterie","26":"product_tag-075z01300a","27":"product_tag-075z61700a_r","28":"product_tag-1126-9137-01","29":"product_tag-stiga-akku","30":"product_tag-l30-akku","32":"first","33":"instock","34":"taxable","35":"shipping-taxable","36":"purchasable","37":"product-type-simple"},"yoast_head":"<!-- This site is optimized with the Yoast SEO plugin v27.4 - https:\/\/yoast.com\/product\/yoast-seo-wordpress\/ -->\n<title>Akku 25,2V 29,4V - 2,3 Ah 2,5 Ah 3,4 Ah Ambrogio Wiper ZCS 075Z01300A Stiga 1126-9137-01 Nachbauteil - Gartentechnik Scheerer<\/title>\n<meta name=\"description\" content=\"Akku Ersatzakku Batterie Ambrogio L30, L32, L35, L50, L60 - Wiper Ciiky, C6, C8 ,C12, C20, C80, C120, C180 - Stiga M3, M5, M7, 125, 127, 221, 221, 223, 225S, 228S, 230S 075Z61700A_R 075Z01300A\" \/>\n<meta name=\"robots\" content=\"index, follow, max-snippet:-1, max-image-preview:large, max-video-preview:-1\" \/>\n<link rel=\"canonical\" href=\"https:\/\/www.alfred-scheerer.de\/shop\/product\/akku-252v-294v-23-ah-25-ah-34-ah-ambrogio-wiper-zcs-075z01300a-stiga-1126-9137-01-nachbauteil\/\" \/>\n<meta property=\"og:locale\" content=\"de_DE\" \/>\n<meta property=\"og:type\" content=\"article\" \/>\n<meta property=\"og:title\" content=\"Akku 25,2V 29,4V - 2,3 Ah 2,5 Ah 3,4 Ah Ambrogio Wiper ZCS 075Z01300A Stiga 1126-9137-01 Nachbauteil - Gartentechnik Scheerer\" \/>\n<meta property=\"og:description\" content=\"Akku Ersatzakku Batterie Ambrogio L30, L32, L35, L50, L60 - Wiper Ciiky, C6, C8 ,C12, C20, C80, C120, C180 - Stiga M3, M5, M7, 125, 127, 221, 221, 223, 225S, 228S, 230S 075Z61700A_R 075Z01300A\" \/>\n<meta property=\"og:url\" content=\"https:\/\/www.alfred-scheerer.de\/shop\/product\/akku-252v-294v-23-ah-25-ah-34-ah-ambrogio-wiper-zcs-075z01300a-stiga-1126-9137-01-nachbauteil\/\" \/>\n<meta property=\"og:site_name\" content=\"Gartentechnik Scheerer\" \/>\n<meta property=\"article:modified_time\" content=\"2026-04-09T06:07:44+00:00\" \/>\n<meta property=\"og:image\" content=\"https:\/\/www.alfred-scheerer.de\/shop\/wp-content\/uploads\/2022\/05\/Akku-CS-ABL310VX-3.jpg\" \/>\n\t<meta property=\"og:image:width\" content=\"800\" \/>\n\t<meta property=\"og:image:height\" content=\"800\" \/>\n\t<meta property=\"og:image:type\" content=\"image\/jpeg\" \/>\n<meta name=\"twitter:card\" content=\"summary_large_image\" \/>\n<script type=\"application\/ld+json\" class=\"yoast-schema-graph\">{\"@context\":\"https:\\\/\\\/schema.org\",\"@graph\":[{\"@type\":\"WebPage\",\"@id\":\"https:\\\/\\\/www.alfred-scheerer.de\\\/shop\\\/product\\\/akku-252v-294v-23-ah-25-ah-34-ah-ambrogio-wiper-zcs-075z01300a-stiga-1126-9137-01-nachbauteil\\\/\",\"url\":\"https:\\\/\\\/www.alfred-scheerer.de\\\/shop\\\/product\\\/akku-252v-294v-23-ah-25-ah-34-ah-ambrogio-wiper-zcs-075z01300a-stiga-1126-9137-01-nachbauteil\\\/\",\"name\":\"Akku 25,2V 29,4V - 2,3 Ah 2,5 Ah 3,4 Ah Ambrogio Wiper ZCS 075Z01300A Stiga 1126-9137-01 Nachbauteil - Gartentechnik Scheerer\",\"isPartOf\":{\"@id\":\"https:\\\/\\\/www.alfred-scheerer.de\\\/shop\\\/#website\"},\"primaryImageOfPage\":{\"@id\":\"https:\\\/\\\/www.alfred-scheerer.de\\\/shop\\\/product\\\/akku-252v-294v-23-ah-25-ah-34-ah-ambrogio-wiper-zcs-075z01300a-stiga-1126-9137-01-nachbauteil\\\/#primaryimage\"},\"image\":{\"@id\":\"https:\\\/\\\/www.alfred-scheerer.de\\\/shop\\\/product\\\/akku-252v-294v-23-ah-25-ah-34-ah-ambrogio-wiper-zcs-075z01300a-stiga-1126-9137-01-nachbauteil\\\/#primaryimage\"},\"thumbnailUrl\":\"https:\\\/\\\/www.alfred-scheerer.de\\\/shop\\\/wp-content\\\/uploads\\\/2022\\\/05\\\/Akku-CS-ABL310VX-3.jpg\",\"datePublished\":\"2026-03-10T10:24:39+00:00\",\"dateModified\":\"2026-04-09T06:07:44+00:00\",\"description\":\"Akku Ersatzakku Batterie Ambrogio L30, L32, L35, L50, L60 - Wiper Ciiky, C6, C8 ,C12, C20, C80, C120, C180 - Stiga M3, M5, M7, 125, 127, 221, 221, 223, 225S, 228S, 230S 075Z61700A_R 075Z01300A\",\"breadcrumb\":{\"@id\":\"https:\\\/\\\/www.alfred-scheerer.de\\\/shop\\\/product\\\/akku-252v-294v-23-ah-25-ah-34-ah-ambrogio-wiper-zcs-075z01300a-stiga-1126-9137-01-nachbauteil\\\/#breadcrumb\"},\"inLanguage\":\"de\",\"potentialAction\":[{\"@type\":\"ReadAction\",\"target\":[\"https:\\\/\\\/www.alfred-scheerer.de\\\/shop\\\/product\\\/akku-252v-294v-23-ah-25-ah-34-ah-ambrogio-wiper-zcs-075z01300a-stiga-1126-9137-01-nachbauteil\\\/\"]}]},{\"@type\":\"ImageObject\",\"inLanguage\":\"de\",\"@id\":\"https:\\\/\\\/www.alfred-scheerer.de\\\/shop\\\/product\\\/akku-252v-294v-23-ah-25-ah-34-ah-ambrogio-wiper-zcs-075z01300a-stiga-1126-9137-01-nachbauteil\\\/#primaryimage\",\"url\":\"https:\\\/\\\/www.alfred-scheerer.de\\\/shop\\\/wp-content\\\/uploads\\\/2022\\\/05\\\/Akku-CS-ABL310VX-3.jpg\",\"contentUrl\":\"https:\\\/\\\/www.alfred-scheerer.de\\\/shop\\\/wp-content\\\/uploads\\\/2022\\\/05\\\/Akku-CS-ABL310VX-3.jpg\",\"width\":800,\"height\":800},{\"@type\":\"BreadcrumbList\",\"@id\":\"https:\\\/\\\/www.alfred-scheerer.de\\\/shop\\\/product\\\/akku-252v-294v-23-ah-25-ah-34-ah-ambrogio-wiper-zcs-075z01300a-stiga-1126-9137-01-nachbauteil\\\/#breadcrumb\",\"itemListElement\":[{\"@type\":\"ListItem\",\"position\":1,\"name\":\"Startseite\",\"item\":\"https:\\\/\\\/www.alfred-scheerer.de\\\/shop\\\/\"},{\"@type\":\"ListItem\",\"position\":2,\"name\":\"Gartentechnik Scheerer &#8211; Der Online Shop f\u00fcr M\u00e4hroboter und Zubeh\u00f6r\",\"item\":\"https:\\\/\\\/www.alfred-scheerer.de\\\/shop\\\/\"},{\"@type\":\"ListItem\",\"position\":3,\"name\":\"Akku 25,2V 29,4V &#8211; 2,3 Ah 2,5 Ah 3,4 Ah Ambrogio Wiper ZCS 075Z01300A Stiga 1126-9137-01 Nachbauteil\"}]},{\"@type\":\"WebSite\",\"@id\":\"https:\\\/\\\/www.alfred-scheerer.de\\\/shop\\\/#website\",\"url\":\"https:\\\/\\\/www.alfred-scheerer.de\\\/shop\\\/\",\"name\":\"Scheerer GmbH (ehem. Alfred Scheerer e.K.)\",\"description\":\"Der Online Shop aus Wermelskirchen f\u00fcr M\u00e4hroboter, Akku Gartenger\u00e4te, Ersatzteile und Zubeh\u00f6r\",\"publisher\":{\"@id\":\"https:\\\/\\\/www.alfred-scheerer.de\\\/shop\\\/#organization\"},\"potentialAction\":[{\"@type\":\"SearchAction\",\"target\":{\"@type\":\"EntryPoint\",\"urlTemplate\":\"https:\\\/\\\/www.alfred-scheerer.de\\\/shop\\\/?s={search_term_string}\"},\"query-input\":{\"@type\":\"PropertyValueSpecification\",\"valueRequired\":true,\"valueName\":\"search_term_string\"}}],\"inLanguage\":\"de\"},{\"@type\":\"Organization\",\"@id\":\"https:\\\/\\\/www.alfred-scheerer.de\\\/shop\\\/#organization\",\"name\":\"Scheerer GmbH\",\"url\":\"https:\\\/\\\/www.alfred-scheerer.de\\\/shop\\\/\",\"logo\":{\"@type\":\"ImageObject\",\"inLanguage\":\"de\",\"@id\":\"https:\\\/\\\/www.alfred-scheerer.de\\\/shop\\\/#\\\/schema\\\/logo\\\/image\\\/\",\"url\":\"https:\\\/\\\/alfred-scheerer.de\\\/shop\\\/wp-content\\\/uploads\\\/2024\\\/05\\\/baum.jpg\",\"contentUrl\":\"https:\\\/\\\/alfred-scheerer.de\\\/shop\\\/wp-content\\\/uploads\\\/2024\\\/05\\\/baum.jpg\",\"width\":512,\"height\":512,\"caption\":\"Scheerer GmbH\"},\"image\":{\"@id\":\"https:\\\/\\\/www.alfred-scheerer.de\\\/shop\\\/#\\\/schema\\\/logo\\\/image\\\/\"},\"sameAs\":[\"https:\\\/\\\/www.instagram.com\\\/alfredscheerer\\\/\"]}]}<\/script>\n<!-- \/ Yoast SEO plugin. -->","yoast_head_json":{"title":"Akku 25,2V 29,4V - 2,3 Ah 2,5 Ah 3,4 Ah Ambrogio Wiper ZCS 075Z01300A Stiga 1126-9137-01 Nachbauteil - Gartentechnik Scheerer","description":"Akku Ersatzakku Batterie Ambrogio L30, L32, L35, L50, L60 - Wiper Ciiky, C6, C8 ,C12, C20, C80, C120, C180 - Stiga M3, M5, M7, 125, 127, 221, 221, 223, 225S, 228S, 230S 075Z61700A_R 075Z01300A","robots":{"index":"index","follow":"follow","max-snippet":"max-snippet:-1","max-image-preview":"max-image-preview:large","max-video-preview":"max-video-preview:-1"},"canonical":"https:\/\/www.alfred-scheerer.de\/shop\/product\/akku-252v-294v-23-ah-25-ah-34-ah-ambrogio-wiper-zcs-075z01300a-stiga-1126-9137-01-nachbauteil\/","og_locale":"de_DE","og_type":"article","og_title":"Akku 25,2V 29,4V - 2,3 Ah 2,5 Ah 3,4 Ah Ambrogio Wiper ZCS 075Z01300A Stiga 1126-9137-01 Nachbauteil - Gartentechnik Scheerer","og_description":"Akku Ersatzakku Batterie Ambrogio L30, L32, L35, L50, L60 - Wiper Ciiky, C6, C8 ,C12, C20, C80, C120, C180 - Stiga M3, M5, M7, 125, 127, 221, 221, 223, 225S, 228S, 230S 075Z61700A_R 075Z01300A","og_url":"https:\/\/www.alfred-scheerer.de\/shop\/product\/akku-252v-294v-23-ah-25-ah-34-ah-ambrogio-wiper-zcs-075z01300a-stiga-1126-9137-01-nachbauteil\/","og_site_name":"Gartentechnik Scheerer","article_modified_time":"2026-04-09T06:07:44+00:00","og_image":[{"width":800,"height":800,"url":"https:\/\/www.alfred-scheerer.de\/shop\/wp-content\/uploads\/2022\/05\/Akku-CS-ABL310VX-3.jpg","type":"image\/jpeg"}],"twitter_card":"summary_large_image","schema":{"@context":"https:\/\/schema.org","@graph":[{"@type":"WebPage","@id":"https:\/\/www.alfred-scheerer.de\/shop\/product\/akku-252v-294v-23-ah-25-ah-34-ah-ambrogio-wiper-zcs-075z01300a-stiga-1126-9137-01-nachbauteil\/","url":"https:\/\/www.alfred-scheerer.de\/shop\/product\/akku-252v-294v-23-ah-25-ah-34-ah-ambrogio-wiper-zcs-075z01300a-stiga-1126-9137-01-nachbauteil\/","name":"Akku 25,2V 29,4V - 2,3 Ah 2,5 Ah 3,4 Ah Ambrogio Wiper ZCS 075Z01300A Stiga 1126-9137-01 Nachbauteil - Gartentechnik Scheerer","isPartOf":{"@id":"https:\/\/www.alfred-scheerer.de\/shop\/#website"},"primaryImageOfPage":{"@id":"https:\/\/www.alfred-scheerer.de\/shop\/product\/akku-252v-294v-23-ah-25-ah-34-ah-ambrogio-wiper-zcs-075z01300a-stiga-1126-9137-01-nachbauteil\/#primaryimage"},"image":{"@id":"https:\/\/www.alfred-scheerer.de\/shop\/product\/akku-252v-294v-23-ah-25-ah-34-ah-ambrogio-wiper-zcs-075z01300a-stiga-1126-9137-01-nachbauteil\/#primaryimage"},"thumbnailUrl":"https:\/\/www.alfred-scheerer.de\/shop\/wp-content\/uploads\/2022\/05\/Akku-CS-ABL310VX-3.jpg","datePublished":"2026-03-10T10:24:39+00:00","dateModified":"2026-04-09T06:07:44+00:00","description":"Akku Ersatzakku Batterie Ambrogio L30, L32, L35, L50, L60 - Wiper Ciiky, C6, C8 ,C12, C20, C80, C120, C180 - Stiga M3, M5, M7, 125, 127, 221, 221, 223, 225S, 228S, 230S 075Z61700A_R 075Z01300A","breadcrumb":{"@id":"https:\/\/www.alfred-scheerer.de\/shop\/product\/akku-252v-294v-23-ah-25-ah-34-ah-ambrogio-wiper-zcs-075z01300a-stiga-1126-9137-01-nachbauteil\/#breadcrumb"},"inLanguage":"de","potentialAction":[{"@type":"ReadAction","target":["https:\/\/www.alfred-scheerer.de\/shop\/product\/akku-252v-294v-23-ah-25-ah-34-ah-ambrogio-wiper-zcs-075z01300a-stiga-1126-9137-01-nachbauteil\/"]}]},{"@type":"ImageObject","inLanguage":"de","@id":"https:\/\/www.alfred-scheerer.de\/shop\/product\/akku-252v-294v-23-ah-25-ah-34-ah-ambrogio-wiper-zcs-075z01300a-stiga-1126-9137-01-nachbauteil\/#primaryimage","url":"https:\/\/www.alfred-scheerer.de\/shop\/wp-content\/uploads\/2022\/05\/Akku-CS-ABL310VX-3.jpg","contentUrl":"https:\/\/www.alfred-scheerer.de\/shop\/wp-content\/uploads\/2022\/05\/Akku-CS-ABL310VX-3.jpg","width":800,"height":800},{"@type":"BreadcrumbList","@id":"https:\/\/www.alfred-scheerer.de\/shop\/product\/akku-252v-294v-23-ah-25-ah-34-ah-ambrogio-wiper-zcs-075z01300a-stiga-1126-9137-01-nachbauteil\/#breadcrumb","itemListElement":[{"@type":"ListItem","position":1,"name":"Startseite","item":"https:\/\/www.alfred-scheerer.de\/shop\/"},{"@type":"ListItem","position":2,"name":"Gartentechnik Scheerer &#8211; Der Online Shop f\u00fcr M\u00e4hroboter und Zubeh\u00f6r","item":"https:\/\/www.alfred-scheerer.de\/shop\/"},{"@type":"ListItem","position":3,"name":"Akku 25,2V 29,4V &#8211; 2,3 Ah 2,5 Ah 3,4 Ah Ambrogio Wiper ZCS 075Z01300A Stiga 1126-9137-01 Nachbauteil"}]},{"@type":"WebSite","@id":"https:\/\/www.alfred-scheerer.de\/shop\/#website","url":"https:\/\/www.alfred-scheerer.de\/shop\/","name":"Scheerer GmbH (ehem. Alfred Scheerer e.K.)","description":"Der Online Shop aus Wermelskirchen f\u00fcr M\u00e4hroboter, Akku Gartenger\u00e4te, Ersatzteile und Zubeh\u00f6r","publisher":{"@id":"https:\/\/www.alfred-scheerer.de\/shop\/#organization"},"potentialAction":[{"@type":"SearchAction","target":{"@type":"EntryPoint","urlTemplate":"https:\/\/www.alfred-scheerer.de\/shop\/?s={search_term_string}"},"query-input":{"@type":"PropertyValueSpecification","valueRequired":true,"valueName":"search_term_string"}}],"inLanguage":"de"},{"@type":"Organization","@id":"https:\/\/www.alfred-scheerer.de\/shop\/#organization","name":"Scheerer GmbH","url":"https:\/\/www.alfred-scheerer.de\/shop\/","logo":{"@type":"ImageObject","inLanguage":"de","@id":"https:\/\/www.alfred-scheerer.de\/shop\/#\/schema\/logo\/image\/","url":"https:\/\/alfred-scheerer.de\/shop\/wp-content\/uploads\/2024\/05\/baum.jpg","contentUrl":"https:\/\/alfred-scheerer.de\/shop\/wp-content\/uploads\/2024\/05\/baum.jpg","width":512,"height":512,"caption":"Scheerer GmbH"},"image":{"@id":"https:\/\/www.alfred-scheerer.de\/shop\/#\/schema\/logo\/image\/"},"sameAs":["https:\/\/www.instagram.com\/alfredscheerer\/"]}]}},"_links":{"self":[{"href":"https:\/\/www.alfred-scheerer.de\/shop\/wp-json\/wp\/v2\/product\/14418","targetHints":{"allow":["GET"]}}],"collection":[{"href":"https:\/\/www.alfred-scheerer.de\/shop\/wp-json\/wp\/v2\/product"}],"about":[{"href":"https:\/\/www.alfred-scheerer.de\/shop\/wp-json\/wp\/v2\/types\/product"}],"wp:featuredmedia":[{"embeddable":true,"href":"https:\/\/www.alfred-scheerer.de\/shop\/wp-json\/wp\/v2\/media\/6019"}],"wp:attachment":[{"href":"https:\/\/www.alfred-scheerer.de\/shop\/wp-json\/wp\/v2\/media?parent=14418"}],"wp:term":[{"taxonomy":"product_brand","embeddable":true,"href":"https:\/\/www.alfred-scheerer.de\/shop\/wp-json\/wp\/v2\/product_brand?post=14418"},{"taxonomy":"product_cat","embeddable":true,"href":"https:\/\/www.alfred-scheerer.de\/shop\/wp-json\/wp\/v2\/product_cat?post=14418"},{"taxonomy":"product_tag","embeddable":true,"href":"https:\/\/www.alfred-scheerer.de\/shop\/wp-json\/wp\/v2\/product_tag?post=14418"}],"curies":[{"name":"wp","href":"https:\/\/api.w.org\/{rel}","templated":true}]}}