{"id":3540,"date":"2020-04-27T14:26:04","date_gmt":"2020-04-27T12:26:04","guid":{"rendered":"http:\/\/alfred-scheerer.de\/shop\/?post_type=product&#038;p=3540"},"modified":"2025-08-21T18:20:28","modified_gmt":"2025-08-21T16:20:28","slug":"installtions-kit-s","status":"publish","type":"product","link":"https:\/\/www.alfred-scheerer.de\/shop\/product\/installtions-kit-s\/","title":{"rendered":"Installations-Kit S bis 400 m\u00b2, 100 m Kabel, 100 N\u00e4gel, 5 Verbinder"},"content":{"rendered":"<h2>Installations-Kit S \u2013 F\u00fcr kleine und komplexe Rasenfl\u00e4chen<\/h2>\n<h2><\/h2>\n<p data-start=\"203\" data-end=\"410\">Das Installations-Kit S M\u00e4hroboter bietet alles, was du f\u00fcr die Einrichtung deines M\u00e4hroboters ben\u00f6tigst. Ideal geeignet f\u00fcr einfache Rasenfl\u00e4chen bis 400 m\u00b2 oder komplexe G\u00e4rten mit vielen Ecken und Kanten bis 250 m\u00b2.<\/p>\n<p data-start=\"412\" data-end=\"429\"><strong data-start=\"412\" data-end=\"429\">Lieferumfang:<\/strong><\/p>\n<ul>\n<li data-start=\"432\" data-end=\"456\">100 m Begrenzungskabel<\/li>\n<li data-start=\"459\" data-end=\"488\">100 St\u00fcck Befestigungsn\u00e4gel<\/li>\n<li data-start=\"491\" data-end=\"521\">5 St\u00fcck 3M 314 Gel-Verbinder<\/li>\n<\/ul>\n<p data-start=\"523\" data-end=\"672\">Dank der hochwertigen Komponenten ist eine schnelle, sichere und dauerhafte Verlegung gew\u00e4hrleistet \u2013 f\u00fcr zuverl\u00e4ssigen M\u00e4hbetrieb vom ersten Tag an.<\/p>\n<p><strong>ausreichend f\u00fcr:<\/strong><br \/>\neinfache Rasenfl\u00e4chen bis 400 m\u00b2<br \/>\nkomplexe Rasenfl\u00e4chen bis 250 m\u00b2<\/p>\n","protected":false},"excerpt":{"rendered":"<p>Komplettes Installations-Kit S zur Verlegung des Begrenzungskabels \u2013 ideal f\u00fcr M\u00e4hfl\u00e4chen bis 400 m\u00b2. Inkl. Kabel, N\u00e4gel &amp; Gel-Verbinder.<\/p>\n<p><strong>ausreichend f\u00fcr:<\/strong><br \/>\neinfache Rasenfl\u00e4chen bis 400 m\u00b2<br \/>\nkomplexe Rasenfl\u00e4chen bis 250 m\u00b2<\/p>\n","protected":false},"featured_media":11621,"template":"","meta":[],"product_brand":[],"product_cat":[308,876],"product_tag":[891,892,899,900,880,901,881,902,882,883,888,889,890],"class_list":{"0":"post-3540","1":"product","2":"type-product","3":"status-publish","4":"has-post-thumbnail","6":"product_cat-installation-kits","7":"product_cat-installations-kits","8":"product_tag-rasenroboter-kabel","9":"product_tag-randkabel","10":"product_tag-maehroboter-installation","11":"product_tag-rasenroboter-installation","12":"product_tag-kabel-nagel","13":"product_tag-maehroboter-installieren","14":"product_tag-rasennagel","15":"product_tag-rasenroboter-installieren","16":"product_tag-kunststoffnagel","17":"product_tag-nagel-begrenzungskabel","18":"product_tag-begrenzungskabel","19":"product_tag-perimeterkabel","20":"product_tag-maehroboter-kabel","22":"first","23":"instock","24":"sale","25":"taxable","26":"shipping-taxable","27":"purchasable","28":"product-type-woosb"},"yoast_head":"<!-- This site is optimized with the Yoast SEO plugin v27.4 - https:\/\/yoast.com\/product\/yoast-seo-wordpress\/ -->\n<title>Installations-Kit S M\u00e4hroboter f\u00fcr bis 400 m\u00b2 - Hier kaufen!<\/title>\n<meta name=\"description\" content=\"Installations-Kit S f\u00fcr M\u00e4hroboter: Ideal f\u00fcr Rasenfl\u00e4chen bis 400 m\u00b2. Inkl. Begrenzungskabel, N\u00e4gel &amp; 3M-Verbinder. Jetzt online bestellen!\" \/>\n<meta name=\"robots\" content=\"index, follow, max-snippet:-1, max-image-preview:large, max-video-preview:-1\" \/>\n<link rel=\"canonical\" href=\"https:\/\/www.alfred-scheerer.de\/shop\/product\/installtions-kit-s\/\" \/>\n<meta property=\"og:locale\" content=\"de_DE\" \/>\n<meta property=\"og:type\" content=\"article\" \/>\n<meta property=\"og:title\" content=\"Installations-Kit S M\u00e4hroboter f\u00fcr bis 400 m\u00b2 - Hier kaufen!\" \/>\n<meta property=\"og:description\" content=\"Installations-Kit S f\u00fcr M\u00e4hroboter: Ideal f\u00fcr Rasenfl\u00e4chen bis 400 m\u00b2. Inkl. Begrenzungskabel, N\u00e4gel &amp; 3M-Verbinder. Jetzt online bestellen!\" \/>\n<meta property=\"og:url\" content=\"https:\/\/www.alfred-scheerer.de\/shop\/product\/installtions-kit-s\/\" \/>\n<meta property=\"og:site_name\" content=\"Gartentechnik Scheerer\" \/>\n<meta property=\"article:modified_time\" content=\"2025-08-21T16:20:28+00:00\" \/>\n<meta property=\"og:image\" content=\"https:\/\/www.alfred-scheerer.de\/shop\/wp-content\/uploads\/2020\/04\/Installations_kit_kabel.jpg\" \/>\n\t<meta property=\"og:image:width\" content=\"800\" \/>\n\t<meta property=\"og:image:height\" content=\"800\" \/>\n\t<meta property=\"og:image:type\" content=\"image\/jpeg\" \/>\n<meta name=\"twitter:card\" content=\"summary_large_image\" \/>\n<script type=\"application\/ld+json\" class=\"yoast-schema-graph\">{\"@context\":\"https:\\\/\\\/schema.org\",\"@graph\":[{\"@type\":\"WebPage\",\"@id\":\"https:\\\/\\\/www.alfred-scheerer.de\\\/shop\\\/product\\\/installtions-kit-s\\\/\",\"url\":\"https:\\\/\\\/www.alfred-scheerer.de\\\/shop\\\/product\\\/installtions-kit-s\\\/\",\"name\":\"Installations-Kit S M\u00e4hroboter f\u00fcr bis 400 m\u00b2 - Hier kaufen!\",\"isPartOf\":{\"@id\":\"https:\\\/\\\/www.alfred-scheerer.de\\\/shop\\\/#website\"},\"primaryImageOfPage\":{\"@id\":\"https:\\\/\\\/www.alfred-scheerer.de\\\/shop\\\/product\\\/installtions-kit-s\\\/#primaryimage\"},\"image\":{\"@id\":\"https:\\\/\\\/www.alfred-scheerer.de\\\/shop\\\/product\\\/installtions-kit-s\\\/#primaryimage\"},\"thumbnailUrl\":\"https:\\\/\\\/www.alfred-scheerer.de\\\/shop\\\/wp-content\\\/uploads\\\/2020\\\/04\\\/Installations_kit_kabel.jpg\",\"datePublished\":\"2020-04-27T12:26:04+00:00\",\"dateModified\":\"2025-08-21T16:20:28+00:00\",\"description\":\"Installations-Kit S f\u00fcr M\u00e4hroboter: Ideal f\u00fcr Rasenfl\u00e4chen bis 400 m\u00b2. Inkl. Begrenzungskabel, N\u00e4gel & 3M-Verbinder. Jetzt online bestellen!\",\"breadcrumb\":{\"@id\":\"https:\\\/\\\/www.alfred-scheerer.de\\\/shop\\\/product\\\/installtions-kit-s\\\/#breadcrumb\"},\"inLanguage\":\"de\",\"potentialAction\":[{\"@type\":\"ReadAction\",\"target\":[\"https:\\\/\\\/www.alfred-scheerer.de\\\/shop\\\/product\\\/installtions-kit-s\\\/\"]}]},{\"@type\":\"ImageObject\",\"inLanguage\":\"de\",\"@id\":\"https:\\\/\\\/www.alfred-scheerer.de\\\/shop\\\/product\\\/installtions-kit-s\\\/#primaryimage\",\"url\":\"https:\\\/\\\/www.alfred-scheerer.de\\\/shop\\\/wp-content\\\/uploads\\\/2020\\\/04\\\/Installations_kit_kabel.jpg\",\"contentUrl\":\"https:\\\/\\\/www.alfred-scheerer.de\\\/shop\\\/wp-content\\\/uploads\\\/2020\\\/04\\\/Installations_kit_kabel.jpg\",\"width\":800,\"height\":800},{\"@type\":\"BreadcrumbList\",\"@id\":\"https:\\\/\\\/www.alfred-scheerer.de\\\/shop\\\/product\\\/installtions-kit-s\\\/#breadcrumb\",\"itemListElement\":[{\"@type\":\"ListItem\",\"position\":1,\"name\":\"Startseite\",\"item\":\"https:\\\/\\\/www.alfred-scheerer.de\\\/shop\\\/\"},{\"@type\":\"ListItem\",\"position\":2,\"name\":\"Gartentechnik Scheerer &#8211; Der Online Shop f\u00fcr M\u00e4hroboter und Zubeh\u00f6r\",\"item\":\"https:\\\/\\\/www.alfred-scheerer.de\\\/shop\\\/\"},{\"@type\":\"ListItem\",\"position\":3,\"name\":\"Installations-Kit S bis 400 m\u00b2, 100 m Kabel, 100 N\u00e4gel, 5 Verbinder\"}]},{\"@type\":\"WebSite\",\"@id\":\"https:\\\/\\\/www.alfred-scheerer.de\\\/shop\\\/#website\",\"url\":\"https:\\\/\\\/www.alfred-scheerer.de\\\/shop\\\/\",\"name\":\"Scheerer GmbH (ehem. Alfred Scheerer e.K.)\",\"description\":\"Der Online Shop aus Wermelskirchen f\u00fcr M\u00e4hroboter, Akku Gartenger\u00e4te, Ersatzteile und Zubeh\u00f6r\",\"publisher\":{\"@id\":\"https:\\\/\\\/www.alfred-scheerer.de\\\/shop\\\/#organization\"},\"potentialAction\":[{\"@type\":\"SearchAction\",\"target\":{\"@type\":\"EntryPoint\",\"urlTemplate\":\"https:\\\/\\\/www.alfred-scheerer.de\\\/shop\\\/?s={search_term_string}\"},\"query-input\":{\"@type\":\"PropertyValueSpecification\",\"valueRequired\":true,\"valueName\":\"search_term_string\"}}],\"inLanguage\":\"de\"},{\"@type\":\"Organization\",\"@id\":\"https:\\\/\\\/www.alfred-scheerer.de\\\/shop\\\/#organization\",\"name\":\"Scheerer GmbH\",\"url\":\"https:\\\/\\\/www.alfred-scheerer.de\\\/shop\\\/\",\"logo\":{\"@type\":\"ImageObject\",\"inLanguage\":\"de\",\"@id\":\"https:\\\/\\\/www.alfred-scheerer.de\\\/shop\\\/#\\\/schema\\\/logo\\\/image\\\/\",\"url\":\"https:\\\/\\\/alfred-scheerer.de\\\/shop\\\/wp-content\\\/uploads\\\/2024\\\/05\\\/baum.jpg\",\"contentUrl\":\"https:\\\/\\\/alfred-scheerer.de\\\/shop\\\/wp-content\\\/uploads\\\/2024\\\/05\\\/baum.jpg\",\"width\":512,\"height\":512,\"caption\":\"Scheerer GmbH\"},\"image\":{\"@id\":\"https:\\\/\\\/www.alfred-scheerer.de\\\/shop\\\/#\\\/schema\\\/logo\\\/image\\\/\"},\"sameAs\":[\"https:\\\/\\\/www.instagram.com\\\/alfredscheerer\\\/\"]}]}<\/script>\n<!-- \/ Yoast SEO plugin. -->","yoast_head_json":{"title":"Installations-Kit S M\u00e4hroboter f\u00fcr bis 400 m\u00b2 - Hier kaufen!","description":"Installations-Kit S f\u00fcr M\u00e4hroboter: Ideal f\u00fcr Rasenfl\u00e4chen bis 400 m\u00b2. Inkl. Begrenzungskabel, N\u00e4gel & 3M-Verbinder. Jetzt online bestellen!","robots":{"index":"index","follow":"follow","max-snippet":"max-snippet:-1","max-image-preview":"max-image-preview:large","max-video-preview":"max-video-preview:-1"},"canonical":"https:\/\/www.alfred-scheerer.de\/shop\/product\/installtions-kit-s\/","og_locale":"de_DE","og_type":"article","og_title":"Installations-Kit S M\u00e4hroboter f\u00fcr bis 400 m\u00b2 - Hier kaufen!","og_description":"Installations-Kit S f\u00fcr M\u00e4hroboter: Ideal f\u00fcr Rasenfl\u00e4chen bis 400 m\u00b2. Inkl. Begrenzungskabel, N\u00e4gel & 3M-Verbinder. Jetzt online bestellen!","og_url":"https:\/\/www.alfred-scheerer.de\/shop\/product\/installtions-kit-s\/","og_site_name":"Gartentechnik Scheerer","article_modified_time":"2025-08-21T16:20:28+00:00","og_image":[{"width":800,"height":800,"url":"https:\/\/www.alfred-scheerer.de\/shop\/wp-content\/uploads\/2020\/04\/Installations_kit_kabel.jpg","type":"image\/jpeg"}],"twitter_card":"summary_large_image","schema":{"@context":"https:\/\/schema.org","@graph":[{"@type":"WebPage","@id":"https:\/\/www.alfred-scheerer.de\/shop\/product\/installtions-kit-s\/","url":"https:\/\/www.alfred-scheerer.de\/shop\/product\/installtions-kit-s\/","name":"Installations-Kit S M\u00e4hroboter f\u00fcr bis 400 m\u00b2 - Hier kaufen!","isPartOf":{"@id":"https:\/\/www.alfred-scheerer.de\/shop\/#website"},"primaryImageOfPage":{"@id":"https:\/\/www.alfred-scheerer.de\/shop\/product\/installtions-kit-s\/#primaryimage"},"image":{"@id":"https:\/\/www.alfred-scheerer.de\/shop\/product\/installtions-kit-s\/#primaryimage"},"thumbnailUrl":"https:\/\/www.alfred-scheerer.de\/shop\/wp-content\/uploads\/2020\/04\/Installations_kit_kabel.jpg","datePublished":"2020-04-27T12:26:04+00:00","dateModified":"2025-08-21T16:20:28+00:00","description":"Installations-Kit S f\u00fcr M\u00e4hroboter: Ideal f\u00fcr Rasenfl\u00e4chen bis 400 m\u00b2. Inkl. Begrenzungskabel, N\u00e4gel & 3M-Verbinder. Jetzt online bestellen!","breadcrumb":{"@id":"https:\/\/www.alfred-scheerer.de\/shop\/product\/installtions-kit-s\/#breadcrumb"},"inLanguage":"de","potentialAction":[{"@type":"ReadAction","target":["https:\/\/www.alfred-scheerer.de\/shop\/product\/installtions-kit-s\/"]}]},{"@type":"ImageObject","inLanguage":"de","@id":"https:\/\/www.alfred-scheerer.de\/shop\/product\/installtions-kit-s\/#primaryimage","url":"https:\/\/www.alfred-scheerer.de\/shop\/wp-content\/uploads\/2020\/04\/Installations_kit_kabel.jpg","contentUrl":"https:\/\/www.alfred-scheerer.de\/shop\/wp-content\/uploads\/2020\/04\/Installations_kit_kabel.jpg","width":800,"height":800},{"@type":"BreadcrumbList","@id":"https:\/\/www.alfred-scheerer.de\/shop\/product\/installtions-kit-s\/#breadcrumb","itemListElement":[{"@type":"ListItem","position":1,"name":"Startseite","item":"https:\/\/www.alfred-scheerer.de\/shop\/"},{"@type":"ListItem","position":2,"name":"Gartentechnik Scheerer &#8211; Der Online Shop f\u00fcr M\u00e4hroboter und Zubeh\u00f6r","item":"https:\/\/www.alfred-scheerer.de\/shop\/"},{"@type":"ListItem","position":3,"name":"Installations-Kit S bis 400 m\u00b2, 100 m Kabel, 100 N\u00e4gel, 5 Verbinder"}]},{"@type":"WebSite","@id":"https:\/\/www.alfred-scheerer.de\/shop\/#website","url":"https:\/\/www.alfred-scheerer.de\/shop\/","name":"Scheerer GmbH (ehem. Alfred Scheerer e.K.)","description":"Der Online Shop aus Wermelskirchen f\u00fcr M\u00e4hroboter, Akku Gartenger\u00e4te, Ersatzteile und Zubeh\u00f6r","publisher":{"@id":"https:\/\/www.alfred-scheerer.de\/shop\/#organization"},"potentialAction":[{"@type":"SearchAction","target":{"@type":"EntryPoint","urlTemplate":"https:\/\/www.alfred-scheerer.de\/shop\/?s={search_term_string}"},"query-input":{"@type":"PropertyValueSpecification","valueRequired":true,"valueName":"search_term_string"}}],"inLanguage":"de"},{"@type":"Organization","@id":"https:\/\/www.alfred-scheerer.de\/shop\/#organization","name":"Scheerer GmbH","url":"https:\/\/www.alfred-scheerer.de\/shop\/","logo":{"@type":"ImageObject","inLanguage":"de","@id":"https:\/\/www.alfred-scheerer.de\/shop\/#\/schema\/logo\/image\/","url":"https:\/\/alfred-scheerer.de\/shop\/wp-content\/uploads\/2024\/05\/baum.jpg","contentUrl":"https:\/\/alfred-scheerer.de\/shop\/wp-content\/uploads\/2024\/05\/baum.jpg","width":512,"height":512,"caption":"Scheerer GmbH"},"image":{"@id":"https:\/\/www.alfred-scheerer.de\/shop\/#\/schema\/logo\/image\/"},"sameAs":["https:\/\/www.instagram.com\/alfredscheerer\/"]}]}},"_links":{"self":[{"href":"https:\/\/www.alfred-scheerer.de\/shop\/wp-json\/wp\/v2\/product\/3540","targetHints":{"allow":["GET"]}}],"collection":[{"href":"https:\/\/www.alfred-scheerer.de\/shop\/wp-json\/wp\/v2\/product"}],"about":[{"href":"https:\/\/www.alfred-scheerer.de\/shop\/wp-json\/wp\/v2\/types\/product"}],"wp:featuredmedia":[{"embeddable":true,"href":"https:\/\/www.alfred-scheerer.de\/shop\/wp-json\/wp\/v2\/media\/11621"}],"wp:attachment":[{"href":"https:\/\/www.alfred-scheerer.de\/shop\/wp-json\/wp\/v2\/media?parent=3540"}],"wp:term":[{"taxonomy":"product_brand","embeddable":true,"href":"https:\/\/www.alfred-scheerer.de\/shop\/wp-json\/wp\/v2\/product_brand?post=3540"},{"taxonomy":"product_cat","embeddable":true,"href":"https:\/\/www.alfred-scheerer.de\/shop\/wp-json\/wp\/v2\/product_cat?post=3540"},{"taxonomy":"product_tag","embeddable":true,"href":"https:\/\/www.alfred-scheerer.de\/shop\/wp-json\/wp\/v2\/product_tag?post=3540"}],"curies":[{"name":"wp","href":"https:\/\/api.w.org\/{rel}","templated":true}]}}