{"id":3933,"date":"2020-08-20T16:38:04","date_gmt":"2020-08-20T14:38:04","guid":{"rendered":"http:\/\/alfred-scheerer.de\/shop\/?post_type=product&#038;p=3933"},"modified":"2026-03-09T14:41:49","modified_gmt":"2026-03-09T13:41:49","slug":"rasenroboter-maehroboter-kress-mission-nano-kr101e","status":"publish","type":"product","link":"https:\/\/www.alfred-scheerer.de\/shop\/product\/rasenroboter-maehroboter-kress-mission-nano-kr101e\/","title":{"rendered":"Kress Mission Nano KR101E bis 600 m\u00b2 Bluetooth &amp; WLAN"},"content":{"rendered":"<p>Der <strong><strong><span style=\"color: #ff0000;\">kabelgebundene <\/span><\/strong><\/strong>Kress M\u00e4hroboter KR101E ist die perfekte Wahl f\u00fcr kleine und verwinkelte G\u00e4rten. Mit einer Fl\u00e4chenleistung von bis zu 600m\u00b2, einer Schnittbreite von 18 cm und einer Schnitth\u00f6he von 30 &#8211; 60 mm ist er ideal f\u00fcr G\u00e4rten jeder Gr\u00f6\u00dfe. Mit einer M\u00e4hzeit von 70 Minuten pro Akkuladung ist der KR101E auch f\u00fcr gr\u00f6\u00dfere Fl\u00e4chen geeignet.<\/p>\n<p>Die kompakten Abmessungen des M\u00e4hroboters machen ihn besonders handlich und einfach zu bedienen. Die Kress Mission App erm\u00f6glicht eine einfache Anbindung per Bluetooth und Wifi und bietet somit eine umfangreiche Steuerung des Roboters. Das LED- Display erm\u00f6glicht eine einfache Bedienung und die Installation ist dank der einfachen Handhabung schnell und unkompliziert.<\/p>\n<p>Der Kress M\u00e4hroboter KR101E ist ein zuverl\u00e4ssiges, benutzerfreundliches Ger\u00e4t, das Ihnen Zeit und Energie bei der Rasenpflege sparen kann. G\u00f6nnen Sie sich jetzt den Luxus, einen perfekt gem\u00e4hten Rasen zu haben, ohne selbst Hand anlegen zu m\u00fcssen. Bestellen Sie noch heute und genie\u00dfen Sie die Freiheit, die der KR101E Ihnen bietet!<\/p>\n<p>F\u00fcr die Selbst-Installation wird noch ein zus\u00e4tzliches <a href=\"https:\/\/alfred-scheerer.de\/shop\/product-category\/installation-ersatzteile-u-zubehoer\/installation-kits\/\"><b>Installations-Kit<\/b><\/a> ben\u00f6tigt!<\/p>\n","protected":false},"excerpt":{"rendered":"<ul>\n<li style=\"list-style-type: none;\">\n<ul>\n<li style=\"list-style-type: none;\">\n<ul>\n<li style=\"list-style-type: none;\">\n<ul>\n<li><strong><span style=\"color: #ff0000;\">kabelgebundener<\/span><\/strong> M\u00e4hroboter<\/li>\n<li>empfohlen f\u00fcr max. 300 m\u00b2<\/li>\n<li>f\u00fcr kleine und verwinkelte G\u00e4rten<\/li>\n<li>Schnittbreite 18 cm<\/li>\n<li>randnahes M\u00e4hen durch au\u00dfermittiges M\u00e4hwerk<\/li>\n<li>70 min M\u00e4hzeit pro Akkuladung<\/li>\n<li>Bluetooth u. Wifi App Verbindung (iOS u. Android)<\/li>\n<li>LED-Display einfache Bedienung<\/li>\n<li>einfache Installation<\/li>\n<\/ul>\n<p>Lieferumfang:<br \/>\nRoboter inkl. Ladestation<\/p>\n<p>F\u00fcr die Selbst-Installation wird noch ein zus\u00e4tzliches <a href=\"https:\/\/alfred-scheerer.de\/shop\/product-category\/installation-ersatzteile-u-zubehoer\/installation-kits\/\"><b>Installations-Kit<\/b><\/a> ben\u00f6tigt, der Roboter wird ohne Begrenzungskabel und ohne N\u00e4gel ausgeliefert.<\/li>\n<\/ul>\n<\/li>\n<\/ul>\n<\/li>\n<\/ul>\n","protected":false},"featured_media":2229,"template":"","meta":[],"product_brand":[1754],"product_cat":[272,67,105],"product_tag":[438,1020,449,786,439,1021,450,1011,440,1022,451,1012,441,1023,452,1013,442,1024,453,1014,443,1025,454,1015,56,444,1026,455,432,1016,445,1027,456,433,1017,82,446,457,434,1018,447,776,435,1019,448,284,777],"class_list":{"0":"post-3933","1":"product","2":"type-product","3":"status-publish","4":"has-post-thumbnail","6":"product_brand-kress","7":"product_cat-kress-robotik-maehroboter","8":"product_cat-bis-800-m","9":"product_cat-rasenroboter-maehroboter","10":"product_tag-maehroboter-wermelskirchen","11":"product_tag-wr167e","12":"product_tag-rasenroboter-burscheid","13":"product_tag-kress-kr-101e","14":"product_tag-maehroboter-burscheid","15":"product_tag-wr147e-1","16":"product_tag-rasenroboter-remscheid","17":"product_tag-landroid","18":"product_tag-maehroboter-remscheid","19":"product_tag-wr155-e","20":"product_tag-rasenroboter-odenthal","21":"product_tag-worx-landroid","22":"product_tag-maehroboter-odenthal","23":"product_tag-s300","24":"product_tag-rasenroboter-bergisch-gladbach","25":"product_tag-landroid-s300","26":"product_tag-maehroboter-bergisch-gladbach","27":"product_tag-m500","28":"product_tag-rasenroboter-koeln","29":"product_tag-landroid-m500-plus","30":"product_tag-maehroboter-leverkusen","31":"product_tag-m700","32":"product_tag-rasenroboter-leverkusen","33":"product_tag-landroid-m700-plus","34":"product_tag-maehroboter","35":"product_tag-maehroboter-koeln","36":"product_tag-l1000","37":"product_tag-rasenroboter-solingen","38":"product_tag-kress-maehroboter","39":"product_tag-landroid-l1000","40":"product_tag-maehroboter-leichlingen","41":"product_tag-l2000","42":"product_tag-rasenroboter-leichlingen","43":"product_tag-kress-rasenroboter","44":"product_tag-landroid-l2000","45":"product_tag-rasenroboter","46":"product_tag-maehroboter-solingen","47":"product_tag-rasenroboter-witzhelden","48":"product_tag-kress-rasenmaeher","49":"product_tag-wr130e","50":"product_tag-maehroboter-witzhelden","51":"product_tag-maehroboter-unter-1000","52":"product_tag-rasenmaeher","53":"product_tag-wr165e","54":"product_tag-rasenroboter-wermelskirchen","55":"product_tag-mission","56":"product_tag-rasenroboter-unter-1000","57":"product_shipping_class-roboter-20kg","59":"first","60":"instock","61":"featured","62":"taxable","63":"shipping-taxable","64":"purchasable","65":"product-type-simple"},"yoast_head":"<!-- This site is optimized with the Yoast SEO plugin v27.4 - https:\/\/yoast.com\/product\/yoast-seo-wordpress\/ -->\n<title>KRESS KR101E | Online kaufen |<\/title>\n<meta name=\"description\" content=\"Erhalten Sie einen perfekt gepflegten Garten mit dem Kress M\u00e4hroboter KR101E. Fl\u00e4chenleistung bis zu 600m\u00b2, einfache Bedienung \u00fcber die Kress Mission App, Bluetooth und Wifi Anbindung, kompakte Abmessungen, schnelle Installation. Bestellen Sie jetzt und sparen Sie Zeit und M\u00fche bei der Gartenpflege!\" \/>\n<meta name=\"robots\" content=\"index, follow, max-snippet:-1, max-image-preview:large, max-video-preview:-1\" \/>\n<link rel=\"canonical\" href=\"https:\/\/www.alfred-scheerer.de\/shop\/product\/rasenroboter-maehroboter-kress-mission-nano-kr101e\/\" \/>\n<meta property=\"og:locale\" content=\"de_DE\" \/>\n<meta property=\"og:type\" content=\"article\" \/>\n<meta property=\"og:title\" content=\"KRESS KR101E | Online kaufen |\" \/>\n<meta property=\"og:description\" content=\"Erhalten Sie einen perfekt gepflegten Garten mit dem Kress M\u00e4hroboter KR101E. Fl\u00e4chenleistung bis zu 600m\u00b2, einfache Bedienung \u00fcber die Kress Mission App, Bluetooth und Wifi Anbindung, kompakte Abmessungen, schnelle Installation. Bestellen Sie jetzt und sparen Sie Zeit und M\u00fche bei der Gartenpflege!\" \/>\n<meta property=\"og:url\" content=\"https:\/\/www.alfred-scheerer.de\/shop\/product\/rasenroboter-maehroboter-kress-mission-nano-kr101e\/\" \/>\n<meta property=\"og:site_name\" content=\"Gartentechnik Scheerer\" \/>\n<meta property=\"article:modified_time\" content=\"2026-03-09T13:41:49+00:00\" \/>\n<meta property=\"og:image\" content=\"https:\/\/www.alfred-scheerer.de\/shop\/wp-content\/uploads\/2020\/01\/nano.gif\" \/>\n\t<meta property=\"og:image:width\" content=\"480\" \/>\n\t<meta property=\"og:image:height\" content=\"270\" \/>\n\t<meta property=\"og:image:type\" content=\"image\/gif\" \/>\n<meta name=\"twitter:card\" content=\"summary_large_image\" \/>\n<meta name=\"twitter:label1\" content=\"Gesch\u00e4tzte Lesezeit\" \/>\n\t<meta name=\"twitter:data1\" content=\"1\u00a0Minute\" \/>\n<script type=\"application\/ld+json\" class=\"yoast-schema-graph\">{\"@context\":\"https:\\\/\\\/schema.org\",\"@graph\":[{\"@type\":\"WebPage\",\"@id\":\"https:\\\/\\\/www.alfred-scheerer.de\\\/shop\\\/product\\\/rasenroboter-maehroboter-kress-mission-nano-kr101e\\\/\",\"url\":\"https:\\\/\\\/www.alfred-scheerer.de\\\/shop\\\/product\\\/rasenroboter-maehroboter-kress-mission-nano-kr101e\\\/\",\"name\":\"KRESS KR101E | Online kaufen |\",\"isPartOf\":{\"@id\":\"https:\\\/\\\/www.alfred-scheerer.de\\\/shop\\\/#website\"},\"primaryImageOfPage\":{\"@id\":\"https:\\\/\\\/www.alfred-scheerer.de\\\/shop\\\/product\\\/rasenroboter-maehroboter-kress-mission-nano-kr101e\\\/#primaryimage\"},\"image\":{\"@id\":\"https:\\\/\\\/www.alfred-scheerer.de\\\/shop\\\/product\\\/rasenroboter-maehroboter-kress-mission-nano-kr101e\\\/#primaryimage\"},\"thumbnailUrl\":\"https:\\\/\\\/www.alfred-scheerer.de\\\/shop\\\/wp-content\\\/uploads\\\/2020\\\/01\\\/nano.gif\",\"datePublished\":\"2020-08-20T14:38:04+00:00\",\"dateModified\":\"2026-03-09T13:41:49+00:00\",\"description\":\"Erhalten Sie einen perfekt gepflegten Garten mit dem Kress M\u00e4hroboter KR101E. Fl\u00e4chenleistung bis zu 600m\u00b2, einfache Bedienung \u00fcber die Kress Mission App, Bluetooth und Wifi Anbindung, kompakte Abmessungen, schnelle Installation. Bestellen Sie jetzt und sparen Sie Zeit und M\u00fche bei der Gartenpflege!\",\"breadcrumb\":{\"@id\":\"https:\\\/\\\/www.alfred-scheerer.de\\\/shop\\\/product\\\/rasenroboter-maehroboter-kress-mission-nano-kr101e\\\/#breadcrumb\"},\"inLanguage\":\"de\",\"potentialAction\":[{\"@type\":\"ReadAction\",\"target\":[\"https:\\\/\\\/www.alfred-scheerer.de\\\/shop\\\/product\\\/rasenroboter-maehroboter-kress-mission-nano-kr101e\\\/\"]}]},{\"@type\":\"ImageObject\",\"inLanguage\":\"de\",\"@id\":\"https:\\\/\\\/www.alfred-scheerer.de\\\/shop\\\/product\\\/rasenroboter-maehroboter-kress-mission-nano-kr101e\\\/#primaryimage\",\"url\":\"https:\\\/\\\/www.alfred-scheerer.de\\\/shop\\\/wp-content\\\/uploads\\\/2020\\\/01\\\/nano.gif\",\"contentUrl\":\"https:\\\/\\\/www.alfred-scheerer.de\\\/shop\\\/wp-content\\\/uploads\\\/2020\\\/01\\\/nano.gif\",\"width\":480,\"height\":270,\"caption\":\"Kress Mission Nano M\u00e4hroboter\"},{\"@type\":\"BreadcrumbList\",\"@id\":\"https:\\\/\\\/www.alfred-scheerer.de\\\/shop\\\/product\\\/rasenroboter-maehroboter-kress-mission-nano-kr101e\\\/#breadcrumb\",\"itemListElement\":[{\"@type\":\"ListItem\",\"position\":1,\"name\":\"Startseite\",\"item\":\"https:\\\/\\\/www.alfred-scheerer.de\\\/shop\\\/\"},{\"@type\":\"ListItem\",\"position\":2,\"name\":\"Gartentechnik Scheerer &#8211; Der Online Shop f\u00fcr M\u00e4hroboter und Zubeh\u00f6r\",\"item\":\"https:\\\/\\\/www.alfred-scheerer.de\\\/shop\\\/\"},{\"@type\":\"ListItem\",\"position\":3,\"name\":\"Kress Mission Nano KR101E bis 600 m\u00b2 Bluetooth &amp; WLAN\"}]},{\"@type\":\"WebSite\",\"@id\":\"https:\\\/\\\/www.alfred-scheerer.de\\\/shop\\\/#website\",\"url\":\"https:\\\/\\\/www.alfred-scheerer.de\\\/shop\\\/\",\"name\":\"Scheerer GmbH (ehem. Alfred Scheerer e.K.)\",\"description\":\"Der Online Shop aus Wermelskirchen f\u00fcr M\u00e4hroboter, Akku Gartenger\u00e4te, Ersatzteile und Zubeh\u00f6r\",\"publisher\":{\"@id\":\"https:\\\/\\\/www.alfred-scheerer.de\\\/shop\\\/#organization\"},\"potentialAction\":[{\"@type\":\"SearchAction\",\"target\":{\"@type\":\"EntryPoint\",\"urlTemplate\":\"https:\\\/\\\/www.alfred-scheerer.de\\\/shop\\\/?s={search_term_string}\"},\"query-input\":{\"@type\":\"PropertyValueSpecification\",\"valueRequired\":true,\"valueName\":\"search_term_string\"}}],\"inLanguage\":\"de\"},{\"@type\":\"Organization\",\"@id\":\"https:\\\/\\\/www.alfred-scheerer.de\\\/shop\\\/#organization\",\"name\":\"Scheerer GmbH\",\"url\":\"https:\\\/\\\/www.alfred-scheerer.de\\\/shop\\\/\",\"logo\":{\"@type\":\"ImageObject\",\"inLanguage\":\"de\",\"@id\":\"https:\\\/\\\/www.alfred-scheerer.de\\\/shop\\\/#\\\/schema\\\/logo\\\/image\\\/\",\"url\":\"https:\\\/\\\/alfred-scheerer.de\\\/shop\\\/wp-content\\\/uploads\\\/2024\\\/05\\\/baum.jpg\",\"contentUrl\":\"https:\\\/\\\/alfred-scheerer.de\\\/shop\\\/wp-content\\\/uploads\\\/2024\\\/05\\\/baum.jpg\",\"width\":512,\"height\":512,\"caption\":\"Scheerer GmbH\"},\"image\":{\"@id\":\"https:\\\/\\\/www.alfred-scheerer.de\\\/shop\\\/#\\\/schema\\\/logo\\\/image\\\/\"},\"sameAs\":[\"https:\\\/\\\/www.instagram.com\\\/alfredscheerer\\\/\"]}]}<\/script>\n<!-- \/ Yoast SEO plugin. -->","yoast_head_json":{"title":"KRESS KR101E | Online kaufen |","description":"Erhalten Sie einen perfekt gepflegten Garten mit dem Kress M\u00e4hroboter KR101E. Fl\u00e4chenleistung bis zu 600m\u00b2, einfache Bedienung \u00fcber die Kress Mission App, Bluetooth und Wifi Anbindung, kompakte Abmessungen, schnelle Installation. Bestellen Sie jetzt und sparen Sie Zeit und M\u00fche bei der Gartenpflege!","robots":{"index":"index","follow":"follow","max-snippet":"max-snippet:-1","max-image-preview":"max-image-preview:large","max-video-preview":"max-video-preview:-1"},"canonical":"https:\/\/www.alfred-scheerer.de\/shop\/product\/rasenroboter-maehroboter-kress-mission-nano-kr101e\/","og_locale":"de_DE","og_type":"article","og_title":"KRESS KR101E | Online kaufen |","og_description":"Erhalten Sie einen perfekt gepflegten Garten mit dem Kress M\u00e4hroboter KR101E. Fl\u00e4chenleistung bis zu 600m\u00b2, einfache Bedienung \u00fcber die Kress Mission App, Bluetooth und Wifi Anbindung, kompakte Abmessungen, schnelle Installation. Bestellen Sie jetzt und sparen Sie Zeit und M\u00fche bei der Gartenpflege!","og_url":"https:\/\/www.alfred-scheerer.de\/shop\/product\/rasenroboter-maehroboter-kress-mission-nano-kr101e\/","og_site_name":"Gartentechnik Scheerer","article_modified_time":"2026-03-09T13:41:49+00:00","og_image":[{"width":480,"height":270,"url":"https:\/\/www.alfred-scheerer.de\/shop\/wp-content\/uploads\/2020\/01\/nano.gif","type":"image\/gif"}],"twitter_card":"summary_large_image","twitter_misc":{"Gesch\u00e4tzte Lesezeit":"1\u00a0Minute"},"schema":{"@context":"https:\/\/schema.org","@graph":[{"@type":"WebPage","@id":"https:\/\/www.alfred-scheerer.de\/shop\/product\/rasenroboter-maehroboter-kress-mission-nano-kr101e\/","url":"https:\/\/www.alfred-scheerer.de\/shop\/product\/rasenroboter-maehroboter-kress-mission-nano-kr101e\/","name":"KRESS KR101E | Online kaufen |","isPartOf":{"@id":"https:\/\/www.alfred-scheerer.de\/shop\/#website"},"primaryImageOfPage":{"@id":"https:\/\/www.alfred-scheerer.de\/shop\/product\/rasenroboter-maehroboter-kress-mission-nano-kr101e\/#primaryimage"},"image":{"@id":"https:\/\/www.alfred-scheerer.de\/shop\/product\/rasenroboter-maehroboter-kress-mission-nano-kr101e\/#primaryimage"},"thumbnailUrl":"https:\/\/www.alfred-scheerer.de\/shop\/wp-content\/uploads\/2020\/01\/nano.gif","datePublished":"2020-08-20T14:38:04+00:00","dateModified":"2026-03-09T13:41:49+00:00","description":"Erhalten Sie einen perfekt gepflegten Garten mit dem Kress M\u00e4hroboter KR101E. Fl\u00e4chenleistung bis zu 600m\u00b2, einfache Bedienung \u00fcber die Kress Mission App, Bluetooth und Wifi Anbindung, kompakte Abmessungen, schnelle Installation. Bestellen Sie jetzt und sparen Sie Zeit und M\u00fche bei der Gartenpflege!","breadcrumb":{"@id":"https:\/\/www.alfred-scheerer.de\/shop\/product\/rasenroboter-maehroboter-kress-mission-nano-kr101e\/#breadcrumb"},"inLanguage":"de","potentialAction":[{"@type":"ReadAction","target":["https:\/\/www.alfred-scheerer.de\/shop\/product\/rasenroboter-maehroboter-kress-mission-nano-kr101e\/"]}]},{"@type":"ImageObject","inLanguage":"de","@id":"https:\/\/www.alfred-scheerer.de\/shop\/product\/rasenroboter-maehroboter-kress-mission-nano-kr101e\/#primaryimage","url":"https:\/\/www.alfred-scheerer.de\/shop\/wp-content\/uploads\/2020\/01\/nano.gif","contentUrl":"https:\/\/www.alfred-scheerer.de\/shop\/wp-content\/uploads\/2020\/01\/nano.gif","width":480,"height":270,"caption":"Kress Mission Nano M\u00e4hroboter"},{"@type":"BreadcrumbList","@id":"https:\/\/www.alfred-scheerer.de\/shop\/product\/rasenroboter-maehroboter-kress-mission-nano-kr101e\/#breadcrumb","itemListElement":[{"@type":"ListItem","position":1,"name":"Startseite","item":"https:\/\/www.alfred-scheerer.de\/shop\/"},{"@type":"ListItem","position":2,"name":"Gartentechnik Scheerer &#8211; Der Online Shop f\u00fcr M\u00e4hroboter und Zubeh\u00f6r","item":"https:\/\/www.alfred-scheerer.de\/shop\/"},{"@type":"ListItem","position":3,"name":"Kress Mission Nano KR101E bis 600 m\u00b2 Bluetooth &amp; WLAN"}]},{"@type":"WebSite","@id":"https:\/\/www.alfred-scheerer.de\/shop\/#website","url":"https:\/\/www.alfred-scheerer.de\/shop\/","name":"Scheerer GmbH (ehem. Alfred Scheerer e.K.)","description":"Der Online Shop aus Wermelskirchen f\u00fcr M\u00e4hroboter, Akku Gartenger\u00e4te, Ersatzteile und Zubeh\u00f6r","publisher":{"@id":"https:\/\/www.alfred-scheerer.de\/shop\/#organization"},"potentialAction":[{"@type":"SearchAction","target":{"@type":"EntryPoint","urlTemplate":"https:\/\/www.alfred-scheerer.de\/shop\/?s={search_term_string}"},"query-input":{"@type":"PropertyValueSpecification","valueRequired":true,"valueName":"search_term_string"}}],"inLanguage":"de"},{"@type":"Organization","@id":"https:\/\/www.alfred-scheerer.de\/shop\/#organization","name":"Scheerer GmbH","url":"https:\/\/www.alfred-scheerer.de\/shop\/","logo":{"@type":"ImageObject","inLanguage":"de","@id":"https:\/\/www.alfred-scheerer.de\/shop\/#\/schema\/logo\/image\/","url":"https:\/\/alfred-scheerer.de\/shop\/wp-content\/uploads\/2024\/05\/baum.jpg","contentUrl":"https:\/\/alfred-scheerer.de\/shop\/wp-content\/uploads\/2024\/05\/baum.jpg","width":512,"height":512,"caption":"Scheerer GmbH"},"image":{"@id":"https:\/\/www.alfred-scheerer.de\/shop\/#\/schema\/logo\/image\/"},"sameAs":["https:\/\/www.instagram.com\/alfredscheerer\/"]}]}},"_links":{"self":[{"href":"https:\/\/www.alfred-scheerer.de\/shop\/wp-json\/wp\/v2\/product\/3933","targetHints":{"allow":["GET"]}}],"collection":[{"href":"https:\/\/www.alfred-scheerer.de\/shop\/wp-json\/wp\/v2\/product"}],"about":[{"href":"https:\/\/www.alfred-scheerer.de\/shop\/wp-json\/wp\/v2\/types\/product"}],"wp:featuredmedia":[{"embeddable":true,"href":"https:\/\/www.alfred-scheerer.de\/shop\/wp-json\/wp\/v2\/media\/2229"}],"wp:attachment":[{"href":"https:\/\/www.alfred-scheerer.de\/shop\/wp-json\/wp\/v2\/media?parent=3933"}],"wp:term":[{"taxonomy":"product_brand","embeddable":true,"href":"https:\/\/www.alfred-scheerer.de\/shop\/wp-json\/wp\/v2\/product_brand?post=3933"},{"taxonomy":"product_cat","embeddable":true,"href":"https:\/\/www.alfred-scheerer.de\/shop\/wp-json\/wp\/v2\/product_cat?post=3933"},{"taxonomy":"product_tag","embeddable":true,"href":"https:\/\/www.alfred-scheerer.de\/shop\/wp-json\/wp\/v2\/product_tag?post=3933"}],"curies":[{"name":"wp","href":"https:\/\/api.w.org\/{rel}","templated":true}]}}