{"id":416,"date":"2019-04-18T09:09:37","date_gmt":"2019-04-18T07:09:37","guid":{"rendered":"http:\/\/alfred-scheerer.de\/shop\/?post_type=product&#038;p=416"},"modified":"2026-03-29T15:18:54","modified_gmt":"2026-03-29T13:18:54","slug":"maehroboter-winterservice-wartung-premium-einlagerung","status":"publish","type":"product","link":"https:\/\/www.alfred-scheerer.de\/shop\/product\/maehroboter-winterservice-wartung-premium-einlagerung\/","title":{"rendered":"M\u00e4hroboter Winterservice Wartung Premium inkl. Einlagerung (im Umkreis 20 km)"},"content":{"rendered":"<p>Wir holen Deinen M\u00e4hroboter nach der Saison im Oktober\/November bei Dir ab, er bekommt eine Service-Inspektion nach Hersteller Vorschrift und wird bei uns sicher \u00fcber die Wintermonate eingelagert.<br \/>\nZum Saisonstart, im M\u00e4rz\/April, wird Dein Roboter wieder ausgeliefert und vor Ort in Betrieb genommen.<\/p>\n<p><strong>Diesen Service bieten wir nur im Umkreis 20 km um Wermelskirchen an.\u00a0<\/strong><\/p>\n<p><strong>Die Service-Inspektion bieten wir nur f\u00fcr folgende Hersteller an:<br \/>\nAmbrogio, Herkules, Kress, Segway Navimow, Solo by Alko, TechLine (nur Service keine Garantiearbeiten), Wiper<\/strong><\/p>\n<p>Die Service-Inspektion inkl. Wintereinlagerung beinhaltet folgende Leistungen:<br \/>\n&#8211; Reinigung Deines M\u00e4hroboters mit schonender Dampfreinigung<br \/>\n&#8211; Kontrolle und Wartung aller beweglichen Teile<br \/>\n&#8211; Pr\u00fcfung und Reinigung der Lade- und Kontaktbleche<br \/>\n&#8211; Funktions\u00fcberpr\u00fcfung s\u00e4mtlicher Sensoren und Antriebe<br \/>\n&#8211; Aktualisierung mit der neuesten Software<br \/>\n&#8211; Probelauf durchf\u00fchren<br \/>\n&#8211; Akku-Test<br \/>\n&#8211; Akku-Erhaltungsladung<br \/>\n&#8211; Einlagerung des M\u00e4hroboters \u00fcber die Wintermonate<\/p>\n<p>In Zusammenhang mit unserem Service werden alle Leistungen, die der Garantie unterliegen (z.B. erneuern defekter Bauteile), kostenlos durchgef\u00fchrt.<br \/>\nF\u00fcr dar\u00fcber hinausgehende Reparaturen wird Dir ein Kostenvoranschlag erstellt.<\/p>\n","protected":false},"excerpt":{"rendered":"<p>Jedes Ger\u00e4t ben\u00f6tigt eine regelm\u00e4\u00dfige Wartung, so auch Dein M\u00e4hroboter.<br \/>\nDamit er in der n\u00e4chsten Saison wieder zuverl\u00e4ssig seine Arbeit verrichten kann, bieten wir Dir unseren Winterservice inkl. Hol- und Bringservice und Einlagerung an.<\/p>\n<p><strong>Dieser Service ist nicht f\u00fcr 4WD\/Allrad M\u00e4hroboter vorgesehen. Bitte buche daf\u00fcr den speziellen 4WD Winterservice.<\/strong><\/p>\n","protected":false},"featured_media":649,"template":"","meta":[],"product_brand":[],"product_cat":[59,86],"product_tag":[718,708,709,710,711,712,713,714,715,716,717],"class_list":{"0":"post-416","1":"product","2":"type-product","3":"status-publish","4":"has-post-thumbnail","6":"product_cat-maehroboter-winterservice-wartung","7":"product_cat-maehroboter-service-u-wartung","8":"product_tag-rasenroboter-winterwartung","9":"product_tag-maehroboter-service-wermelskirchen","10":"product_tag-maehroboter-wartung-wermelskirchen","11":"product_tag-maehroboter-wartung","12":"product_tag-rasenroboter-wartung","13":"product_tag-rasenroboter-service","14":"product_tag-rasenroboter-service-wermelskirchen","15":"product_tag-rasenroboter-wartung-wermelskirchen","16":"product_tag-maehroboter-winterservice","17":"product_tag-maehroboter-winterwartung","18":"product_tag-rasenroboter-winterservice","19":"product_shipping_class-kostenlos","20":"wcpa_has_options","22":"first","23":"instock","24":"virtual","25":"taxable","26":"purchasable","27":"product-type-simple"},"yoast_head":"<!-- This site is optimized with the Yoast SEO plugin v27.3 - https:\/\/yoast.com\/product\/yoast-seo-wordpress\/ -->\n<title>M\u00e4hroboter Winterservice Wartung Premium inkl. Einlagerung (im Umkreis 20 km) - Gartentechnik Scheerer<\/title>\n<meta name=\"robots\" content=\"index, follow, max-snippet:-1, max-image-preview:large, max-video-preview:-1\" \/>\n<link rel=\"canonical\" href=\"https:\/\/www.alfred-scheerer.de\/shop\/product\/maehroboter-winterservice-wartung-premium-einlagerung\/\" \/>\n<meta property=\"og:locale\" content=\"de_DE\" \/>\n<meta property=\"og:type\" content=\"article\" \/>\n<meta property=\"og:title\" content=\"M\u00e4hroboter Winterservice Wartung Premium inkl. Einlagerung (im Umkreis 20 km) - Gartentechnik Scheerer\" \/>\n<meta property=\"og:description\" content=\"Jedes Ger\u00e4t ben\u00f6tigt eine regelm\u00e4\u00dfige Wartung, so auch Dein M\u00e4hroboter. Damit er in der n\u00e4chsten Saison wieder zuverl\u00e4ssig seine Arbeit verrichten kann, bieten wir Dir unseren Winterservice inkl. Hol- und Bringservice und Einlagerung an.  Dieser Service ist nicht f\u00fcr 4WD\/Allrad M\u00e4hroboter vorgesehen. Bitte buche daf\u00fcr den speziellen 4WD Winterservice.\" \/>\n<meta property=\"og:url\" content=\"https:\/\/www.alfred-scheerer.de\/shop\/product\/maehroboter-winterservice-wartung-premium-einlagerung\/\" \/>\n<meta property=\"og:site_name\" content=\"Gartentechnik Scheerer\" \/>\n<meta property=\"article:modified_time\" content=\"2026-03-29T13:18:54+00:00\" \/>\n<meta property=\"og:image\" content=\"https:\/\/www.alfred-scheerer.de\/shop\/wp-content\/uploads\/2019\/09\/Service-2.png\" \/>\n\t<meta property=\"og:image:width\" content=\"4167\" \/>\n\t<meta property=\"og:image:height\" content=\"4167\" \/>\n\t<meta property=\"og:image:type\" content=\"image\/png\" \/>\n<meta name=\"twitter:card\" content=\"summary_large_image\" \/>\n<meta name=\"twitter:label1\" content=\"Gesch\u00e4tzte Lesezeit\" \/>\n\t<meta name=\"twitter:data1\" content=\"1\u00a0Minute\" \/>\n<script type=\"application\/ld+json\" class=\"yoast-schema-graph\">{\"@context\":\"https:\\\/\\\/schema.org\",\"@graph\":[{\"@type\":\"WebPage\",\"@id\":\"https:\\\/\\\/www.alfred-scheerer.de\\\/shop\\\/product\\\/maehroboter-winterservice-wartung-premium-einlagerung\\\/\",\"url\":\"https:\\\/\\\/www.alfred-scheerer.de\\\/shop\\\/product\\\/maehroboter-winterservice-wartung-premium-einlagerung\\\/\",\"name\":\"M\u00e4hroboter Winterservice Wartung Premium inkl. Einlagerung (im Umkreis 20 km) - Gartentechnik Scheerer\",\"isPartOf\":{\"@id\":\"https:\\\/\\\/www.alfred-scheerer.de\\\/shop\\\/#website\"},\"primaryImageOfPage\":{\"@id\":\"https:\\\/\\\/www.alfred-scheerer.de\\\/shop\\\/product\\\/maehroboter-winterservice-wartung-premium-einlagerung\\\/#primaryimage\"},\"image\":{\"@id\":\"https:\\\/\\\/www.alfred-scheerer.de\\\/shop\\\/product\\\/maehroboter-winterservice-wartung-premium-einlagerung\\\/#primaryimage\"},\"thumbnailUrl\":\"https:\\\/\\\/www.alfred-scheerer.de\\\/shop\\\/wp-content\\\/uploads\\\/2019\\\/09\\\/Service-2.png\",\"datePublished\":\"2019-04-18T07:09:37+00:00\",\"dateModified\":\"2026-03-29T13:18:54+00:00\",\"breadcrumb\":{\"@id\":\"https:\\\/\\\/www.alfred-scheerer.de\\\/shop\\\/product\\\/maehroboter-winterservice-wartung-premium-einlagerung\\\/#breadcrumb\"},\"inLanguage\":\"de\",\"potentialAction\":[{\"@type\":\"ReadAction\",\"target\":[\"https:\\\/\\\/www.alfred-scheerer.de\\\/shop\\\/product\\\/maehroboter-winterservice-wartung-premium-einlagerung\\\/\"]}]},{\"@type\":\"ImageObject\",\"inLanguage\":\"de\",\"@id\":\"https:\\\/\\\/www.alfred-scheerer.de\\\/shop\\\/product\\\/maehroboter-winterservice-wartung-premium-einlagerung\\\/#primaryimage\",\"url\":\"https:\\\/\\\/www.alfred-scheerer.de\\\/shop\\\/wp-content\\\/uploads\\\/2019\\\/09\\\/Service-2.png\",\"contentUrl\":\"https:\\\/\\\/www.alfred-scheerer.de\\\/shop\\\/wp-content\\\/uploads\\\/2019\\\/09\\\/Service-2.png\",\"width\":4167,\"height\":4167},{\"@type\":\"BreadcrumbList\",\"@id\":\"https:\\\/\\\/www.alfred-scheerer.de\\\/shop\\\/product\\\/maehroboter-winterservice-wartung-premium-einlagerung\\\/#breadcrumb\",\"itemListElement\":[{\"@type\":\"ListItem\",\"position\":1,\"name\":\"Startseite\",\"item\":\"https:\\\/\\\/www.alfred-scheerer.de\\\/shop\\\/\"},{\"@type\":\"ListItem\",\"position\":2,\"name\":\"Gartentechnik Scheerer &#8211; Der Online Shop f\u00fcr M\u00e4hroboter und Zubeh\u00f6r\",\"item\":\"https:\\\/\\\/www.alfred-scheerer.de\\\/shop\\\/\"},{\"@type\":\"ListItem\",\"position\":3,\"name\":\"M\u00e4hroboter Winterservice Wartung Premium inkl. Einlagerung (im Umkreis 20 km)\"}]},{\"@type\":\"WebSite\",\"@id\":\"https:\\\/\\\/www.alfred-scheerer.de\\\/shop\\\/#website\",\"url\":\"https:\\\/\\\/www.alfred-scheerer.de\\\/shop\\\/\",\"name\":\"Scheerer GmbH (ehem. Alfred Scheerer e.K.)\",\"description\":\"Der Online Shop aus Wermelskirchen f\u00fcr M\u00e4hroboter, Akku Gartenger\u00e4te, Ersatzteile und Zubeh\u00f6r\",\"publisher\":{\"@id\":\"https:\\\/\\\/www.alfred-scheerer.de\\\/shop\\\/#organization\"},\"potentialAction\":[{\"@type\":\"SearchAction\",\"target\":{\"@type\":\"EntryPoint\",\"urlTemplate\":\"https:\\\/\\\/www.alfred-scheerer.de\\\/shop\\\/?s={search_term_string}\"},\"query-input\":{\"@type\":\"PropertyValueSpecification\",\"valueRequired\":true,\"valueName\":\"search_term_string\"}}],\"inLanguage\":\"de\"},{\"@type\":\"Organization\",\"@id\":\"https:\\\/\\\/www.alfred-scheerer.de\\\/shop\\\/#organization\",\"name\":\"Scheerer GmbH\",\"url\":\"https:\\\/\\\/www.alfred-scheerer.de\\\/shop\\\/\",\"logo\":{\"@type\":\"ImageObject\",\"inLanguage\":\"de\",\"@id\":\"https:\\\/\\\/www.alfred-scheerer.de\\\/shop\\\/#\\\/schema\\\/logo\\\/image\\\/\",\"url\":\"https:\\\/\\\/alfred-scheerer.de\\\/shop\\\/wp-content\\\/uploads\\\/2024\\\/05\\\/baum.jpg\",\"contentUrl\":\"https:\\\/\\\/alfred-scheerer.de\\\/shop\\\/wp-content\\\/uploads\\\/2024\\\/05\\\/baum.jpg\",\"width\":512,\"height\":512,\"caption\":\"Scheerer GmbH\"},\"image\":{\"@id\":\"https:\\\/\\\/www.alfred-scheerer.de\\\/shop\\\/#\\\/schema\\\/logo\\\/image\\\/\"},\"sameAs\":[\"https:\\\/\\\/www.instagram.com\\\/alfredscheerer\\\/\"]}]}<\/script>\n<!-- \/ Yoast SEO plugin. -->","yoast_head_json":{"title":"M\u00e4hroboter Winterservice Wartung Premium inkl. Einlagerung (im Umkreis 20 km) - Gartentechnik Scheerer","robots":{"index":"index","follow":"follow","max-snippet":"max-snippet:-1","max-image-preview":"max-image-preview:large","max-video-preview":"max-video-preview:-1"},"canonical":"https:\/\/www.alfred-scheerer.de\/shop\/product\/maehroboter-winterservice-wartung-premium-einlagerung\/","og_locale":"de_DE","og_type":"article","og_title":"M\u00e4hroboter Winterservice Wartung Premium inkl. Einlagerung (im Umkreis 20 km) - Gartentechnik Scheerer","og_description":"Jedes Ger\u00e4t ben\u00f6tigt eine regelm\u00e4\u00dfige Wartung, so auch Dein M\u00e4hroboter. Damit er in der n\u00e4chsten Saison wieder zuverl\u00e4ssig seine Arbeit verrichten kann, bieten wir Dir unseren Winterservice inkl. Hol- und Bringservice und Einlagerung an.  Dieser Service ist nicht f\u00fcr 4WD\/Allrad M\u00e4hroboter vorgesehen. Bitte buche daf\u00fcr den speziellen 4WD Winterservice.","og_url":"https:\/\/www.alfred-scheerer.de\/shop\/product\/maehroboter-winterservice-wartung-premium-einlagerung\/","og_site_name":"Gartentechnik Scheerer","article_modified_time":"2026-03-29T13:18:54+00:00","og_image":[{"width":4167,"height":4167,"url":"https:\/\/www.alfred-scheerer.de\/shop\/wp-content\/uploads\/2019\/09\/Service-2.png","type":"image\/png"}],"twitter_card":"summary_large_image","twitter_misc":{"Gesch\u00e4tzte Lesezeit":"1\u00a0Minute"},"schema":{"@context":"https:\/\/schema.org","@graph":[{"@type":"WebPage","@id":"https:\/\/www.alfred-scheerer.de\/shop\/product\/maehroboter-winterservice-wartung-premium-einlagerung\/","url":"https:\/\/www.alfred-scheerer.de\/shop\/product\/maehroboter-winterservice-wartung-premium-einlagerung\/","name":"M\u00e4hroboter Winterservice Wartung Premium inkl. Einlagerung (im Umkreis 20 km) - Gartentechnik Scheerer","isPartOf":{"@id":"https:\/\/www.alfred-scheerer.de\/shop\/#website"},"primaryImageOfPage":{"@id":"https:\/\/www.alfred-scheerer.de\/shop\/product\/maehroboter-winterservice-wartung-premium-einlagerung\/#primaryimage"},"image":{"@id":"https:\/\/www.alfred-scheerer.de\/shop\/product\/maehroboter-winterservice-wartung-premium-einlagerung\/#primaryimage"},"thumbnailUrl":"https:\/\/www.alfred-scheerer.de\/shop\/wp-content\/uploads\/2019\/09\/Service-2.png","datePublished":"2019-04-18T07:09:37+00:00","dateModified":"2026-03-29T13:18:54+00:00","breadcrumb":{"@id":"https:\/\/www.alfred-scheerer.de\/shop\/product\/maehroboter-winterservice-wartung-premium-einlagerung\/#breadcrumb"},"inLanguage":"de","potentialAction":[{"@type":"ReadAction","target":["https:\/\/www.alfred-scheerer.de\/shop\/product\/maehroboter-winterservice-wartung-premium-einlagerung\/"]}]},{"@type":"ImageObject","inLanguage":"de","@id":"https:\/\/www.alfred-scheerer.de\/shop\/product\/maehroboter-winterservice-wartung-premium-einlagerung\/#primaryimage","url":"https:\/\/www.alfred-scheerer.de\/shop\/wp-content\/uploads\/2019\/09\/Service-2.png","contentUrl":"https:\/\/www.alfred-scheerer.de\/shop\/wp-content\/uploads\/2019\/09\/Service-2.png","width":4167,"height":4167},{"@type":"BreadcrumbList","@id":"https:\/\/www.alfred-scheerer.de\/shop\/product\/maehroboter-winterservice-wartung-premium-einlagerung\/#breadcrumb","itemListElement":[{"@type":"ListItem","position":1,"name":"Startseite","item":"https:\/\/www.alfred-scheerer.de\/shop\/"},{"@type":"ListItem","position":2,"name":"Gartentechnik Scheerer &#8211; Der Online Shop f\u00fcr M\u00e4hroboter und Zubeh\u00f6r","item":"https:\/\/www.alfred-scheerer.de\/shop\/"},{"@type":"ListItem","position":3,"name":"M\u00e4hroboter Winterservice Wartung Premium inkl. Einlagerung (im Umkreis 20 km)"}]},{"@type":"WebSite","@id":"https:\/\/www.alfred-scheerer.de\/shop\/#website","url":"https:\/\/www.alfred-scheerer.de\/shop\/","name":"Scheerer GmbH (ehem. Alfred Scheerer e.K.)","description":"Der Online Shop aus Wermelskirchen f\u00fcr M\u00e4hroboter, Akku Gartenger\u00e4te, Ersatzteile und Zubeh\u00f6r","publisher":{"@id":"https:\/\/www.alfred-scheerer.de\/shop\/#organization"},"potentialAction":[{"@type":"SearchAction","target":{"@type":"EntryPoint","urlTemplate":"https:\/\/www.alfred-scheerer.de\/shop\/?s={search_term_string}"},"query-input":{"@type":"PropertyValueSpecification","valueRequired":true,"valueName":"search_term_string"}}],"inLanguage":"de"},{"@type":"Organization","@id":"https:\/\/www.alfred-scheerer.de\/shop\/#organization","name":"Scheerer GmbH","url":"https:\/\/www.alfred-scheerer.de\/shop\/","logo":{"@type":"ImageObject","inLanguage":"de","@id":"https:\/\/www.alfred-scheerer.de\/shop\/#\/schema\/logo\/image\/","url":"https:\/\/alfred-scheerer.de\/shop\/wp-content\/uploads\/2024\/05\/baum.jpg","contentUrl":"https:\/\/alfred-scheerer.de\/shop\/wp-content\/uploads\/2024\/05\/baum.jpg","width":512,"height":512,"caption":"Scheerer GmbH"},"image":{"@id":"https:\/\/www.alfred-scheerer.de\/shop\/#\/schema\/logo\/image\/"},"sameAs":["https:\/\/www.instagram.com\/alfredscheerer\/"]}]}},"_links":{"self":[{"href":"https:\/\/www.alfred-scheerer.de\/shop\/wp-json\/wp\/v2\/product\/416","targetHints":{"allow":["GET"]}}],"collection":[{"href":"https:\/\/www.alfred-scheerer.de\/shop\/wp-json\/wp\/v2\/product"}],"about":[{"href":"https:\/\/www.alfred-scheerer.de\/shop\/wp-json\/wp\/v2\/types\/product"}],"wp:featuredmedia":[{"embeddable":true,"href":"https:\/\/www.alfred-scheerer.de\/shop\/wp-json\/wp\/v2\/media\/649"}],"wp:attachment":[{"href":"https:\/\/www.alfred-scheerer.de\/shop\/wp-json\/wp\/v2\/media?parent=416"}],"wp:term":[{"taxonomy":"product_brand","embeddable":true,"href":"https:\/\/www.alfred-scheerer.de\/shop\/wp-json\/wp\/v2\/product_brand?post=416"},{"taxonomy":"product_cat","embeddable":true,"href":"https:\/\/www.alfred-scheerer.de\/shop\/wp-json\/wp\/v2\/product_cat?post=416"},{"taxonomy":"product_tag","embeddable":true,"href":"https:\/\/www.alfred-scheerer.de\/shop\/wp-json\/wp\/v2\/product_tag?post=416"}],"curies":[{"name":"wp","href":"https:\/\/api.w.org\/{rel}","templated":true}]}}