{"id":4405,"date":"2021-04-30T10:58:39","date_gmt":"2021-04-30T08:58:39","guid":{"rendered":"https:\/\/alfred-scheerer.de\/shop\/?post_type=product&#038;p=4405"},"modified":"2025-04-17T11:33:44","modified_gmt":"2025-04-17T09:33:44","slug":"garage-dach-abdeckung-fuer-ladestation-ambrogio-l250-ab-2020-110z66200a","status":"publish","type":"product","link":"https:\/\/www.alfred-scheerer.de\/shop\/product\/garage-dach-abdeckung-fuer-ladestation-ambrogio-l250-ab-2020-110z66200a\/","title":{"rendered":"Garage Dach Abdeckung f\u00fcr Ladestation Ambrogio L250 ab 2020 110Z66200A"},"content":{"rendered":"<p>Die Abdeckung wurde speziell entworfen, um den Roboter w\u00e4hrend des Ladevorgangs vor UV-Strahlen und Witterungseinfl\u00fcssen zu sch\u00fctzen.<\/p>\n<p>passend f\u00fcr:<br \/>\nRoboter ab Baujahr 2020<br \/>\nAmbrogio: L250<br \/>\nWiper: F-Serie<\/p>\n<p>Referenznummer:<br \/>\nAmbrogio\/Wiper\/ZCS: 110Z66200A<\/p>\n","protected":false},"excerpt":{"rendered":"<p>Die Abdeckung wurde speziell entworfen, um den Roboter w\u00e4hrend des Ladevorgangs vor UV-Strahlen und Witterungseinfl\u00fcssen zu sch\u00fctzen.<\/p>\n<p>Abdeckung\/Garage\/Dach f\u00fcr die Ladestation aus Kunststoff schwarz.<\/p>\n<p>passend f\u00fcr:<br \/>\nRoboter ab Baujahr 2020<br \/>\nAmbrogio: L250<br \/>\nWiper: F-Serie<\/p>\n<p>Referenznummer:<br \/>\nAmbrogio\/Wiper\/ZCS: 110Z66200A<\/p>\n","protected":false},"featured_media":4406,"template":"","meta":[],"product_brand":[1756],"product_cat":[94,100,106],"product_tag":[741,53,749,84,750,1057,1058,1059,1060,679,1061,737,1149,738,1150,739,1151],"class_list":{"0":"post-4405","1":"product","2":"type-product","3":"status-publish","4":"has-post-thumbnail","6":"product_brand-ambrogio","7":"product_cat-ambrogio-ersatzteile-zubehoer","8":"product_cat-l250-l250i","9":"product_cat-installation-ersatzteile-u-zubehoer","10":"product_tag-dach-wiper","11":"product_tag-ambrogio","12":"product_tag-abdeckung-ambrogio","13":"product_tag-l250","14":"product_tag-abdeckung-wiper","15":"product_tag-garage-l250","16":"product_tag-dach-l250","17":"product_tag-abdeckung-l250","18":"product_tag-wiper-f","19":"product_tag-ambrogio-l250","20":"product_tag-110z66200a","21":"product_tag-garage-ambrogio","22":"product_tag-abdeckung-l350","23":"product_tag-dach-ambrogio","24":"product_tag-garage-l350","25":"product_tag-garage-wiper","26":"product_tag-dach-l350","28":"first","29":"instock","30":"taxable","31":"shipping-taxable","32":"purchasable","33":"product-type-simple"},"yoast_head":"<!-- This site is optimized with the Yoast SEO plugin v27.4 - https:\/\/yoast.com\/product\/yoast-seo-wordpress\/ -->\n<title>Garage Dach Abdeckung f\u00fcr Ladestation Ambrogio L250 ab 2020 110Z66200A - Gartentechnik Scheerer<\/title>\n<meta name=\"description\" content=\"Sch\u00fctze deinen Roboter beim Laden vor Sonne und Regen! Diese Abdeckung bewahrt ihn zuverl\u00e4ssig vor UV-Strahlen und Witterungseinfl\u00fcssen.\" \/>\n<meta name=\"robots\" content=\"index, follow, max-snippet:-1, max-image-preview:large, max-video-preview:-1\" \/>\n<link rel=\"canonical\" href=\"https:\/\/www.alfred-scheerer.de\/shop\/product\/garage-dach-abdeckung-fuer-ladestation-ambrogio-l250-ab-2020-110z66200a\/\" \/>\n<meta property=\"og:locale\" content=\"de_DE\" \/>\n<meta property=\"og:type\" content=\"article\" \/>\n<meta property=\"og:title\" content=\"Garage Dach Abdeckung f\u00fcr Ladestation Ambrogio L250 ab 2020 110Z66200A - Gartentechnik Scheerer\" \/>\n<meta property=\"og:description\" content=\"Sch\u00fctze deinen Roboter beim Laden vor Sonne und Regen! Diese Abdeckung bewahrt ihn zuverl\u00e4ssig vor UV-Strahlen und Witterungseinfl\u00fcssen.\" \/>\n<meta property=\"og:url\" content=\"https:\/\/www.alfred-scheerer.de\/shop\/product\/garage-dach-abdeckung-fuer-ladestation-ambrogio-l250-ab-2020-110z66200a\/\" \/>\n<meta property=\"og:site_name\" content=\"Gartentechnik Scheerer\" \/>\n<meta property=\"article:modified_time\" content=\"2025-04-17T09:33:44+00:00\" \/>\n<meta property=\"og:image\" content=\"https:\/\/www.alfred-scheerer.de\/shop\/wp-content\/uploads\/2021\/04\/Abdeckung-L250.jpg\" \/>\n\t<meta property=\"og:image:width\" content=\"320\" \/>\n\t<meta property=\"og:image:height\" content=\"255\" \/>\n\t<meta property=\"og:image:type\" content=\"image\/jpeg\" \/>\n<meta name=\"twitter:card\" content=\"summary_large_image\" \/>\n<script type=\"application\/ld+json\" class=\"yoast-schema-graph\">{\"@context\":\"https:\\\/\\\/schema.org\",\"@graph\":[{\"@type\":\"WebPage\",\"@id\":\"https:\\\/\\\/www.alfred-scheerer.de\\\/shop\\\/product\\\/garage-dach-abdeckung-fuer-ladestation-ambrogio-l250-ab-2020-110z66200a\\\/\",\"url\":\"https:\\\/\\\/www.alfred-scheerer.de\\\/shop\\\/product\\\/garage-dach-abdeckung-fuer-ladestation-ambrogio-l250-ab-2020-110z66200a\\\/\",\"name\":\"Garage Dach Abdeckung f\u00fcr Ladestation Ambrogio L250 ab 2020 110Z66200A - Gartentechnik Scheerer\",\"isPartOf\":{\"@id\":\"https:\\\/\\\/www.alfred-scheerer.de\\\/shop\\\/#website\"},\"primaryImageOfPage\":{\"@id\":\"https:\\\/\\\/www.alfred-scheerer.de\\\/shop\\\/product\\\/garage-dach-abdeckung-fuer-ladestation-ambrogio-l250-ab-2020-110z66200a\\\/#primaryimage\"},\"image\":{\"@id\":\"https:\\\/\\\/www.alfred-scheerer.de\\\/shop\\\/product\\\/garage-dach-abdeckung-fuer-ladestation-ambrogio-l250-ab-2020-110z66200a\\\/#primaryimage\"},\"thumbnailUrl\":\"https:\\\/\\\/www.alfred-scheerer.de\\\/shop\\\/wp-content\\\/uploads\\\/2021\\\/04\\\/Abdeckung-L250.jpg\",\"datePublished\":\"2021-04-30T08:58:39+00:00\",\"dateModified\":\"2025-04-17T09:33:44+00:00\",\"description\":\"Sch\u00fctze deinen Roboter beim Laden vor Sonne und Regen! Diese Abdeckung bewahrt ihn zuverl\u00e4ssig vor UV-Strahlen und Witterungseinfl\u00fcssen.\",\"breadcrumb\":{\"@id\":\"https:\\\/\\\/www.alfred-scheerer.de\\\/shop\\\/product\\\/garage-dach-abdeckung-fuer-ladestation-ambrogio-l250-ab-2020-110z66200a\\\/#breadcrumb\"},\"inLanguage\":\"de\",\"potentialAction\":[{\"@type\":\"ReadAction\",\"target\":[\"https:\\\/\\\/www.alfred-scheerer.de\\\/shop\\\/product\\\/garage-dach-abdeckung-fuer-ladestation-ambrogio-l250-ab-2020-110z66200a\\\/\"]}]},{\"@type\":\"ImageObject\",\"inLanguage\":\"de\",\"@id\":\"https:\\\/\\\/www.alfred-scheerer.de\\\/shop\\\/product\\\/garage-dach-abdeckung-fuer-ladestation-ambrogio-l250-ab-2020-110z66200a\\\/#primaryimage\",\"url\":\"https:\\\/\\\/www.alfred-scheerer.de\\\/shop\\\/wp-content\\\/uploads\\\/2021\\\/04\\\/Abdeckung-L250.jpg\",\"contentUrl\":\"https:\\\/\\\/www.alfred-scheerer.de\\\/shop\\\/wp-content\\\/uploads\\\/2021\\\/04\\\/Abdeckung-L250.jpg\",\"width\":320,\"height\":255,\"caption\":\"Garage Dach L250\"},{\"@type\":\"BreadcrumbList\",\"@id\":\"https:\\\/\\\/www.alfred-scheerer.de\\\/shop\\\/product\\\/garage-dach-abdeckung-fuer-ladestation-ambrogio-l250-ab-2020-110z66200a\\\/#breadcrumb\",\"itemListElement\":[{\"@type\":\"ListItem\",\"position\":1,\"name\":\"Startseite\",\"item\":\"https:\\\/\\\/www.alfred-scheerer.de\\\/shop\\\/\"},{\"@type\":\"ListItem\",\"position\":2,\"name\":\"Gartentechnik Scheerer &#8211; Der Online Shop f\u00fcr M\u00e4hroboter und Zubeh\u00f6r\",\"item\":\"https:\\\/\\\/www.alfred-scheerer.de\\\/shop\\\/\"},{\"@type\":\"ListItem\",\"position\":3,\"name\":\"Garage Dach Abdeckung f\u00fcr Ladestation Ambrogio L250 ab 2020 110Z66200A\"}]},{\"@type\":\"WebSite\",\"@id\":\"https:\\\/\\\/www.alfred-scheerer.de\\\/shop\\\/#website\",\"url\":\"https:\\\/\\\/www.alfred-scheerer.de\\\/shop\\\/\",\"name\":\"Scheerer GmbH (ehem. Alfred Scheerer e.K.)\",\"description\":\"Der Online Shop aus Wermelskirchen f\u00fcr M\u00e4hroboter, Akku Gartenger\u00e4te, Ersatzteile und Zubeh\u00f6r\",\"publisher\":{\"@id\":\"https:\\\/\\\/www.alfred-scheerer.de\\\/shop\\\/#organization\"},\"potentialAction\":[{\"@type\":\"SearchAction\",\"target\":{\"@type\":\"EntryPoint\",\"urlTemplate\":\"https:\\\/\\\/www.alfred-scheerer.de\\\/shop\\\/?s={search_term_string}\"},\"query-input\":{\"@type\":\"PropertyValueSpecification\",\"valueRequired\":true,\"valueName\":\"search_term_string\"}}],\"inLanguage\":\"de\"},{\"@type\":\"Organization\",\"@id\":\"https:\\\/\\\/www.alfred-scheerer.de\\\/shop\\\/#organization\",\"name\":\"Scheerer GmbH\",\"url\":\"https:\\\/\\\/www.alfred-scheerer.de\\\/shop\\\/\",\"logo\":{\"@type\":\"ImageObject\",\"inLanguage\":\"de\",\"@id\":\"https:\\\/\\\/www.alfred-scheerer.de\\\/shop\\\/#\\\/schema\\\/logo\\\/image\\\/\",\"url\":\"https:\\\/\\\/alfred-scheerer.de\\\/shop\\\/wp-content\\\/uploads\\\/2024\\\/05\\\/baum.jpg\",\"contentUrl\":\"https:\\\/\\\/alfred-scheerer.de\\\/shop\\\/wp-content\\\/uploads\\\/2024\\\/05\\\/baum.jpg\",\"width\":512,\"height\":512,\"caption\":\"Scheerer GmbH\"},\"image\":{\"@id\":\"https:\\\/\\\/www.alfred-scheerer.de\\\/shop\\\/#\\\/schema\\\/logo\\\/image\\\/\"},\"sameAs\":[\"https:\\\/\\\/www.instagram.com\\\/alfredscheerer\\\/\"]}]}<\/script>\n<!-- \/ Yoast SEO plugin. -->","yoast_head_json":{"title":"Garage Dach Abdeckung f\u00fcr Ladestation Ambrogio L250 ab 2020 110Z66200A - Gartentechnik Scheerer","description":"Sch\u00fctze deinen Roboter beim Laden vor Sonne und Regen! Diese Abdeckung bewahrt ihn zuverl\u00e4ssig vor UV-Strahlen und Witterungseinfl\u00fcssen.","robots":{"index":"index","follow":"follow","max-snippet":"max-snippet:-1","max-image-preview":"max-image-preview:large","max-video-preview":"max-video-preview:-1"},"canonical":"https:\/\/www.alfred-scheerer.de\/shop\/product\/garage-dach-abdeckung-fuer-ladestation-ambrogio-l250-ab-2020-110z66200a\/","og_locale":"de_DE","og_type":"article","og_title":"Garage Dach Abdeckung f\u00fcr Ladestation Ambrogio L250 ab 2020 110Z66200A - Gartentechnik Scheerer","og_description":"Sch\u00fctze deinen Roboter beim Laden vor Sonne und Regen! Diese Abdeckung bewahrt ihn zuverl\u00e4ssig vor UV-Strahlen und Witterungseinfl\u00fcssen.","og_url":"https:\/\/www.alfred-scheerer.de\/shop\/product\/garage-dach-abdeckung-fuer-ladestation-ambrogio-l250-ab-2020-110z66200a\/","og_site_name":"Gartentechnik Scheerer","article_modified_time":"2025-04-17T09:33:44+00:00","og_image":[{"width":320,"height":255,"url":"https:\/\/www.alfred-scheerer.de\/shop\/wp-content\/uploads\/2021\/04\/Abdeckung-L250.jpg","type":"image\/jpeg"}],"twitter_card":"summary_large_image","schema":{"@context":"https:\/\/schema.org","@graph":[{"@type":"WebPage","@id":"https:\/\/www.alfred-scheerer.de\/shop\/product\/garage-dach-abdeckung-fuer-ladestation-ambrogio-l250-ab-2020-110z66200a\/","url":"https:\/\/www.alfred-scheerer.de\/shop\/product\/garage-dach-abdeckung-fuer-ladestation-ambrogio-l250-ab-2020-110z66200a\/","name":"Garage Dach Abdeckung f\u00fcr Ladestation Ambrogio L250 ab 2020 110Z66200A - Gartentechnik Scheerer","isPartOf":{"@id":"https:\/\/www.alfred-scheerer.de\/shop\/#website"},"primaryImageOfPage":{"@id":"https:\/\/www.alfred-scheerer.de\/shop\/product\/garage-dach-abdeckung-fuer-ladestation-ambrogio-l250-ab-2020-110z66200a\/#primaryimage"},"image":{"@id":"https:\/\/www.alfred-scheerer.de\/shop\/product\/garage-dach-abdeckung-fuer-ladestation-ambrogio-l250-ab-2020-110z66200a\/#primaryimage"},"thumbnailUrl":"https:\/\/www.alfred-scheerer.de\/shop\/wp-content\/uploads\/2021\/04\/Abdeckung-L250.jpg","datePublished":"2021-04-30T08:58:39+00:00","dateModified":"2025-04-17T09:33:44+00:00","description":"Sch\u00fctze deinen Roboter beim Laden vor Sonne und Regen! Diese Abdeckung bewahrt ihn zuverl\u00e4ssig vor UV-Strahlen und Witterungseinfl\u00fcssen.","breadcrumb":{"@id":"https:\/\/www.alfred-scheerer.de\/shop\/product\/garage-dach-abdeckung-fuer-ladestation-ambrogio-l250-ab-2020-110z66200a\/#breadcrumb"},"inLanguage":"de","potentialAction":[{"@type":"ReadAction","target":["https:\/\/www.alfred-scheerer.de\/shop\/product\/garage-dach-abdeckung-fuer-ladestation-ambrogio-l250-ab-2020-110z66200a\/"]}]},{"@type":"ImageObject","inLanguage":"de","@id":"https:\/\/www.alfred-scheerer.de\/shop\/product\/garage-dach-abdeckung-fuer-ladestation-ambrogio-l250-ab-2020-110z66200a\/#primaryimage","url":"https:\/\/www.alfred-scheerer.de\/shop\/wp-content\/uploads\/2021\/04\/Abdeckung-L250.jpg","contentUrl":"https:\/\/www.alfred-scheerer.de\/shop\/wp-content\/uploads\/2021\/04\/Abdeckung-L250.jpg","width":320,"height":255,"caption":"Garage Dach L250"},{"@type":"BreadcrumbList","@id":"https:\/\/www.alfred-scheerer.de\/shop\/product\/garage-dach-abdeckung-fuer-ladestation-ambrogio-l250-ab-2020-110z66200a\/#breadcrumb","itemListElement":[{"@type":"ListItem","position":1,"name":"Startseite","item":"https:\/\/www.alfred-scheerer.de\/shop\/"},{"@type":"ListItem","position":2,"name":"Gartentechnik Scheerer &#8211; Der Online Shop f\u00fcr M\u00e4hroboter und Zubeh\u00f6r","item":"https:\/\/www.alfred-scheerer.de\/shop\/"},{"@type":"ListItem","position":3,"name":"Garage Dach Abdeckung f\u00fcr Ladestation Ambrogio L250 ab 2020 110Z66200A"}]},{"@type":"WebSite","@id":"https:\/\/www.alfred-scheerer.de\/shop\/#website","url":"https:\/\/www.alfred-scheerer.de\/shop\/","name":"Scheerer GmbH (ehem. Alfred Scheerer e.K.)","description":"Der Online Shop aus Wermelskirchen f\u00fcr M\u00e4hroboter, Akku Gartenger\u00e4te, Ersatzteile und Zubeh\u00f6r","publisher":{"@id":"https:\/\/www.alfred-scheerer.de\/shop\/#organization"},"potentialAction":[{"@type":"SearchAction","target":{"@type":"EntryPoint","urlTemplate":"https:\/\/www.alfred-scheerer.de\/shop\/?s={search_term_string}"},"query-input":{"@type":"PropertyValueSpecification","valueRequired":true,"valueName":"search_term_string"}}],"inLanguage":"de"},{"@type":"Organization","@id":"https:\/\/www.alfred-scheerer.de\/shop\/#organization","name":"Scheerer GmbH","url":"https:\/\/www.alfred-scheerer.de\/shop\/","logo":{"@type":"ImageObject","inLanguage":"de","@id":"https:\/\/www.alfred-scheerer.de\/shop\/#\/schema\/logo\/image\/","url":"https:\/\/alfred-scheerer.de\/shop\/wp-content\/uploads\/2024\/05\/baum.jpg","contentUrl":"https:\/\/alfred-scheerer.de\/shop\/wp-content\/uploads\/2024\/05\/baum.jpg","width":512,"height":512,"caption":"Scheerer GmbH"},"image":{"@id":"https:\/\/www.alfred-scheerer.de\/shop\/#\/schema\/logo\/image\/"},"sameAs":["https:\/\/www.instagram.com\/alfredscheerer\/"]}]}},"_links":{"self":[{"href":"https:\/\/www.alfred-scheerer.de\/shop\/wp-json\/wp\/v2\/product\/4405","targetHints":{"allow":["GET"]}}],"collection":[{"href":"https:\/\/www.alfred-scheerer.de\/shop\/wp-json\/wp\/v2\/product"}],"about":[{"href":"https:\/\/www.alfred-scheerer.de\/shop\/wp-json\/wp\/v2\/types\/product"}],"wp:featuredmedia":[{"embeddable":true,"href":"https:\/\/www.alfred-scheerer.de\/shop\/wp-json\/wp\/v2\/media\/4406"}],"wp:attachment":[{"href":"https:\/\/www.alfred-scheerer.de\/shop\/wp-json\/wp\/v2\/media?parent=4405"}],"wp:term":[{"taxonomy":"product_brand","embeddable":true,"href":"https:\/\/www.alfred-scheerer.de\/shop\/wp-json\/wp\/v2\/product_brand?post=4405"},{"taxonomy":"product_cat","embeddable":true,"href":"https:\/\/www.alfred-scheerer.de\/shop\/wp-json\/wp\/v2\/product_cat?post=4405"},{"taxonomy":"product_tag","embeddable":true,"href":"https:\/\/www.alfred-scheerer.de\/shop\/wp-json\/wp\/v2\/product_tag?post=4405"}],"curies":[{"name":"wp","href":"https:\/\/api.w.org\/{rel}","templated":true}]}}