{"id":4431,"date":"2021-05-02T13:28:07","date_gmt":"2021-05-02T11:28:07","guid":{"rendered":"https:\/\/alfred-scheerer.de\/shop\/?post_type=product&#038;p=4431"},"modified":"2026-02-22T18:33:00","modified_gmt":"2026-02-22T17:33:00","slug":"messer-ersatzmesser-6-klingen-25-cm-ambrogio-4-0-elite-wiper-ks-techline-l-x4-042z20700a","status":"publish","type":"product","link":"https:\/\/www.alfred-scheerer.de\/shop\/product\/messer-ersatzmesser-6-klingen-25-cm-ambrogio-4-0-elite-wiper-ks-techline-l-x4-042z20700a\/","title":{"rendered":"Messer Ersatzmesser 6-Klingen 25 cm Ambrogio 4.0 Elite, Wiper KS, Techline L X4 042Z20700A"},"content":{"rendered":"<p>Original Ambrogio ZCS Ersatzmesser\/Messerring mit 6-Klingen (Bild Nr. 36) passend f\u00fcr Ambrogio 4.0 Elite<br \/>\nDurchmesser 25 cm<\/p>\n<p>passend f\u00fcr:<br \/>\nMesserscheibe 042Z54300A als Ersatzmesser<\/p>\n<p>passend f\u00fcr:<br \/>\nAmbrogio: Next Line 4.0 Elite<br \/>\nWiper: Premium KS<br \/>\nTechline: Next Tech L X4<\/p>\n<p>Referenznummer:<br \/>\nAmbrogio, Techline, Wiper, ZCS: 042Z20700A<\/p>\n","protected":false},"excerpt":{"rendered":"<p>Original Ambrogio ZCS Ersatzmesser\/Messerring mit 6-Klingen (Bild Nr. 36)<br \/>\nDurchmesser 25 cm<\/p>\n<p>passend f\u00fcr:<br \/>\nMesserscheibe 042Z54300A als Ersatzmesser<\/p>\n<p>verbaut in:<br \/>\nAmbrogio: Next Line 4.0 Elite<br \/>\nWiper: Premium KS<br \/>\nTechline: Next Tech L X4<\/p>\n<p>Referenznummer:<br \/>\nAmbrogio, Techline, Wiper, ZCS: 042Z20700A<\/p>\n","protected":false},"featured_media":4423,"template":"","meta":[],"product_brand":[1756],"product_cat":[94,106,1425,1433,312],"product_tag":[1124,1135,582,1125,1136,583,1126,1137,584,1127,1138,585,1128,586,1129,612,1130,613,1131,460,614,1132,528,615,1133,576,823,1134,581],"class_list":{"0":"post-4431","1":"product","2":"type-product","3":"status-publish","4":"has-post-thumbnail","6":"product_brand-ambrogio","7":"product_cat-ambrogio-ersatzteile-zubehoer","8":"product_cat-installation-ersatzteile-u-zubehoer","9":"product_cat-ambrogio-ersatzmesser","10":"product_cat-4-0-elite","11":"product_cat-wiper-ersatzteile-zubehoer","12":"product_tag-4-0-ersatzmesser","13":"product_tag-messerscheibe-ks","14":"product_tag-wiper-ersatzmesser","15":"product_tag-4-0-messerscheibe","16":"product_tag-messerscheibe-l-x4","17":"product_tag-techline-ersatzmesser","18":"product_tag-sicherheitsmesser","19":"product_tag-042z20700a","20":"product_tag-maehroboter-messer","21":"product_tag-ambrogio-messerscheibe","22":"product_tag-messerring-4-0","23":"product_tag-techline-messer","24":"product_tag-messer-6-klingen","25":"product_tag-maehroboter-ersatzmesser","26":"product_tag-042z54300a","27":"product_tag-ersatzmesser-25-cm","28":"product_tag-042z21000a","29":"product_tag-ersatzmesser-25cm","30":"product_tag-messer-l-x4","31":"product_tag-ambrogio-ersatzteile","32":"product_tag-messer-25-cm","33":"product_tag-ersatzmesser-l-x4","34":"product_tag-ambrogio-messer","35":"product_tag-messer-25cm","36":"product_tag-messer-ks","37":"product_tag-ambrogio-ersatzmesser","38":"product_tag-ambrogio-4-0-elite","39":"product_tag-ersatzmesser-ks","40":"product_tag-wiper-messer","42":"first","43":"instock","44":"sale","45":"taxable","46":"shipping-taxable","47":"purchasable","48":"product-type-simple"},"yoast_head":"<!-- This site is optimized with the Yoast SEO plugin v27.4 - https:\/\/yoast.com\/product\/yoast-seo-wordpress\/ -->\n<title>Messer Ersatzmesser 6-Klingen 25 cm Ambrogio 4.0 Elite, Wiper KS, Techline L X4 042Z20700A - Gartentechnik Scheerer<\/title>\n<meta name=\"robots\" content=\"index, follow, max-snippet:-1, max-image-preview:large, max-video-preview:-1\" \/>\n<link rel=\"canonical\" href=\"https:\/\/www.alfred-scheerer.de\/shop\/product\/messer-ersatzmesser-6-klingen-25-cm-ambrogio-4-0-elite-wiper-ks-techline-l-x4-042z20700a\/\" \/>\n<meta property=\"og:locale\" content=\"de_DE\" \/>\n<meta property=\"og:type\" content=\"article\" \/>\n<meta property=\"og:title\" content=\"Messer Ersatzmesser 6-Klingen 25 cm Ambrogio 4.0 Elite, Wiper KS, Techline L X4 042Z20700A - Gartentechnik Scheerer\" \/>\n<meta property=\"og:description\" content=\"Original Ambrogio ZCS Ersatzmesser\/Messerring mit 6-Klingen (Bild Nr. 36) Durchmesser 25 cm  passend f\u00fcr: Messerscheibe 042Z54300A als Ersatzmesser  verbaut in: Ambrogio: Next Line 4.0 Elite Wiper: Premium KS Techline: Next Tech L X4  Referenznummer: Ambrogio, Techline, Wiper, ZCS: 042Z20700A\" \/>\n<meta property=\"og:url\" content=\"https:\/\/www.alfred-scheerer.de\/shop\/product\/messer-ersatzmesser-6-klingen-25-cm-ambrogio-4-0-elite-wiper-ks-techline-l-x4-042z20700a\/\" \/>\n<meta property=\"og:site_name\" content=\"Gartentechnik Scheerer\" \/>\n<meta property=\"article:modified_time\" content=\"2026-02-22T17:33:00+00:00\" \/>\n<meta property=\"og:image\" content=\"https:\/\/www.alfred-scheerer.de\/shop\/wp-content\/uploads\/2021\/05\/Messerring-Ersatzmesser-4.0-Elite-042Z20700A.jpg\" \/>\n\t<meta property=\"og:image:width\" content=\"800\" \/>\n\t<meta property=\"og:image:height\" content=\"800\" \/>\n\t<meta property=\"og:image:type\" content=\"image\/jpeg\" \/>\n<meta name=\"twitter:card\" content=\"summary_large_image\" \/>\n<script type=\"application\/ld+json\" class=\"yoast-schema-graph\">{\"@context\":\"https:\\\/\\\/schema.org\",\"@graph\":[{\"@type\":\"WebPage\",\"@id\":\"https:\\\/\\\/www.alfred-scheerer.de\\\/shop\\\/product\\\/messer-ersatzmesser-6-klingen-25-cm-ambrogio-4-0-elite-wiper-ks-techline-l-x4-042z20700a\\\/\",\"url\":\"https:\\\/\\\/www.alfred-scheerer.de\\\/shop\\\/product\\\/messer-ersatzmesser-6-klingen-25-cm-ambrogio-4-0-elite-wiper-ks-techline-l-x4-042z20700a\\\/\",\"name\":\"Messer Ersatzmesser 6-Klingen 25 cm Ambrogio 4.0 Elite, Wiper KS, Techline L X4 042Z20700A - Gartentechnik Scheerer\",\"isPartOf\":{\"@id\":\"https:\\\/\\\/www.alfred-scheerer.de\\\/shop\\\/#website\"},\"primaryImageOfPage\":{\"@id\":\"https:\\\/\\\/www.alfred-scheerer.de\\\/shop\\\/product\\\/messer-ersatzmesser-6-klingen-25-cm-ambrogio-4-0-elite-wiper-ks-techline-l-x4-042z20700a\\\/#primaryimage\"},\"image\":{\"@id\":\"https:\\\/\\\/www.alfred-scheerer.de\\\/shop\\\/product\\\/messer-ersatzmesser-6-klingen-25-cm-ambrogio-4-0-elite-wiper-ks-techline-l-x4-042z20700a\\\/#primaryimage\"},\"thumbnailUrl\":\"https:\\\/\\\/www.alfred-scheerer.de\\\/shop\\\/wp-content\\\/uploads\\\/2021\\\/05\\\/Messerring-Ersatzmesser-4.0-Elite-042Z20700A.jpg\",\"datePublished\":\"2021-05-02T11:28:07+00:00\",\"dateModified\":\"2026-02-22T17:33:00+00:00\",\"breadcrumb\":{\"@id\":\"https:\\\/\\\/www.alfred-scheerer.de\\\/shop\\\/product\\\/messer-ersatzmesser-6-klingen-25-cm-ambrogio-4-0-elite-wiper-ks-techline-l-x4-042z20700a\\\/#breadcrumb\"},\"inLanguage\":\"de\",\"potentialAction\":[{\"@type\":\"ReadAction\",\"target\":[\"https:\\\/\\\/www.alfred-scheerer.de\\\/shop\\\/product\\\/messer-ersatzmesser-6-klingen-25-cm-ambrogio-4-0-elite-wiper-ks-techline-l-x4-042z20700a\\\/\"]}]},{\"@type\":\"ImageObject\",\"inLanguage\":\"de\",\"@id\":\"https:\\\/\\\/www.alfred-scheerer.de\\\/shop\\\/product\\\/messer-ersatzmesser-6-klingen-25-cm-ambrogio-4-0-elite-wiper-ks-techline-l-x4-042z20700a\\\/#primaryimage\",\"url\":\"https:\\\/\\\/www.alfred-scheerer.de\\\/shop\\\/wp-content\\\/uploads\\\/2021\\\/05\\\/Messerring-Ersatzmesser-4.0-Elite-042Z20700A.jpg\",\"contentUrl\":\"https:\\\/\\\/www.alfred-scheerer.de\\\/shop\\\/wp-content\\\/uploads\\\/2021\\\/05\\\/Messerring-Ersatzmesser-4.0-Elite-042Z20700A.jpg\",\"width\":800,\"height\":800},{\"@type\":\"BreadcrumbList\",\"@id\":\"https:\\\/\\\/www.alfred-scheerer.de\\\/shop\\\/product\\\/messer-ersatzmesser-6-klingen-25-cm-ambrogio-4-0-elite-wiper-ks-techline-l-x4-042z20700a\\\/#breadcrumb\",\"itemListElement\":[{\"@type\":\"ListItem\",\"position\":1,\"name\":\"Startseite\",\"item\":\"https:\\\/\\\/www.alfred-scheerer.de\\\/shop\\\/\"},{\"@type\":\"ListItem\",\"position\":2,\"name\":\"Gartentechnik Scheerer &#8211; Der Online Shop f\u00fcr M\u00e4hroboter und Zubeh\u00f6r\",\"item\":\"https:\\\/\\\/www.alfred-scheerer.de\\\/shop\\\/\"},{\"@type\":\"ListItem\",\"position\":3,\"name\":\"Messer Ersatzmesser 6-Klingen 25 cm Ambrogio 4.0 Elite, Wiper KS, Techline L X4 042Z20700A\"}]},{\"@type\":\"WebSite\",\"@id\":\"https:\\\/\\\/www.alfred-scheerer.de\\\/shop\\\/#website\",\"url\":\"https:\\\/\\\/www.alfred-scheerer.de\\\/shop\\\/\",\"name\":\"Scheerer GmbH (ehem. Alfred Scheerer e.K.)\",\"description\":\"Der Online Shop aus Wermelskirchen f\u00fcr M\u00e4hroboter, Akku Gartenger\u00e4te, Ersatzteile und Zubeh\u00f6r\",\"publisher\":{\"@id\":\"https:\\\/\\\/www.alfred-scheerer.de\\\/shop\\\/#organization\"},\"potentialAction\":[{\"@type\":\"SearchAction\",\"target\":{\"@type\":\"EntryPoint\",\"urlTemplate\":\"https:\\\/\\\/www.alfred-scheerer.de\\\/shop\\\/?s={search_term_string}\"},\"query-input\":{\"@type\":\"PropertyValueSpecification\",\"valueRequired\":true,\"valueName\":\"search_term_string\"}}],\"inLanguage\":\"de\"},{\"@type\":\"Organization\",\"@id\":\"https:\\\/\\\/www.alfred-scheerer.de\\\/shop\\\/#organization\",\"name\":\"Scheerer GmbH\",\"url\":\"https:\\\/\\\/www.alfred-scheerer.de\\\/shop\\\/\",\"logo\":{\"@type\":\"ImageObject\",\"inLanguage\":\"de\",\"@id\":\"https:\\\/\\\/www.alfred-scheerer.de\\\/shop\\\/#\\\/schema\\\/logo\\\/image\\\/\",\"url\":\"https:\\\/\\\/alfred-scheerer.de\\\/shop\\\/wp-content\\\/uploads\\\/2024\\\/05\\\/baum.jpg\",\"contentUrl\":\"https:\\\/\\\/alfred-scheerer.de\\\/shop\\\/wp-content\\\/uploads\\\/2024\\\/05\\\/baum.jpg\",\"width\":512,\"height\":512,\"caption\":\"Scheerer GmbH\"},\"image\":{\"@id\":\"https:\\\/\\\/www.alfred-scheerer.de\\\/shop\\\/#\\\/schema\\\/logo\\\/image\\\/\"},\"sameAs\":[\"https:\\\/\\\/www.instagram.com\\\/alfredscheerer\\\/\"]}]}<\/script>\n<!-- \/ Yoast SEO plugin. -->","yoast_head_json":{"title":"Messer Ersatzmesser 6-Klingen 25 cm Ambrogio 4.0 Elite, Wiper KS, Techline L X4 042Z20700A - Gartentechnik Scheerer","robots":{"index":"index","follow":"follow","max-snippet":"max-snippet:-1","max-image-preview":"max-image-preview:large","max-video-preview":"max-video-preview:-1"},"canonical":"https:\/\/www.alfred-scheerer.de\/shop\/product\/messer-ersatzmesser-6-klingen-25-cm-ambrogio-4-0-elite-wiper-ks-techline-l-x4-042z20700a\/","og_locale":"de_DE","og_type":"article","og_title":"Messer Ersatzmesser 6-Klingen 25 cm Ambrogio 4.0 Elite, Wiper KS, Techline L X4 042Z20700A - Gartentechnik Scheerer","og_description":"Original Ambrogio ZCS Ersatzmesser\/Messerring mit 6-Klingen (Bild Nr. 36) Durchmesser 25 cm  passend f\u00fcr: Messerscheibe 042Z54300A als Ersatzmesser  verbaut in: Ambrogio: Next Line 4.0 Elite Wiper: Premium KS Techline: Next Tech L X4  Referenznummer: Ambrogio, Techline, Wiper, ZCS: 042Z20700A","og_url":"https:\/\/www.alfred-scheerer.de\/shop\/product\/messer-ersatzmesser-6-klingen-25-cm-ambrogio-4-0-elite-wiper-ks-techline-l-x4-042z20700a\/","og_site_name":"Gartentechnik Scheerer","article_modified_time":"2026-02-22T17:33:00+00:00","og_image":[{"width":800,"height":800,"url":"https:\/\/www.alfred-scheerer.de\/shop\/wp-content\/uploads\/2021\/05\/Messerring-Ersatzmesser-4.0-Elite-042Z20700A.jpg","type":"image\/jpeg"}],"twitter_card":"summary_large_image","schema":{"@context":"https:\/\/schema.org","@graph":[{"@type":"WebPage","@id":"https:\/\/www.alfred-scheerer.de\/shop\/product\/messer-ersatzmesser-6-klingen-25-cm-ambrogio-4-0-elite-wiper-ks-techline-l-x4-042z20700a\/","url":"https:\/\/www.alfred-scheerer.de\/shop\/product\/messer-ersatzmesser-6-klingen-25-cm-ambrogio-4-0-elite-wiper-ks-techline-l-x4-042z20700a\/","name":"Messer Ersatzmesser 6-Klingen 25 cm Ambrogio 4.0 Elite, Wiper KS, Techline L X4 042Z20700A - Gartentechnik Scheerer","isPartOf":{"@id":"https:\/\/www.alfred-scheerer.de\/shop\/#website"},"primaryImageOfPage":{"@id":"https:\/\/www.alfred-scheerer.de\/shop\/product\/messer-ersatzmesser-6-klingen-25-cm-ambrogio-4-0-elite-wiper-ks-techline-l-x4-042z20700a\/#primaryimage"},"image":{"@id":"https:\/\/www.alfred-scheerer.de\/shop\/product\/messer-ersatzmesser-6-klingen-25-cm-ambrogio-4-0-elite-wiper-ks-techline-l-x4-042z20700a\/#primaryimage"},"thumbnailUrl":"https:\/\/www.alfred-scheerer.de\/shop\/wp-content\/uploads\/2021\/05\/Messerring-Ersatzmesser-4.0-Elite-042Z20700A.jpg","datePublished":"2021-05-02T11:28:07+00:00","dateModified":"2026-02-22T17:33:00+00:00","breadcrumb":{"@id":"https:\/\/www.alfred-scheerer.de\/shop\/product\/messer-ersatzmesser-6-klingen-25-cm-ambrogio-4-0-elite-wiper-ks-techline-l-x4-042z20700a\/#breadcrumb"},"inLanguage":"de","potentialAction":[{"@type":"ReadAction","target":["https:\/\/www.alfred-scheerer.de\/shop\/product\/messer-ersatzmesser-6-klingen-25-cm-ambrogio-4-0-elite-wiper-ks-techline-l-x4-042z20700a\/"]}]},{"@type":"ImageObject","inLanguage":"de","@id":"https:\/\/www.alfred-scheerer.de\/shop\/product\/messer-ersatzmesser-6-klingen-25-cm-ambrogio-4-0-elite-wiper-ks-techline-l-x4-042z20700a\/#primaryimage","url":"https:\/\/www.alfred-scheerer.de\/shop\/wp-content\/uploads\/2021\/05\/Messerring-Ersatzmesser-4.0-Elite-042Z20700A.jpg","contentUrl":"https:\/\/www.alfred-scheerer.de\/shop\/wp-content\/uploads\/2021\/05\/Messerring-Ersatzmesser-4.0-Elite-042Z20700A.jpg","width":800,"height":800},{"@type":"BreadcrumbList","@id":"https:\/\/www.alfred-scheerer.de\/shop\/product\/messer-ersatzmesser-6-klingen-25-cm-ambrogio-4-0-elite-wiper-ks-techline-l-x4-042z20700a\/#breadcrumb","itemListElement":[{"@type":"ListItem","position":1,"name":"Startseite","item":"https:\/\/www.alfred-scheerer.de\/shop\/"},{"@type":"ListItem","position":2,"name":"Gartentechnik Scheerer &#8211; Der Online Shop f\u00fcr M\u00e4hroboter und Zubeh\u00f6r","item":"https:\/\/www.alfred-scheerer.de\/shop\/"},{"@type":"ListItem","position":3,"name":"Messer Ersatzmesser 6-Klingen 25 cm Ambrogio 4.0 Elite, Wiper KS, Techline L X4 042Z20700A"}]},{"@type":"WebSite","@id":"https:\/\/www.alfred-scheerer.de\/shop\/#website","url":"https:\/\/www.alfred-scheerer.de\/shop\/","name":"Scheerer GmbH (ehem. Alfred Scheerer e.K.)","description":"Der Online Shop aus Wermelskirchen f\u00fcr M\u00e4hroboter, Akku Gartenger\u00e4te, Ersatzteile und Zubeh\u00f6r","publisher":{"@id":"https:\/\/www.alfred-scheerer.de\/shop\/#organization"},"potentialAction":[{"@type":"SearchAction","target":{"@type":"EntryPoint","urlTemplate":"https:\/\/www.alfred-scheerer.de\/shop\/?s={search_term_string}"},"query-input":{"@type":"PropertyValueSpecification","valueRequired":true,"valueName":"search_term_string"}}],"inLanguage":"de"},{"@type":"Organization","@id":"https:\/\/www.alfred-scheerer.de\/shop\/#organization","name":"Scheerer GmbH","url":"https:\/\/www.alfred-scheerer.de\/shop\/","logo":{"@type":"ImageObject","inLanguage":"de","@id":"https:\/\/www.alfred-scheerer.de\/shop\/#\/schema\/logo\/image\/","url":"https:\/\/alfred-scheerer.de\/shop\/wp-content\/uploads\/2024\/05\/baum.jpg","contentUrl":"https:\/\/alfred-scheerer.de\/shop\/wp-content\/uploads\/2024\/05\/baum.jpg","width":512,"height":512,"caption":"Scheerer GmbH"},"image":{"@id":"https:\/\/www.alfred-scheerer.de\/shop\/#\/schema\/logo\/image\/"},"sameAs":["https:\/\/www.instagram.com\/alfredscheerer\/"]}]}},"_links":{"self":[{"href":"https:\/\/www.alfred-scheerer.de\/shop\/wp-json\/wp\/v2\/product\/4431","targetHints":{"allow":["GET"]}}],"collection":[{"href":"https:\/\/www.alfred-scheerer.de\/shop\/wp-json\/wp\/v2\/product"}],"about":[{"href":"https:\/\/www.alfred-scheerer.de\/shop\/wp-json\/wp\/v2\/types\/product"}],"wp:featuredmedia":[{"embeddable":true,"href":"https:\/\/www.alfred-scheerer.de\/shop\/wp-json\/wp\/v2\/media\/4423"}],"wp:attachment":[{"href":"https:\/\/www.alfred-scheerer.de\/shop\/wp-json\/wp\/v2\/media?parent=4431"}],"wp:term":[{"taxonomy":"product_brand","embeddable":true,"href":"https:\/\/www.alfred-scheerer.de\/shop\/wp-json\/wp\/v2\/product_brand?post=4431"},{"taxonomy":"product_cat","embeddable":true,"href":"https:\/\/www.alfred-scheerer.de\/shop\/wp-json\/wp\/v2\/product_cat?post=4431"},{"taxonomy":"product_tag","embeddable":true,"href":"https:\/\/www.alfred-scheerer.de\/shop\/wp-json\/wp\/v2\/product_tag?post=4431"}],"curies":[{"name":"wp","href":"https:\/\/api.w.org\/{rel}","templated":true}]}}