{"id":4690,"date":"2021-06-21T18:20:11","date_gmt":"2021-06-21T16:20:11","guid":{"rendered":"https:\/\/alfred-scheerer.de\/shop\/?post_type=product&#038;p=4690"},"modified":"2025-11-12T09:32:31","modified_gmt":"2025-11-12T08:32:31","slug":"distanzscheibe-ambrogio-l50-l60-wiper-blitz-6-mm-50_d0019_00","status":"publish","type":"product","link":"https:\/\/www.alfred-scheerer.de\/shop\/product\/distanzscheibe-ambrogio-l50-l60-wiper-blitz-6-mm-50_d0019_00\/","title":{"rendered":"Distanzscheibe Ambrogio L50 L60 Wiper Blitz 6 mm 50_D0019_00"},"content":{"rendered":"<p>Distanzscheibe zum einstellen der Schnitth\u00f6he,\u00a0 H\u00f6he: 6 mm<br \/>\nDiese Schrauben werden zus\u00e4tzlich zur Befestigung ben\u00f6tigt: <strong><a href=\"https:\/\/alfred-scheerer.de\/shop\/product\/schraube-messer-ambrogio-m4x8-c00212-a850460\/\">Schrauben Messer Ambrogio 4 St\u00fcck M4x8 C00212 A850460<\/a><\/strong><\/p>\n<p>passend f\u00fcr:<br \/>\nAmbrogio: L50, L60<br \/>\nWiper: Blitz<\/p>\n<p>Lieferumfang:<br \/>\n1 St\u00fcck Distanzscheibe<\/p>\n","protected":false},"excerpt":{"rendered":"<p>Distanzscheibe zum einstellen der Schnitth\u00f6he,\u00a0 H\u00f6he: 6 mm<br \/>\nDiese Schrauben werden zus\u00e4tzlich zur Befestigung ben\u00f6tigt: <strong><a href=\"https:\/\/alfred-scheerer.de\/shop\/product\/schraube-messer-ambrogio-m4x8-c00212-a850460\/\">Schrauben Messer Ambrogio 4 St\u00fcck M4x8 C00212 A850460<\/a><\/strong><\/p>\n<p>passend f\u00fcr:<br \/>\nAmbrogio: L50, L60<br \/>\nWiper: Blitz<\/p>\n<p>Lieferumfang:<br \/>\n1 St\u00fcck Distanzscheibe<\/p>\n","protected":false},"featured_media":4691,"template":"","meta":[],"product_brand":[1756],"product_cat":[312,97],"product_tag":[1216,1217,1218,1219,1220,1221],"class_list":{"0":"post-4690","1":"product","2":"type-product","3":"status-publish","4":"has-post-thumbnail","6":"product_brand-ambrogio","7":"product_cat-wiper-ersatzteile-zubehoer","8":"product_cat-l50-l60","9":"product_tag-50_d0019_00","10":"product_tag-distanzscheibe-ambrogio","11":"product_tag-distanzscheibe-wiper","12":"product_tag-schnitthoehe-einstellen-l60","13":"product_tag-schnitthoehe-einstellen-l50","14":"product_tag-schnitthoehe-einstellen-blitz","16":"first","17":"instock","18":"taxable","19":"shipping-taxable","20":"purchasable","21":"product-type-simple"},"yoast_head":"<!-- This site is optimized with the Yoast SEO plugin v27.4 - https:\/\/yoast.com\/product\/yoast-seo-wordpress\/ -->\n<title>Distanzscheibe Ambrogio L50 L60 Wiper Blitz 6 mm 50_D0019_00 - Gartentechnik Scheerer<\/title>\n<meta name=\"robots\" content=\"index, follow, max-snippet:-1, max-image-preview:large, max-video-preview:-1\" \/>\n<link rel=\"canonical\" href=\"https:\/\/www.alfred-scheerer.de\/shop\/product\/distanzscheibe-ambrogio-l50-l60-wiper-blitz-6-mm-50_d0019_00\/\" \/>\n<meta property=\"og:locale\" content=\"de_DE\" \/>\n<meta property=\"og:type\" content=\"article\" \/>\n<meta property=\"og:title\" content=\"Distanzscheibe Ambrogio L50 L60 Wiper Blitz 6 mm 50_D0019_00 - Gartentechnik Scheerer\" \/>\n<meta property=\"og:description\" content=\"Distanzscheibe zum einstellen der Schnitth\u00f6he,\u00a0 H\u00f6he: 6 mm Diese Schrauben werden zus\u00e4tzlich zur Befestigung ben\u00f6tigt: Schrauben Messer Ambrogio 4 St\u00fcck M4x8 C00212 A850460  passend f\u00fcr: Ambrogio: L50, L60 Wiper: Blitz  Lieferumfang: 1 St\u00fcck Distanzscheibe\" \/>\n<meta property=\"og:url\" content=\"https:\/\/www.alfred-scheerer.de\/shop\/product\/distanzscheibe-ambrogio-l50-l60-wiper-blitz-6-mm-50_d0019_00\/\" \/>\n<meta property=\"og:site_name\" content=\"Gartentechnik Scheerer\" \/>\n<meta property=\"article:modified_time\" content=\"2025-11-12T08:32:31+00:00\" \/>\n<meta property=\"og:image\" content=\"https:\/\/www.alfred-scheerer.de\/shop\/wp-content\/uploads\/2021\/06\/Distanzscheibe-L60-944109-1-e1624292382404.jpg\" \/>\n\t<meta property=\"og:image:width\" content=\"746\" \/>\n\t<meta property=\"og:image:height\" content=\"746\" \/>\n\t<meta property=\"og:image:type\" content=\"image\/jpeg\" \/>\n<meta name=\"twitter:card\" content=\"summary_large_image\" \/>\n<script type=\"application\/ld+json\" class=\"yoast-schema-graph\">{\"@context\":\"https:\\\/\\\/schema.org\",\"@graph\":[{\"@type\":\"WebPage\",\"@id\":\"https:\\\/\\\/www.alfred-scheerer.de\\\/shop\\\/product\\\/distanzscheibe-ambrogio-l50-l60-wiper-blitz-6-mm-50_d0019_00\\\/\",\"url\":\"https:\\\/\\\/www.alfred-scheerer.de\\\/shop\\\/product\\\/distanzscheibe-ambrogio-l50-l60-wiper-blitz-6-mm-50_d0019_00\\\/\",\"name\":\"Distanzscheibe Ambrogio L50 L60 Wiper Blitz 6 mm 50_D0019_00 - Gartentechnik Scheerer\",\"isPartOf\":{\"@id\":\"https:\\\/\\\/www.alfred-scheerer.de\\\/shop\\\/#website\"},\"primaryImageOfPage\":{\"@id\":\"https:\\\/\\\/www.alfred-scheerer.de\\\/shop\\\/product\\\/distanzscheibe-ambrogio-l50-l60-wiper-blitz-6-mm-50_d0019_00\\\/#primaryimage\"},\"image\":{\"@id\":\"https:\\\/\\\/www.alfred-scheerer.de\\\/shop\\\/product\\\/distanzscheibe-ambrogio-l50-l60-wiper-blitz-6-mm-50_d0019_00\\\/#primaryimage\"},\"thumbnailUrl\":\"https:\\\/\\\/www.alfred-scheerer.de\\\/shop\\\/wp-content\\\/uploads\\\/2021\\\/06\\\/Distanzscheibe-L60-944109-1-e1624292382404.jpg\",\"datePublished\":\"2021-06-21T16:20:11+00:00\",\"dateModified\":\"2025-11-12T08:32:31+00:00\",\"breadcrumb\":{\"@id\":\"https:\\\/\\\/www.alfred-scheerer.de\\\/shop\\\/product\\\/distanzscheibe-ambrogio-l50-l60-wiper-blitz-6-mm-50_d0019_00\\\/#breadcrumb\"},\"inLanguage\":\"de\",\"potentialAction\":[{\"@type\":\"ReadAction\",\"target\":[\"https:\\\/\\\/www.alfred-scheerer.de\\\/shop\\\/product\\\/distanzscheibe-ambrogio-l50-l60-wiper-blitz-6-mm-50_d0019_00\\\/\"]}]},{\"@type\":\"ImageObject\",\"inLanguage\":\"de\",\"@id\":\"https:\\\/\\\/www.alfred-scheerer.de\\\/shop\\\/product\\\/distanzscheibe-ambrogio-l50-l60-wiper-blitz-6-mm-50_d0019_00\\\/#primaryimage\",\"url\":\"https:\\\/\\\/www.alfred-scheerer.de\\\/shop\\\/wp-content\\\/uploads\\\/2021\\\/06\\\/Distanzscheibe-L60-944109-1-e1624292382404.jpg\",\"contentUrl\":\"https:\\\/\\\/www.alfred-scheerer.de\\\/shop\\\/wp-content\\\/uploads\\\/2021\\\/06\\\/Distanzscheibe-L60-944109-1-e1624292382404.jpg\",\"width\":746,\"height\":746},{\"@type\":\"BreadcrumbList\",\"@id\":\"https:\\\/\\\/www.alfred-scheerer.de\\\/shop\\\/product\\\/distanzscheibe-ambrogio-l50-l60-wiper-blitz-6-mm-50_d0019_00\\\/#breadcrumb\",\"itemListElement\":[{\"@type\":\"ListItem\",\"position\":1,\"name\":\"Startseite\",\"item\":\"https:\\\/\\\/www.alfred-scheerer.de\\\/shop\\\/\"},{\"@type\":\"ListItem\",\"position\":2,\"name\":\"Gartentechnik Scheerer &#8211; Der Online Shop f\u00fcr M\u00e4hroboter und Zubeh\u00f6r\",\"item\":\"https:\\\/\\\/www.alfred-scheerer.de\\\/shop\\\/\"},{\"@type\":\"ListItem\",\"position\":3,\"name\":\"Distanzscheibe Ambrogio L50 L60 Wiper Blitz 6 mm 50_D0019_00\"}]},{\"@type\":\"WebSite\",\"@id\":\"https:\\\/\\\/www.alfred-scheerer.de\\\/shop\\\/#website\",\"url\":\"https:\\\/\\\/www.alfred-scheerer.de\\\/shop\\\/\",\"name\":\"Scheerer GmbH (ehem. Alfred Scheerer e.K.)\",\"description\":\"Der Online Shop aus Wermelskirchen f\u00fcr M\u00e4hroboter, Akku Gartenger\u00e4te, Ersatzteile und Zubeh\u00f6r\",\"publisher\":{\"@id\":\"https:\\\/\\\/www.alfred-scheerer.de\\\/shop\\\/#organization\"},\"potentialAction\":[{\"@type\":\"SearchAction\",\"target\":{\"@type\":\"EntryPoint\",\"urlTemplate\":\"https:\\\/\\\/www.alfred-scheerer.de\\\/shop\\\/?s={search_term_string}\"},\"query-input\":{\"@type\":\"PropertyValueSpecification\",\"valueRequired\":true,\"valueName\":\"search_term_string\"}}],\"inLanguage\":\"de\"},{\"@type\":\"Organization\",\"@id\":\"https:\\\/\\\/www.alfred-scheerer.de\\\/shop\\\/#organization\",\"name\":\"Scheerer GmbH\",\"url\":\"https:\\\/\\\/www.alfred-scheerer.de\\\/shop\\\/\",\"logo\":{\"@type\":\"ImageObject\",\"inLanguage\":\"de\",\"@id\":\"https:\\\/\\\/www.alfred-scheerer.de\\\/shop\\\/#\\\/schema\\\/logo\\\/image\\\/\",\"url\":\"https:\\\/\\\/alfred-scheerer.de\\\/shop\\\/wp-content\\\/uploads\\\/2024\\\/05\\\/baum.jpg\",\"contentUrl\":\"https:\\\/\\\/alfred-scheerer.de\\\/shop\\\/wp-content\\\/uploads\\\/2024\\\/05\\\/baum.jpg\",\"width\":512,\"height\":512,\"caption\":\"Scheerer GmbH\"},\"image\":{\"@id\":\"https:\\\/\\\/www.alfred-scheerer.de\\\/shop\\\/#\\\/schema\\\/logo\\\/image\\\/\"},\"sameAs\":[\"https:\\\/\\\/www.instagram.com\\\/alfredscheerer\\\/\"]}]}<\/script>\n<!-- \/ Yoast SEO plugin. -->","yoast_head_json":{"title":"Distanzscheibe Ambrogio L50 L60 Wiper Blitz 6 mm 50_D0019_00 - Gartentechnik Scheerer","robots":{"index":"index","follow":"follow","max-snippet":"max-snippet:-1","max-image-preview":"max-image-preview:large","max-video-preview":"max-video-preview:-1"},"canonical":"https:\/\/www.alfred-scheerer.de\/shop\/product\/distanzscheibe-ambrogio-l50-l60-wiper-blitz-6-mm-50_d0019_00\/","og_locale":"de_DE","og_type":"article","og_title":"Distanzscheibe Ambrogio L50 L60 Wiper Blitz 6 mm 50_D0019_00 - Gartentechnik Scheerer","og_description":"Distanzscheibe zum einstellen der Schnitth\u00f6he,\u00a0 H\u00f6he: 6 mm Diese Schrauben werden zus\u00e4tzlich zur Befestigung ben\u00f6tigt: Schrauben Messer Ambrogio 4 St\u00fcck M4x8 C00212 A850460  passend f\u00fcr: Ambrogio: L50, L60 Wiper: Blitz  Lieferumfang: 1 St\u00fcck Distanzscheibe","og_url":"https:\/\/www.alfred-scheerer.de\/shop\/product\/distanzscheibe-ambrogio-l50-l60-wiper-blitz-6-mm-50_d0019_00\/","og_site_name":"Gartentechnik Scheerer","article_modified_time":"2025-11-12T08:32:31+00:00","og_image":[{"width":746,"height":746,"url":"https:\/\/www.alfred-scheerer.de\/shop\/wp-content\/uploads\/2021\/06\/Distanzscheibe-L60-944109-1-e1624292382404.jpg","type":"image\/jpeg"}],"twitter_card":"summary_large_image","schema":{"@context":"https:\/\/schema.org","@graph":[{"@type":"WebPage","@id":"https:\/\/www.alfred-scheerer.de\/shop\/product\/distanzscheibe-ambrogio-l50-l60-wiper-blitz-6-mm-50_d0019_00\/","url":"https:\/\/www.alfred-scheerer.de\/shop\/product\/distanzscheibe-ambrogio-l50-l60-wiper-blitz-6-mm-50_d0019_00\/","name":"Distanzscheibe Ambrogio L50 L60 Wiper Blitz 6 mm 50_D0019_00 - Gartentechnik Scheerer","isPartOf":{"@id":"https:\/\/www.alfred-scheerer.de\/shop\/#website"},"primaryImageOfPage":{"@id":"https:\/\/www.alfred-scheerer.de\/shop\/product\/distanzscheibe-ambrogio-l50-l60-wiper-blitz-6-mm-50_d0019_00\/#primaryimage"},"image":{"@id":"https:\/\/www.alfred-scheerer.de\/shop\/product\/distanzscheibe-ambrogio-l50-l60-wiper-blitz-6-mm-50_d0019_00\/#primaryimage"},"thumbnailUrl":"https:\/\/www.alfred-scheerer.de\/shop\/wp-content\/uploads\/2021\/06\/Distanzscheibe-L60-944109-1-e1624292382404.jpg","datePublished":"2021-06-21T16:20:11+00:00","dateModified":"2025-11-12T08:32:31+00:00","breadcrumb":{"@id":"https:\/\/www.alfred-scheerer.de\/shop\/product\/distanzscheibe-ambrogio-l50-l60-wiper-blitz-6-mm-50_d0019_00\/#breadcrumb"},"inLanguage":"de","potentialAction":[{"@type":"ReadAction","target":["https:\/\/www.alfred-scheerer.de\/shop\/product\/distanzscheibe-ambrogio-l50-l60-wiper-blitz-6-mm-50_d0019_00\/"]}]},{"@type":"ImageObject","inLanguage":"de","@id":"https:\/\/www.alfred-scheerer.de\/shop\/product\/distanzscheibe-ambrogio-l50-l60-wiper-blitz-6-mm-50_d0019_00\/#primaryimage","url":"https:\/\/www.alfred-scheerer.de\/shop\/wp-content\/uploads\/2021\/06\/Distanzscheibe-L60-944109-1-e1624292382404.jpg","contentUrl":"https:\/\/www.alfred-scheerer.de\/shop\/wp-content\/uploads\/2021\/06\/Distanzscheibe-L60-944109-1-e1624292382404.jpg","width":746,"height":746},{"@type":"BreadcrumbList","@id":"https:\/\/www.alfred-scheerer.de\/shop\/product\/distanzscheibe-ambrogio-l50-l60-wiper-blitz-6-mm-50_d0019_00\/#breadcrumb","itemListElement":[{"@type":"ListItem","position":1,"name":"Startseite","item":"https:\/\/www.alfred-scheerer.de\/shop\/"},{"@type":"ListItem","position":2,"name":"Gartentechnik Scheerer &#8211; Der Online Shop f\u00fcr M\u00e4hroboter und Zubeh\u00f6r","item":"https:\/\/www.alfred-scheerer.de\/shop\/"},{"@type":"ListItem","position":3,"name":"Distanzscheibe Ambrogio L50 L60 Wiper Blitz 6 mm 50_D0019_00"}]},{"@type":"WebSite","@id":"https:\/\/www.alfred-scheerer.de\/shop\/#website","url":"https:\/\/www.alfred-scheerer.de\/shop\/","name":"Scheerer GmbH (ehem. Alfred Scheerer e.K.)","description":"Der Online Shop aus Wermelskirchen f\u00fcr M\u00e4hroboter, Akku Gartenger\u00e4te, Ersatzteile und Zubeh\u00f6r","publisher":{"@id":"https:\/\/www.alfred-scheerer.de\/shop\/#organization"},"potentialAction":[{"@type":"SearchAction","target":{"@type":"EntryPoint","urlTemplate":"https:\/\/www.alfred-scheerer.de\/shop\/?s={search_term_string}"},"query-input":{"@type":"PropertyValueSpecification","valueRequired":true,"valueName":"search_term_string"}}],"inLanguage":"de"},{"@type":"Organization","@id":"https:\/\/www.alfred-scheerer.de\/shop\/#organization","name":"Scheerer GmbH","url":"https:\/\/www.alfred-scheerer.de\/shop\/","logo":{"@type":"ImageObject","inLanguage":"de","@id":"https:\/\/www.alfred-scheerer.de\/shop\/#\/schema\/logo\/image\/","url":"https:\/\/alfred-scheerer.de\/shop\/wp-content\/uploads\/2024\/05\/baum.jpg","contentUrl":"https:\/\/alfred-scheerer.de\/shop\/wp-content\/uploads\/2024\/05\/baum.jpg","width":512,"height":512,"caption":"Scheerer GmbH"},"image":{"@id":"https:\/\/www.alfred-scheerer.de\/shop\/#\/schema\/logo\/image\/"},"sameAs":["https:\/\/www.instagram.com\/alfredscheerer\/"]}]}},"_links":{"self":[{"href":"https:\/\/www.alfred-scheerer.de\/shop\/wp-json\/wp\/v2\/product\/4690","targetHints":{"allow":["GET"]}}],"collection":[{"href":"https:\/\/www.alfred-scheerer.de\/shop\/wp-json\/wp\/v2\/product"}],"about":[{"href":"https:\/\/www.alfred-scheerer.de\/shop\/wp-json\/wp\/v2\/types\/product"}],"wp:featuredmedia":[{"embeddable":true,"href":"https:\/\/www.alfred-scheerer.de\/shop\/wp-json\/wp\/v2\/media\/4691"}],"wp:attachment":[{"href":"https:\/\/www.alfred-scheerer.de\/shop\/wp-json\/wp\/v2\/media?parent=4690"}],"wp:term":[{"taxonomy":"product_brand","embeddable":true,"href":"https:\/\/www.alfred-scheerer.de\/shop\/wp-json\/wp\/v2\/product_brand?post=4690"},{"taxonomy":"product_cat","embeddable":true,"href":"https:\/\/www.alfred-scheerer.de\/shop\/wp-json\/wp\/v2\/product_cat?post=4690"},{"taxonomy":"product_tag","embeddable":true,"href":"https:\/\/www.alfred-scheerer.de\/shop\/wp-json\/wp\/v2\/product_tag?post=4690"}],"curies":[{"name":"wp","href":"https:\/\/api.w.org\/{rel}","templated":true}]}}