{"id":4881,"date":"2021-08-02T13:23:00","date_gmt":"2021-08-02T11:23:00","guid":{"rendered":"https:\/\/alfred-scheerer.de\/shop\/?post_type=product&#038;p=4881"},"modified":"2025-04-15T15:56:15","modified_gmt":"2025-04-15T13:56:15","slug":"l85-aufhaengung-stuetzraeder-kit-vorne-u-hinten-085d000008","status":"publish","type":"product","link":"https:\/\/www.alfred-scheerer.de\/shop\/product\/l85-aufhaengung-stuetzraeder-kit-vorne-u-hinten-085d000008\/","title":{"rendered":"L85 Aufh\u00e4ngung St\u00fctzr\u00e4der vorne u. hinten Upgrade Kit 085D000008"},"content":{"rendered":"<p>L85 Upgrade Kit 2019 f\u00fcr Vorder- und Hinterrad (St\u00fctzr\u00e4der) 085D000008<br \/>\nAuch als komplettes Ersatzteil Kit f\u00fcr L85 ab BJ. 2019 verwendbar.<\/p>\n<p><strong>Betroffene Roboter:<\/strong><br \/>\nAmbrogio L85 Modell &#8211; Produktion 2017 &amp; 2018<br \/>\nTechline Tech 8 Modell &#8211; Produktion 2017 &amp; 2018<br \/>\nWiper Joy Modell &#8211; Produktion 2017 &amp; 2018<\/p>\n<p><strong>3. Problembeschreibung<\/strong><br \/>\nDer Roboter ist nicht in der Lage, eine Steigung von \u00fcber 20\u00b0 zu bew\u00e4ltigen. Er stoppt und \u00e4ndert die Richtung aufgrund zu geringer Traktion.<br \/>\nBei sehr losem Untergrund und der daraus resultierenden schlechten Traktion und durchdrehenden Antriebsr\u00e4dern k\u00f6nnte durch den t\u00e4glichen<br \/>\nGebrauch die Rasenoberfl\u00e4che besch\u00e4digt werden.<\/p>\n<p><strong>4. Ursache<\/strong><br \/>\nDie Ursache ist auf die Beschaffenheit der Drop-Down-Radstruktur zur\u00fcckzuf\u00fchren, w\u00e4hrend der Roboter am Hang f\u00e4hrt. In schwierigen<br \/>\nSituationen kann der Roboter nicht mehr vorw\u00e4rts fahren, da die Antriebsr\u00e4der eine zu geringe Traktion aufweisen und durchrutschen. Aufgrund<br \/>\ndes Motion-Sensors \u00e4ndert der Roboter dann die Richtung, was zu einer nicht ausreichenden M\u00e4hleistung am Hang f\u00fchrt.<br \/>\nDiese Problematik wird von der H\u00f6he der Achse ausgel\u00f6st, an dem das Drop-Down-Rad montiert ist, welches sich auf und ab bewegt. Unten ist<br \/>\nbeschrieben, wie sich die Form des Chassis von 2016 bis 2018 ver\u00e4ndert hat.<\/p>\n<p><img loading=\"lazy\" decoding=\"async\" class=\"alignnone wp-image-5101 \" src=\"https:\/\/alfred-scheerer.de\/shop\/wp-content\/uploads\/2021\/08\/Chassis-Arten-1024x298.jpg\" alt=\"\" width=\"512\" height=\"149\" srcset=\"https:\/\/www.alfred-scheerer.de\/shop\/wp-content\/uploads\/2021\/08\/Chassis-Arten-1024x298.jpg 1024w, https:\/\/www.alfred-scheerer.de\/shop\/wp-content\/uploads\/2021\/08\/Chassis-Arten-300x87.jpg 300w, https:\/\/www.alfred-scheerer.de\/shop\/wp-content\/uploads\/2021\/08\/Chassis-Arten-768x224.jpg 768w, https:\/\/www.alfred-scheerer.de\/shop\/wp-content\/uploads\/2021\/08\/Chassis-Arten-18x5.jpg 18w, https:\/\/www.alfred-scheerer.de\/shop\/wp-content\/uploads\/2021\/08\/Chassis-Arten-416x121.jpg 416w, https:\/\/www.alfred-scheerer.de\/shop\/wp-content\/uploads\/2021\/08\/Chassis-Arten.jpg 1263w\" sizes=\"auto, (max-width: 512px) 100vw, 512px\" \/><\/p>\n<p><strong>5. L\u00f6sung<\/strong><br \/>\nDie L\u00f6sung ist der Umbau der Achse des Drop-Down Rades und der Aufh\u00e4ngung dieser Achse.<\/p>\n<p><img loading=\"lazy\" decoding=\"async\" class=\"alignnone wp-image-5102 size-large\" src=\"https:\/\/alfred-scheerer.de\/shop\/wp-content\/uploads\/2021\/08\/Chassis-Arten-2--1024x404.jpg\" alt=\"\" width=\"980\" height=\"387\" srcset=\"https:\/\/www.alfred-scheerer.de\/shop\/wp-content\/uploads\/2021\/08\/Chassis-Arten-2--1024x404.jpg 1024w, https:\/\/www.alfred-scheerer.de\/shop\/wp-content\/uploads\/2021\/08\/Chassis-Arten-2--300x118.jpg 300w, https:\/\/www.alfred-scheerer.de\/shop\/wp-content\/uploads\/2021\/08\/Chassis-Arten-2--768x303.jpg 768w, https:\/\/www.alfred-scheerer.de\/shop\/wp-content\/uploads\/2021\/08\/Chassis-Arten-2--18x7.jpg 18w, https:\/\/www.alfred-scheerer.de\/shop\/wp-content\/uploads\/2021\/08\/Chassis-Arten-2--416x164.jpg 416w, https:\/\/www.alfred-scheerer.de\/shop\/wp-content\/uploads\/2021\/08\/Chassis-Arten-2-.jpg 1316w\" sizes=\"auto, (max-width: 980px) 100vw, 980px\" \/><\/p>\n<p>Wie in Abbildung 7 sichtbar, wurde der Bereich der Radaufh\u00e4ngung entfernt, der den Untergrund ber\u00fchrt und dadurch die Probleme verursacht hat. Jetzt hat das Chassis wieder dieselbe Form des Roboters aus 2016, ohne dabei den Vorteil eines Drop-Down Rades in punkto Sicherheit zu verlieren. Weiters kann der Roboter durch das magnetische St\u00fctzrad eine Blockade des Roboters erkennen und sich gegebenenfalls daraus befreien.<\/p>\n<p>Lieferumfang:<br \/>\nA &#8211; 075Z36500A und 075Z36501A &#8211; Magnethalter, vorne und hinten<br \/>\nB &#8211; 075Z37000A und 075Z37001A &#8211; Aufh\u00e4ngung f\u00fcr das magnetische St\u00fctzrad, vorne und hinten<br \/>\nC &#8211; 075Z36900A und 075Z36901A &#8211; Feder vorne u. hinten<br \/>\nD &#8211; 2 x C01464 &#8211; Mutter<br \/>\nE &#8211; 2 x C01770 &#8211; Schraube<br \/>\nF &#8211; 2 x 075Z36800A &#8211; Distanzhalter<\/p>\n<p>passend als Umbaukit f\u00fcr:<br \/>\nAmbrogio: L85 mit Chassis ab 2017<br \/>\nTechline: X8 mit Chassis ab 2017<br \/>\nWiper: Joy mit Chassis ab 2017<\/p>\n<p>passend als Ersatzteil f\u00fcr:<br \/>\nAmbrogio: L85 mit Chassis ab 2019<br \/>\nTechline: X8 mit Chassis ab 2019<br \/>\nWiper: Joy mit Chassis ab 2019<\/p>\n<p>Referenznummer:<br \/>\nAmbrogio, Techline, Wiper, ZCS: 085D000008<\/p>\n","protected":false},"excerpt":{"rendered":"<p>L85 Upgrade Kit v19 f\u00fcr Vorder- und Hinterrad (St\u00fctzr\u00e4der) 085D000008<br \/>\nAuch als komplettes Ersatzteil Kit f\u00fcr L85 ab BJ. 2019 verwendbar.<\/p>\n<p>Lieferumfang:<br \/>\nA &#8211; 075Z36500A und 075Z36501A &#8211; Magnethalter, vorne und hinten<br \/>\nB &#8211; 075Z37000A und 075Z37001A &#8211; Aufh\u00e4ngung f\u00fcr das magnetische St\u00fctzrad, vorne und hinten<br \/>\nC &#8211; 075Z36900A und 075Z36901A &#8211; Feder vorne u. hinten<br \/>\nD &#8211; 2 x C01464 &#8211; Mutter<br \/>\nE &#8211; 2 x C01770 &#8211; Schraube<br \/>\nF &#8211; 2 x 075Z36800A &#8211; Distanzhalter<br \/>\nEinbauanleitung als PDF Download<\/p>\n<p>passend als Umbaukit f\u00fcr:<br \/>\nAmbrogio: L85 mit Chassis ab 2017<br \/>\nTechline: X8 mit Chassis ab 2017<br \/>\nWiper: Joy mit Chassis ab 2017<\/p>\n<p>passend als Ersatzteil f\u00fcr:<br \/>\nAmbrogio: L85 mit Chassis ab 2019<br \/>\nTechline: X8 mit Chassis ab 2019<br \/>\nWiper: Joy mit Chassis ab 2019<\/p>\n<p>Referenznummer:<br \/>\nAmbrogio, Techline, Wiper, ZCS: 085D000008<\/p>\n<p>Dieser Artikel ist eine Sonderbestellung und kann daher nicht zur\u00fcckgegeben oder umgetauscht werden.<\/p>\n","protected":false},"featured_media":4882,"template":"","meta":[],"product_brand":[1756],"product_cat":[98],"product_tag":[1236,1237,1238,1239,1240],"class_list":{"0":"post-4881","1":"product","2":"type-product","3":"status-publish","4":"has-post-thumbnail","6":"product_brand-ambrogio","7":"product_cat-l85","8":"product_tag-085d000008","9":"product_tag-stuetzraeder-l85","10":"product_tag-stuetzraeder-l75","11":"product_tag-ambrogio-l85","12":"product_tag-vorderrad-l85","14":"first","15":"instock","16":"downloadable","17":"taxable","18":"shipping-taxable","19":"purchasable","20":"product-type-simple"},"yoast_head":"<!-- This site is optimized with the Yoast SEO plugin v27.4 - https:\/\/yoast.com\/product\/yoast-seo-wordpress\/ -->\n<title>L85 Aufh\u00e4ngung St\u00fctzr\u00e4der vorne u. hinten Upgrade Kit 085D000008 - Gartentechnik Scheerer<\/title>\n<meta name=\"robots\" content=\"index, follow, max-snippet:-1, max-image-preview:large, max-video-preview:-1\" \/>\n<link rel=\"canonical\" href=\"https:\/\/www.alfred-scheerer.de\/shop\/product\/l85-aufhaengung-stuetzraeder-kit-vorne-u-hinten-085d000008\/\" \/>\n<meta property=\"og:locale\" content=\"de_DE\" \/>\n<meta property=\"og:type\" content=\"article\" \/>\n<meta property=\"og:title\" content=\"L85 Aufh\u00e4ngung St\u00fctzr\u00e4der vorne u. hinten Upgrade Kit 085D000008 - Gartentechnik Scheerer\" \/>\n<meta property=\"og:description\" content=\"L85 Upgrade Kit v19 f\u00fcr Vorder- und Hinterrad (St\u00fctzr\u00e4der) 085D000008 Auch als komplettes Ersatzteil Kit f\u00fcr L85 ab BJ. 2019 verwendbar.  Lieferumfang: A - 075Z36500A und 075Z36501A - Magnethalter, vorne und hinten B - 075Z37000A und 075Z37001A - Aufh\u00e4ngung f\u00fcr das magnetische St\u00fctzrad, vorne und hinten C - 075Z36900A und 075Z36901A - Feder vorne u. hinten D - 2 x C01464 - Mutter E - 2 x C01770 - Schraube F - 2 x 075Z36800A - Distanzhalter Einbauanleitung als PDF Download  passend als Umbaukit f\u00fcr: Ambrogio: L85 mit Chassis ab 2017 Techline: X8 mit Chassis ab 2017 Wiper: Joy mit Chassis ab 2017  passend als Ersatzteil f\u00fcr: Ambrogio: L85 mit Chassis ab 2019 Techline: X8 mit Chassis ab 2019 Wiper: Joy mit Chassis ab 2019  Referenznummer: Ambrogio, Techline, Wiper, ZCS: 085D000008  Dieser Artikel ist eine Sonderbestellung und kann daher nicht zur\u00fcckgegeben oder umgetauscht werden.\" \/>\n<meta property=\"og:url\" content=\"https:\/\/www.alfred-scheerer.de\/shop\/product\/l85-aufhaengung-stuetzraeder-kit-vorne-u-hinten-085d000008\/\" \/>\n<meta property=\"og:site_name\" content=\"Gartentechnik Scheerer\" \/>\n<meta property=\"article:modified_time\" content=\"2025-04-15T13:56:15+00:00\" \/>\n<meta property=\"og:image\" content=\"https:\/\/www.alfred-scheerer.de\/shop\/wp-content\/uploads\/2021\/08\/L85-Upgrade-Kit-085D000008.jpg\" \/>\n\t<meta property=\"og:image:width\" content=\"685\" \/>\n\t<meta property=\"og:image:height\" content=\"606\" \/>\n\t<meta property=\"og:image:type\" content=\"image\/jpeg\" \/>\n<meta name=\"twitter:card\" content=\"summary_large_image\" \/>\n<meta name=\"twitter:label1\" content=\"Gesch\u00e4tzte Lesezeit\" \/>\n\t<meta name=\"twitter:data1\" content=\"2\u00a0Minuten\" \/>\n<script type=\"application\/ld+json\" class=\"yoast-schema-graph\">{\"@context\":\"https:\\\/\\\/schema.org\",\"@graph\":[{\"@type\":\"WebPage\",\"@id\":\"https:\\\/\\\/www.alfred-scheerer.de\\\/shop\\\/product\\\/l85-aufhaengung-stuetzraeder-kit-vorne-u-hinten-085d000008\\\/\",\"url\":\"https:\\\/\\\/www.alfred-scheerer.de\\\/shop\\\/product\\\/l85-aufhaengung-stuetzraeder-kit-vorne-u-hinten-085d000008\\\/\",\"name\":\"L85 Aufh\u00e4ngung St\u00fctzr\u00e4der vorne u. hinten Upgrade Kit 085D000008 - Gartentechnik Scheerer\",\"isPartOf\":{\"@id\":\"https:\\\/\\\/www.alfred-scheerer.de\\\/shop\\\/#website\"},\"primaryImageOfPage\":{\"@id\":\"https:\\\/\\\/www.alfred-scheerer.de\\\/shop\\\/product\\\/l85-aufhaengung-stuetzraeder-kit-vorne-u-hinten-085d000008\\\/#primaryimage\"},\"image\":{\"@id\":\"https:\\\/\\\/www.alfred-scheerer.de\\\/shop\\\/product\\\/l85-aufhaengung-stuetzraeder-kit-vorne-u-hinten-085d000008\\\/#primaryimage\"},\"thumbnailUrl\":\"https:\\\/\\\/www.alfred-scheerer.de\\\/shop\\\/wp-content\\\/uploads\\\/2021\\\/08\\\/L85-Upgrade-Kit-085D000008.jpg\",\"datePublished\":\"2021-08-02T11:23:00+00:00\",\"dateModified\":\"2025-04-15T13:56:15+00:00\",\"breadcrumb\":{\"@id\":\"https:\\\/\\\/www.alfred-scheerer.de\\\/shop\\\/product\\\/l85-aufhaengung-stuetzraeder-kit-vorne-u-hinten-085d000008\\\/#breadcrumb\"},\"inLanguage\":\"de\",\"potentialAction\":[{\"@type\":\"ReadAction\",\"target\":[\"https:\\\/\\\/www.alfred-scheerer.de\\\/shop\\\/product\\\/l85-aufhaengung-stuetzraeder-kit-vorne-u-hinten-085d000008\\\/\"]}]},{\"@type\":\"ImageObject\",\"inLanguage\":\"de\",\"@id\":\"https:\\\/\\\/www.alfred-scheerer.de\\\/shop\\\/product\\\/l85-aufhaengung-stuetzraeder-kit-vorne-u-hinten-085d000008\\\/#primaryimage\",\"url\":\"https:\\\/\\\/www.alfred-scheerer.de\\\/shop\\\/wp-content\\\/uploads\\\/2021\\\/08\\\/L85-Upgrade-Kit-085D000008.jpg\",\"contentUrl\":\"https:\\\/\\\/www.alfred-scheerer.de\\\/shop\\\/wp-content\\\/uploads\\\/2021\\\/08\\\/L85-Upgrade-Kit-085D000008.jpg\",\"width\":685,\"height\":606},{\"@type\":\"BreadcrumbList\",\"@id\":\"https:\\\/\\\/www.alfred-scheerer.de\\\/shop\\\/product\\\/l85-aufhaengung-stuetzraeder-kit-vorne-u-hinten-085d000008\\\/#breadcrumb\",\"itemListElement\":[{\"@type\":\"ListItem\",\"position\":1,\"name\":\"Startseite\",\"item\":\"https:\\\/\\\/www.alfred-scheerer.de\\\/shop\\\/\"},{\"@type\":\"ListItem\",\"position\":2,\"name\":\"Gartentechnik Scheerer &#8211; Der Online Shop f\u00fcr M\u00e4hroboter und Zubeh\u00f6r\",\"item\":\"https:\\\/\\\/www.alfred-scheerer.de\\\/shop\\\/\"},{\"@type\":\"ListItem\",\"position\":3,\"name\":\"L85 Aufh\u00e4ngung St\u00fctzr\u00e4der vorne u. hinten Upgrade Kit 085D000008\"}]},{\"@type\":\"WebSite\",\"@id\":\"https:\\\/\\\/www.alfred-scheerer.de\\\/shop\\\/#website\",\"url\":\"https:\\\/\\\/www.alfred-scheerer.de\\\/shop\\\/\",\"name\":\"Scheerer GmbH (ehem. Alfred Scheerer e.K.)\",\"description\":\"Der Online Shop aus Wermelskirchen f\u00fcr M\u00e4hroboter, Akku Gartenger\u00e4te, Ersatzteile und Zubeh\u00f6r\",\"publisher\":{\"@id\":\"https:\\\/\\\/www.alfred-scheerer.de\\\/shop\\\/#organization\"},\"potentialAction\":[{\"@type\":\"SearchAction\",\"target\":{\"@type\":\"EntryPoint\",\"urlTemplate\":\"https:\\\/\\\/www.alfred-scheerer.de\\\/shop\\\/?s={search_term_string}\"},\"query-input\":{\"@type\":\"PropertyValueSpecification\",\"valueRequired\":true,\"valueName\":\"search_term_string\"}}],\"inLanguage\":\"de\"},{\"@type\":\"Organization\",\"@id\":\"https:\\\/\\\/www.alfred-scheerer.de\\\/shop\\\/#organization\",\"name\":\"Scheerer GmbH\",\"url\":\"https:\\\/\\\/www.alfred-scheerer.de\\\/shop\\\/\",\"logo\":{\"@type\":\"ImageObject\",\"inLanguage\":\"de\",\"@id\":\"https:\\\/\\\/www.alfred-scheerer.de\\\/shop\\\/#\\\/schema\\\/logo\\\/image\\\/\",\"url\":\"https:\\\/\\\/alfred-scheerer.de\\\/shop\\\/wp-content\\\/uploads\\\/2024\\\/05\\\/baum.jpg\",\"contentUrl\":\"https:\\\/\\\/alfred-scheerer.de\\\/shop\\\/wp-content\\\/uploads\\\/2024\\\/05\\\/baum.jpg\",\"width\":512,\"height\":512,\"caption\":\"Scheerer GmbH\"},\"image\":{\"@id\":\"https:\\\/\\\/www.alfred-scheerer.de\\\/shop\\\/#\\\/schema\\\/logo\\\/image\\\/\"},\"sameAs\":[\"https:\\\/\\\/www.instagram.com\\\/alfredscheerer\\\/\"]}]}<\/script>\n<!-- \/ Yoast SEO plugin. -->","yoast_head_json":{"title":"L85 Aufh\u00e4ngung St\u00fctzr\u00e4der vorne u. hinten Upgrade Kit 085D000008 - Gartentechnik Scheerer","robots":{"index":"index","follow":"follow","max-snippet":"max-snippet:-1","max-image-preview":"max-image-preview:large","max-video-preview":"max-video-preview:-1"},"canonical":"https:\/\/www.alfred-scheerer.de\/shop\/product\/l85-aufhaengung-stuetzraeder-kit-vorne-u-hinten-085d000008\/","og_locale":"de_DE","og_type":"article","og_title":"L85 Aufh\u00e4ngung St\u00fctzr\u00e4der vorne u. hinten Upgrade Kit 085D000008 - Gartentechnik Scheerer","og_description":"L85 Upgrade Kit v19 f\u00fcr Vorder- und Hinterrad (St\u00fctzr\u00e4der) 085D000008 Auch als komplettes Ersatzteil Kit f\u00fcr L85 ab BJ. 2019 verwendbar.  Lieferumfang: A - 075Z36500A und 075Z36501A - Magnethalter, vorne und hinten B - 075Z37000A und 075Z37001A - Aufh\u00e4ngung f\u00fcr das magnetische St\u00fctzrad, vorne und hinten C - 075Z36900A und 075Z36901A - Feder vorne u. hinten D - 2 x C01464 - Mutter E - 2 x C01770 - Schraube F - 2 x 075Z36800A - Distanzhalter Einbauanleitung als PDF Download  passend als Umbaukit f\u00fcr: Ambrogio: L85 mit Chassis ab 2017 Techline: X8 mit Chassis ab 2017 Wiper: Joy mit Chassis ab 2017  passend als Ersatzteil f\u00fcr: Ambrogio: L85 mit Chassis ab 2019 Techline: X8 mit Chassis ab 2019 Wiper: Joy mit Chassis ab 2019  Referenznummer: Ambrogio, Techline, Wiper, ZCS: 085D000008  Dieser Artikel ist eine Sonderbestellung und kann daher nicht zur\u00fcckgegeben oder umgetauscht werden.","og_url":"https:\/\/www.alfred-scheerer.de\/shop\/product\/l85-aufhaengung-stuetzraeder-kit-vorne-u-hinten-085d000008\/","og_site_name":"Gartentechnik Scheerer","article_modified_time":"2025-04-15T13:56:15+00:00","og_image":[{"width":685,"height":606,"url":"https:\/\/www.alfred-scheerer.de\/shop\/wp-content\/uploads\/2021\/08\/L85-Upgrade-Kit-085D000008.jpg","type":"image\/jpeg"}],"twitter_card":"summary_large_image","twitter_misc":{"Gesch\u00e4tzte Lesezeit":"2\u00a0Minuten"},"schema":{"@context":"https:\/\/schema.org","@graph":[{"@type":"WebPage","@id":"https:\/\/www.alfred-scheerer.de\/shop\/product\/l85-aufhaengung-stuetzraeder-kit-vorne-u-hinten-085d000008\/","url":"https:\/\/www.alfred-scheerer.de\/shop\/product\/l85-aufhaengung-stuetzraeder-kit-vorne-u-hinten-085d000008\/","name":"L85 Aufh\u00e4ngung St\u00fctzr\u00e4der vorne u. hinten Upgrade Kit 085D000008 - Gartentechnik Scheerer","isPartOf":{"@id":"https:\/\/www.alfred-scheerer.de\/shop\/#website"},"primaryImageOfPage":{"@id":"https:\/\/www.alfred-scheerer.de\/shop\/product\/l85-aufhaengung-stuetzraeder-kit-vorne-u-hinten-085d000008\/#primaryimage"},"image":{"@id":"https:\/\/www.alfred-scheerer.de\/shop\/product\/l85-aufhaengung-stuetzraeder-kit-vorne-u-hinten-085d000008\/#primaryimage"},"thumbnailUrl":"https:\/\/www.alfred-scheerer.de\/shop\/wp-content\/uploads\/2021\/08\/L85-Upgrade-Kit-085D000008.jpg","datePublished":"2021-08-02T11:23:00+00:00","dateModified":"2025-04-15T13:56:15+00:00","breadcrumb":{"@id":"https:\/\/www.alfred-scheerer.de\/shop\/product\/l85-aufhaengung-stuetzraeder-kit-vorne-u-hinten-085d000008\/#breadcrumb"},"inLanguage":"de","potentialAction":[{"@type":"ReadAction","target":["https:\/\/www.alfred-scheerer.de\/shop\/product\/l85-aufhaengung-stuetzraeder-kit-vorne-u-hinten-085d000008\/"]}]},{"@type":"ImageObject","inLanguage":"de","@id":"https:\/\/www.alfred-scheerer.de\/shop\/product\/l85-aufhaengung-stuetzraeder-kit-vorne-u-hinten-085d000008\/#primaryimage","url":"https:\/\/www.alfred-scheerer.de\/shop\/wp-content\/uploads\/2021\/08\/L85-Upgrade-Kit-085D000008.jpg","contentUrl":"https:\/\/www.alfred-scheerer.de\/shop\/wp-content\/uploads\/2021\/08\/L85-Upgrade-Kit-085D000008.jpg","width":685,"height":606},{"@type":"BreadcrumbList","@id":"https:\/\/www.alfred-scheerer.de\/shop\/product\/l85-aufhaengung-stuetzraeder-kit-vorne-u-hinten-085d000008\/#breadcrumb","itemListElement":[{"@type":"ListItem","position":1,"name":"Startseite","item":"https:\/\/www.alfred-scheerer.de\/shop\/"},{"@type":"ListItem","position":2,"name":"Gartentechnik Scheerer &#8211; Der Online Shop f\u00fcr M\u00e4hroboter und Zubeh\u00f6r","item":"https:\/\/www.alfred-scheerer.de\/shop\/"},{"@type":"ListItem","position":3,"name":"L85 Aufh\u00e4ngung St\u00fctzr\u00e4der vorne u. hinten Upgrade Kit 085D000008"}]},{"@type":"WebSite","@id":"https:\/\/www.alfred-scheerer.de\/shop\/#website","url":"https:\/\/www.alfred-scheerer.de\/shop\/","name":"Scheerer GmbH (ehem. Alfred Scheerer e.K.)","description":"Der Online Shop aus Wermelskirchen f\u00fcr M\u00e4hroboter, Akku Gartenger\u00e4te, Ersatzteile und Zubeh\u00f6r","publisher":{"@id":"https:\/\/www.alfred-scheerer.de\/shop\/#organization"},"potentialAction":[{"@type":"SearchAction","target":{"@type":"EntryPoint","urlTemplate":"https:\/\/www.alfred-scheerer.de\/shop\/?s={search_term_string}"},"query-input":{"@type":"PropertyValueSpecification","valueRequired":true,"valueName":"search_term_string"}}],"inLanguage":"de"},{"@type":"Organization","@id":"https:\/\/www.alfred-scheerer.de\/shop\/#organization","name":"Scheerer GmbH","url":"https:\/\/www.alfred-scheerer.de\/shop\/","logo":{"@type":"ImageObject","inLanguage":"de","@id":"https:\/\/www.alfred-scheerer.de\/shop\/#\/schema\/logo\/image\/","url":"https:\/\/alfred-scheerer.de\/shop\/wp-content\/uploads\/2024\/05\/baum.jpg","contentUrl":"https:\/\/alfred-scheerer.de\/shop\/wp-content\/uploads\/2024\/05\/baum.jpg","width":512,"height":512,"caption":"Scheerer GmbH"},"image":{"@id":"https:\/\/www.alfred-scheerer.de\/shop\/#\/schema\/logo\/image\/"},"sameAs":["https:\/\/www.instagram.com\/alfredscheerer\/"]}]}},"_links":{"self":[{"href":"https:\/\/www.alfred-scheerer.de\/shop\/wp-json\/wp\/v2\/product\/4881","targetHints":{"allow":["GET"]}}],"collection":[{"href":"https:\/\/www.alfred-scheerer.de\/shop\/wp-json\/wp\/v2\/product"}],"about":[{"href":"https:\/\/www.alfred-scheerer.de\/shop\/wp-json\/wp\/v2\/types\/product"}],"wp:featuredmedia":[{"embeddable":true,"href":"https:\/\/www.alfred-scheerer.de\/shop\/wp-json\/wp\/v2\/media\/4882"}],"wp:attachment":[{"href":"https:\/\/www.alfred-scheerer.de\/shop\/wp-json\/wp\/v2\/media?parent=4881"}],"wp:term":[{"taxonomy":"product_brand","embeddable":true,"href":"https:\/\/www.alfred-scheerer.de\/shop\/wp-json\/wp\/v2\/product_brand?post=4881"},{"taxonomy":"product_cat","embeddable":true,"href":"https:\/\/www.alfred-scheerer.de\/shop\/wp-json\/wp\/v2\/product_cat?post=4881"},{"taxonomy":"product_tag","embeddable":true,"href":"https:\/\/www.alfred-scheerer.de\/shop\/wp-json\/wp\/v2\/product_tag?post=4881"}],"curies":[{"name":"wp","href":"https:\/\/api.w.org\/{rel}","templated":true}]}}