{"id":5492,"date":"2022-02-04T10:23:52","date_gmt":"2022-02-04T09:23:52","guid":{"rendered":"https:\/\/alfred-scheerer.de\/shop\/?post_type=product&#038;p=5492"},"modified":"2026-04-09T14:00:32","modified_gmt":"2026-04-09T12:00:32","slug":"abdeckkappe-deckel-ladebuchse-ambrogio-wiper-techline","status":"publish","type":"product","link":"https:\/\/www.alfred-scheerer.de\/shop\/product\/abdeckkappe-deckel-ladebuchse-ambrogio-wiper-techline\/","title":{"rendered":"Abdeckkappe Deckel Ladebuchse Ambrogio Wiper Techline"},"content":{"rendered":"<p>Verschlusskappe mit Innengewinde passend f\u00fcr Steckerbuchse am M\u00e4hroboter.<\/p>\n<p>passend f\u00fcr:<br \/>\nAmbrogio, Techline, Wiper alle Modelle ab Bj. 2017 mit blauer 2 pol. Ladebuchse<\/p>\n","protected":false},"excerpt":{"rendered":"<p>Verschlusskappe mit Innengewinde passend f\u00fcr Steckerbuchse am M\u00e4hroboter.<\/p>\n<p>passend f\u00fcr:<br \/>\nAmbrogio, Techline, Wiper alle Modelle ab Bj. 2017 mit blauer 2 pol. Ladebuchse<\/p>\n","protected":false},"featured_media":5493,"template":"","meta":[],"product_brand":[],"product_cat":[179,305,306,312,96,100,102,1432,103,1433],"product_tag":[1384,1385,1386,1387,1388],"class_list":{"0":"post-5492","1":"product","2":"type-product","3":"status-publish","4":"has-post-thumbnail","6":"product_cat-l35","7":"product_cat-4-0-basic","8":"product_cat-l32","9":"product_cat-wiper-ersatzteile-zubehoer","10":"product_cat-ambrogio-l30-ersatzteile-zubehoer","11":"product_cat-l250-l250i","12":"product_cat-l350i","13":"product_cat-4-36","14":"product_cat-l400-l400i","15":"product_cat-4-0-elite","16":"product_tag-kappe-deckel-ambrogio","17":"product_tag-kappe-deckel-wiper","18":"product_tag-kappe-deckel-ladebuchse","19":"product_tag-kappe-deckel-steckerbuchse","20":"product_tag-kappe-deckel-techline","22":"first","23":"outofstock","24":"taxable","25":"shipping-taxable","26":"purchasable","27":"product-type-simple"},"yoast_head":"<!-- This site is optimized with the Yoast SEO plugin v27.4 - https:\/\/yoast.com\/product\/yoast-seo-wordpress\/ -->\n<title>Abdeckkappe Deckel Ladebuchse Ambrogio Wiper Techline - Gartentechnik Scheerer<\/title>\n<meta name=\"robots\" content=\"index, follow, max-snippet:-1, max-image-preview:large, max-video-preview:-1\" \/>\n<link rel=\"canonical\" href=\"https:\/\/www.alfred-scheerer.de\/shop\/product\/abdeckkappe-deckel-ladebuchse-ambrogio-wiper-techline\/\" \/>\n<meta property=\"og:locale\" content=\"de_DE\" \/>\n<meta property=\"og:type\" content=\"article\" \/>\n<meta property=\"og:title\" content=\"Abdeckkappe Deckel Ladebuchse Ambrogio Wiper Techline - Gartentechnik Scheerer\" \/>\n<meta property=\"og:description\" content=\"Verschlusskappe mit Innengewinde passend f\u00fcr Steckerbuchse am M\u00e4hroboter.  passend f\u00fcr: Ambrogio, Techline, Wiper alle Modelle ab Bj. 2017 mit blauer 2 pol. Ladebuchse\" \/>\n<meta property=\"og:url\" content=\"https:\/\/www.alfred-scheerer.de\/shop\/product\/abdeckkappe-deckel-ladebuchse-ambrogio-wiper-techline\/\" \/>\n<meta property=\"og:site_name\" content=\"Gartentechnik Scheerer\" \/>\n<meta property=\"article:modified_time\" content=\"2026-04-09T12:00:32+00:00\" \/>\n<meta property=\"og:image\" content=\"https:\/\/www.alfred-scheerer.de\/shop\/wp-content\/uploads\/2022\/02\/Kappe-Ladebuchse.jpg\" \/>\n\t<meta property=\"og:image:width\" content=\"500\" \/>\n\t<meta property=\"og:image:height\" content=\"500\" \/>\n\t<meta property=\"og:image:type\" content=\"image\/jpeg\" \/>\n<meta name=\"twitter:card\" content=\"summary_large_image\" \/>\n<script type=\"application\/ld+json\" class=\"yoast-schema-graph\">{\"@context\":\"https:\\\/\\\/schema.org\",\"@graph\":[{\"@type\":\"WebPage\",\"@id\":\"https:\\\/\\\/www.alfred-scheerer.de\\\/shop\\\/product\\\/abdeckkappe-deckel-ladebuchse-ambrogio-wiper-techline\\\/\",\"url\":\"https:\\\/\\\/www.alfred-scheerer.de\\\/shop\\\/product\\\/abdeckkappe-deckel-ladebuchse-ambrogio-wiper-techline\\\/\",\"name\":\"Abdeckkappe Deckel Ladebuchse Ambrogio Wiper Techline - Gartentechnik Scheerer\",\"isPartOf\":{\"@id\":\"https:\\\/\\\/www.alfred-scheerer.de\\\/shop\\\/#website\"},\"primaryImageOfPage\":{\"@id\":\"https:\\\/\\\/www.alfred-scheerer.de\\\/shop\\\/product\\\/abdeckkappe-deckel-ladebuchse-ambrogio-wiper-techline\\\/#primaryimage\"},\"image\":{\"@id\":\"https:\\\/\\\/www.alfred-scheerer.de\\\/shop\\\/product\\\/abdeckkappe-deckel-ladebuchse-ambrogio-wiper-techline\\\/#primaryimage\"},\"thumbnailUrl\":\"https:\\\/\\\/www.alfred-scheerer.de\\\/shop\\\/wp-content\\\/uploads\\\/2022\\\/02\\\/Kappe-Ladebuchse.jpg\",\"datePublished\":\"2022-02-04T09:23:52+00:00\",\"dateModified\":\"2026-04-09T12:00:32+00:00\",\"breadcrumb\":{\"@id\":\"https:\\\/\\\/www.alfred-scheerer.de\\\/shop\\\/product\\\/abdeckkappe-deckel-ladebuchse-ambrogio-wiper-techline\\\/#breadcrumb\"},\"inLanguage\":\"de\",\"potentialAction\":[{\"@type\":\"ReadAction\",\"target\":[\"https:\\\/\\\/www.alfred-scheerer.de\\\/shop\\\/product\\\/abdeckkappe-deckel-ladebuchse-ambrogio-wiper-techline\\\/\"]}]},{\"@type\":\"ImageObject\",\"inLanguage\":\"de\",\"@id\":\"https:\\\/\\\/www.alfred-scheerer.de\\\/shop\\\/product\\\/abdeckkappe-deckel-ladebuchse-ambrogio-wiper-techline\\\/#primaryimage\",\"url\":\"https:\\\/\\\/www.alfred-scheerer.de\\\/shop\\\/wp-content\\\/uploads\\\/2022\\\/02\\\/Kappe-Ladebuchse.jpg\",\"contentUrl\":\"https:\\\/\\\/www.alfred-scheerer.de\\\/shop\\\/wp-content\\\/uploads\\\/2022\\\/02\\\/Kappe-Ladebuchse.jpg\",\"width\":500,\"height\":500,\"caption\":\"Deckel\"},{\"@type\":\"BreadcrumbList\",\"@id\":\"https:\\\/\\\/www.alfred-scheerer.de\\\/shop\\\/product\\\/abdeckkappe-deckel-ladebuchse-ambrogio-wiper-techline\\\/#breadcrumb\",\"itemListElement\":[{\"@type\":\"ListItem\",\"position\":1,\"name\":\"Startseite\",\"item\":\"https:\\\/\\\/www.alfred-scheerer.de\\\/shop\\\/\"},{\"@type\":\"ListItem\",\"position\":2,\"name\":\"Gartentechnik Scheerer &#8211; Der Online Shop f\u00fcr M\u00e4hroboter und Zubeh\u00f6r\",\"item\":\"https:\\\/\\\/www.alfred-scheerer.de\\\/shop\\\/\"},{\"@type\":\"ListItem\",\"position\":3,\"name\":\"Abdeckkappe Deckel Ladebuchse Ambrogio Wiper Techline\"}]},{\"@type\":\"WebSite\",\"@id\":\"https:\\\/\\\/www.alfred-scheerer.de\\\/shop\\\/#website\",\"url\":\"https:\\\/\\\/www.alfred-scheerer.de\\\/shop\\\/\",\"name\":\"Scheerer GmbH (ehem. Alfred Scheerer e.K.)\",\"description\":\"Der Online Shop aus Wermelskirchen f\u00fcr M\u00e4hroboter, Akku Gartenger\u00e4te, Ersatzteile und Zubeh\u00f6r\",\"publisher\":{\"@id\":\"https:\\\/\\\/www.alfred-scheerer.de\\\/shop\\\/#organization\"},\"potentialAction\":[{\"@type\":\"SearchAction\",\"target\":{\"@type\":\"EntryPoint\",\"urlTemplate\":\"https:\\\/\\\/www.alfred-scheerer.de\\\/shop\\\/?s={search_term_string}\"},\"query-input\":{\"@type\":\"PropertyValueSpecification\",\"valueRequired\":true,\"valueName\":\"search_term_string\"}}],\"inLanguage\":\"de\"},{\"@type\":\"Organization\",\"@id\":\"https:\\\/\\\/www.alfred-scheerer.de\\\/shop\\\/#organization\",\"name\":\"Scheerer GmbH\",\"url\":\"https:\\\/\\\/www.alfred-scheerer.de\\\/shop\\\/\",\"logo\":{\"@type\":\"ImageObject\",\"inLanguage\":\"de\",\"@id\":\"https:\\\/\\\/www.alfred-scheerer.de\\\/shop\\\/#\\\/schema\\\/logo\\\/image\\\/\",\"url\":\"https:\\\/\\\/alfred-scheerer.de\\\/shop\\\/wp-content\\\/uploads\\\/2024\\\/05\\\/baum.jpg\",\"contentUrl\":\"https:\\\/\\\/alfred-scheerer.de\\\/shop\\\/wp-content\\\/uploads\\\/2024\\\/05\\\/baum.jpg\",\"width\":512,\"height\":512,\"caption\":\"Scheerer GmbH\"},\"image\":{\"@id\":\"https:\\\/\\\/www.alfred-scheerer.de\\\/shop\\\/#\\\/schema\\\/logo\\\/image\\\/\"},\"sameAs\":[\"https:\\\/\\\/www.instagram.com\\\/alfredscheerer\\\/\"]}]}<\/script>\n<!-- \/ Yoast SEO plugin. -->","yoast_head_json":{"title":"Abdeckkappe Deckel Ladebuchse Ambrogio Wiper Techline - Gartentechnik Scheerer","robots":{"index":"index","follow":"follow","max-snippet":"max-snippet:-1","max-image-preview":"max-image-preview:large","max-video-preview":"max-video-preview:-1"},"canonical":"https:\/\/www.alfred-scheerer.de\/shop\/product\/abdeckkappe-deckel-ladebuchse-ambrogio-wiper-techline\/","og_locale":"de_DE","og_type":"article","og_title":"Abdeckkappe Deckel Ladebuchse Ambrogio Wiper Techline - Gartentechnik Scheerer","og_description":"Verschlusskappe mit Innengewinde passend f\u00fcr Steckerbuchse am M\u00e4hroboter.  passend f\u00fcr: Ambrogio, Techline, Wiper alle Modelle ab Bj. 2017 mit blauer 2 pol. Ladebuchse","og_url":"https:\/\/www.alfred-scheerer.de\/shop\/product\/abdeckkappe-deckel-ladebuchse-ambrogio-wiper-techline\/","og_site_name":"Gartentechnik Scheerer","article_modified_time":"2026-04-09T12:00:32+00:00","og_image":[{"width":500,"height":500,"url":"https:\/\/www.alfred-scheerer.de\/shop\/wp-content\/uploads\/2022\/02\/Kappe-Ladebuchse.jpg","type":"image\/jpeg"}],"twitter_card":"summary_large_image","schema":{"@context":"https:\/\/schema.org","@graph":[{"@type":"WebPage","@id":"https:\/\/www.alfred-scheerer.de\/shop\/product\/abdeckkappe-deckel-ladebuchse-ambrogio-wiper-techline\/","url":"https:\/\/www.alfred-scheerer.de\/shop\/product\/abdeckkappe-deckel-ladebuchse-ambrogio-wiper-techline\/","name":"Abdeckkappe Deckel Ladebuchse Ambrogio Wiper Techline - Gartentechnik Scheerer","isPartOf":{"@id":"https:\/\/www.alfred-scheerer.de\/shop\/#website"},"primaryImageOfPage":{"@id":"https:\/\/www.alfred-scheerer.de\/shop\/product\/abdeckkappe-deckel-ladebuchse-ambrogio-wiper-techline\/#primaryimage"},"image":{"@id":"https:\/\/www.alfred-scheerer.de\/shop\/product\/abdeckkappe-deckel-ladebuchse-ambrogio-wiper-techline\/#primaryimage"},"thumbnailUrl":"https:\/\/www.alfred-scheerer.de\/shop\/wp-content\/uploads\/2022\/02\/Kappe-Ladebuchse.jpg","datePublished":"2022-02-04T09:23:52+00:00","dateModified":"2026-04-09T12:00:32+00:00","breadcrumb":{"@id":"https:\/\/www.alfred-scheerer.de\/shop\/product\/abdeckkappe-deckel-ladebuchse-ambrogio-wiper-techline\/#breadcrumb"},"inLanguage":"de","potentialAction":[{"@type":"ReadAction","target":["https:\/\/www.alfred-scheerer.de\/shop\/product\/abdeckkappe-deckel-ladebuchse-ambrogio-wiper-techline\/"]}]},{"@type":"ImageObject","inLanguage":"de","@id":"https:\/\/www.alfred-scheerer.de\/shop\/product\/abdeckkappe-deckel-ladebuchse-ambrogio-wiper-techline\/#primaryimage","url":"https:\/\/www.alfred-scheerer.de\/shop\/wp-content\/uploads\/2022\/02\/Kappe-Ladebuchse.jpg","contentUrl":"https:\/\/www.alfred-scheerer.de\/shop\/wp-content\/uploads\/2022\/02\/Kappe-Ladebuchse.jpg","width":500,"height":500,"caption":"Deckel"},{"@type":"BreadcrumbList","@id":"https:\/\/www.alfred-scheerer.de\/shop\/product\/abdeckkappe-deckel-ladebuchse-ambrogio-wiper-techline\/#breadcrumb","itemListElement":[{"@type":"ListItem","position":1,"name":"Startseite","item":"https:\/\/www.alfred-scheerer.de\/shop\/"},{"@type":"ListItem","position":2,"name":"Gartentechnik Scheerer &#8211; Der Online Shop f\u00fcr M\u00e4hroboter und Zubeh\u00f6r","item":"https:\/\/www.alfred-scheerer.de\/shop\/"},{"@type":"ListItem","position":3,"name":"Abdeckkappe Deckel Ladebuchse Ambrogio Wiper Techline"}]},{"@type":"WebSite","@id":"https:\/\/www.alfred-scheerer.de\/shop\/#website","url":"https:\/\/www.alfred-scheerer.de\/shop\/","name":"Scheerer GmbH (ehem. Alfred Scheerer e.K.)","description":"Der Online Shop aus Wermelskirchen f\u00fcr M\u00e4hroboter, Akku Gartenger\u00e4te, Ersatzteile und Zubeh\u00f6r","publisher":{"@id":"https:\/\/www.alfred-scheerer.de\/shop\/#organization"},"potentialAction":[{"@type":"SearchAction","target":{"@type":"EntryPoint","urlTemplate":"https:\/\/www.alfred-scheerer.de\/shop\/?s={search_term_string}"},"query-input":{"@type":"PropertyValueSpecification","valueRequired":true,"valueName":"search_term_string"}}],"inLanguage":"de"},{"@type":"Organization","@id":"https:\/\/www.alfred-scheerer.de\/shop\/#organization","name":"Scheerer GmbH","url":"https:\/\/www.alfred-scheerer.de\/shop\/","logo":{"@type":"ImageObject","inLanguage":"de","@id":"https:\/\/www.alfred-scheerer.de\/shop\/#\/schema\/logo\/image\/","url":"https:\/\/alfred-scheerer.de\/shop\/wp-content\/uploads\/2024\/05\/baum.jpg","contentUrl":"https:\/\/alfred-scheerer.de\/shop\/wp-content\/uploads\/2024\/05\/baum.jpg","width":512,"height":512,"caption":"Scheerer GmbH"},"image":{"@id":"https:\/\/www.alfred-scheerer.de\/shop\/#\/schema\/logo\/image\/"},"sameAs":["https:\/\/www.instagram.com\/alfredscheerer\/"]}]}},"_links":{"self":[{"href":"https:\/\/www.alfred-scheerer.de\/shop\/wp-json\/wp\/v2\/product\/5492","targetHints":{"allow":["GET"]}}],"collection":[{"href":"https:\/\/www.alfred-scheerer.de\/shop\/wp-json\/wp\/v2\/product"}],"about":[{"href":"https:\/\/www.alfred-scheerer.de\/shop\/wp-json\/wp\/v2\/types\/product"}],"wp:featuredmedia":[{"embeddable":true,"href":"https:\/\/www.alfred-scheerer.de\/shop\/wp-json\/wp\/v2\/media\/5493"}],"wp:attachment":[{"href":"https:\/\/www.alfred-scheerer.de\/shop\/wp-json\/wp\/v2\/media?parent=5492"}],"wp:term":[{"taxonomy":"product_brand","embeddable":true,"href":"https:\/\/www.alfred-scheerer.de\/shop\/wp-json\/wp\/v2\/product_brand?post=5492"},{"taxonomy":"product_cat","embeddable":true,"href":"https:\/\/www.alfred-scheerer.de\/shop\/wp-json\/wp\/v2\/product_cat?post=5492"},{"taxonomy":"product_tag","embeddable":true,"href":"https:\/\/www.alfred-scheerer.de\/shop\/wp-json\/wp\/v2\/product_tag?post=5492"}],"curies":[{"name":"wp","href":"https:\/\/api.w.org\/{rel}","templated":true}]}}