{"id":657,"date":"2019-10-01T13:33:43","date_gmt":"2019-10-01T11:33:43","guid":{"rendered":"http:\/\/alfred-scheerer.de\/shop\/?post_type=product&#038;p=657"},"modified":"2026-02-11T09:37:15","modified_gmt":"2026-02-11T08:37:15","slug":"ladekabel-cb01_ricex","status":"publish","type":"product","link":"https:\/\/www.alfred-scheerer.de\/shop\/product\/ladekabel-cb01_ricex\/","title":{"rendered":"Ladekabel Winterladung Ambrogio Techline Wiper CB01_RICEX"},"content":{"rendered":"<p>Als Winterladekabel f\u00fcr Modelle ab Bj. 2017 mit blauer 2 poligen Steckerbuchse am Ger\u00e4t geeignet.<br \/>\nAls Ladekabel f\u00fcr Ambrogio L60, Wiper Blitz XH mit Ladebuchse oben auf dem Ger\u00e4t geeignet.<\/p>\n<p>Kabel zum Aufladen des M\u00e4hroboters au\u00dferhalb der Ladestation. Ideal zum Nachladen des Roboters w\u00e4hrend der Wintereinlagerung.<br \/>\nDas Kabel wird einfach an das vorhandene Netzteil von der Ladestation angeschlossen und in die blaue Buchse am Roboter eingesteckt.<\/p>\n<p>Maximaler Ladestrom &lt; 5 A<br \/>\nBitte Typenschild vom Netzteil beachten!<\/p>\n<p>Referenznummer:<br \/>\nAmbrogio, Techline Wiper, ZCS: CB01_RICEX, CB01 RICEX<br \/>\nStiga: 112600253\/0<\/p>\n","protected":false},"excerpt":{"rendered":"<p>Winterladekabel f\u00fcr Modelle ab Bj. 2017 mit blauer 2 poligen Steckerbuchse\u00a0hinten am Ger\u00e4t.<br \/>\nLadekabel f\u00fcr Ambrogio L60 u. Wiper Blitz XH mit Ladebuchse oben auf dem Ger\u00e4t.<br \/>\nKabell\u00e4nge 30 cm<\/p>\n<p>Maximaler Ladestrom &lt; 5 A<br \/>\nBitte Typenschild vom Netzteil beachten!<\/p>\n","protected":false},"featured_media":983,"template":"","meta":[],"product_brand":[1756],"product_cat":[103,106,108,179,305,94,306,1432,96,1433,97,100,102],"product_tag":[723,1187,1188,1189,1190,1206,473,474,475,476],"class_list":{"0":"post-657","1":"product","2":"type-product","3":"status-publish","4":"has-post-thumbnail","6":"product_brand-ambrogio","7":"product_cat-l400-l400i","8":"product_cat-installation-ersatzteile-u-zubehoer","9":"product_cat-stiga-ersatzteile-zubehoer","10":"product_cat-l35","11":"product_cat-4-0-basic","12":"product_cat-ambrogio-ersatzteile-zubehoer","13":"product_cat-l32","14":"product_cat-4-36","15":"product_cat-ambrogio-l30-ersatzteile-zubehoer","16":"product_cat-4-0-elite","17":"product_cat-l50-l60","18":"product_cat-l250-l250i","19":"product_cat-l350i","20":"product_tag-cb01_ricex","21":"product_tag-ambrogio-ladekabel","22":"product_tag-wiper-ladekabel","23":"product_tag-winterladung","24":"product_tag-techline-ladekabel","25":"product_tag-winterladekabel","26":"product_tag-ambrogio-zubehoer","27":"product_tag-winter-ladekabel","28":"product_tag-wiper-zubehoer","29":"product_tag-techline-zubehoer","31":"first","32":"instock","33":"taxable","34":"shipping-taxable","35":"purchasable","36":"product-type-simple"},"yoast_head":"<!-- This site is optimized with the Yoast SEO plugin v27.4 - https:\/\/yoast.com\/product\/yoast-seo-wordpress\/ -->\n<title>Ladekabel Winterladung Ambrogio Techline Wiper CB01_RICEX - Gartentechnik Scheerer<\/title>\n<meta name=\"robots\" content=\"index, follow, max-snippet:-1, max-image-preview:large, max-video-preview:-1\" \/>\n<link rel=\"canonical\" href=\"https:\/\/www.alfred-scheerer.de\/shop\/product\/ladekabel-cb01_ricex\/\" \/>\n<meta property=\"og:locale\" content=\"de_DE\" \/>\n<meta property=\"og:type\" content=\"article\" \/>\n<meta property=\"og:title\" content=\"Ladekabel Winterladung Ambrogio Techline Wiper CB01_RICEX - Gartentechnik Scheerer\" \/>\n<meta property=\"og:description\" content=\"Winterladekabel f\u00fcr Modelle ab Bj. 2017 mit blauer 2 poligen Steckerbuchse\u00a0hinten am Ger\u00e4t. Ladekabel f\u00fcr Ambrogio L60 u. Wiper Blitz XH mit Ladebuchse oben auf dem Ger\u00e4t. Kabell\u00e4nge 30 cm  Maximaler Ladestrom &lt; 5 A Bitte Typenschild vom Netzteil beachten!\" \/>\n<meta property=\"og:url\" content=\"https:\/\/www.alfred-scheerer.de\/shop\/product\/ladekabel-cb01_ricex\/\" \/>\n<meta property=\"og:site_name\" content=\"Gartentechnik Scheerer\" \/>\n<meta property=\"article:modified_time\" content=\"2026-02-11T08:37:15+00:00\" \/>\n<meta property=\"og:image\" content=\"https:\/\/www.alfred-scheerer.de\/shop\/wp-content\/uploads\/2019\/10\/IMG_20191126_174501.jpg\" \/>\n\t<meta property=\"og:image:width\" content=\"1024\" \/>\n\t<meta property=\"og:image:height\" content=\"1024\" \/>\n\t<meta property=\"og:image:type\" content=\"image\/jpeg\" \/>\n<meta name=\"twitter:card\" content=\"summary_large_image\" \/>\n<script type=\"application\/ld+json\" class=\"yoast-schema-graph\">{\"@context\":\"https:\\\/\\\/schema.org\",\"@graph\":[{\"@type\":\"WebPage\",\"@id\":\"https:\\\/\\\/www.alfred-scheerer.de\\\/shop\\\/product\\\/ladekabel-cb01_ricex\\\/\",\"url\":\"https:\\\/\\\/www.alfred-scheerer.de\\\/shop\\\/product\\\/ladekabel-cb01_ricex\\\/\",\"name\":\"Ladekabel Winterladung Ambrogio Techline Wiper CB01_RICEX - Gartentechnik Scheerer\",\"isPartOf\":{\"@id\":\"https:\\\/\\\/www.alfred-scheerer.de\\\/shop\\\/#website\"},\"primaryImageOfPage\":{\"@id\":\"https:\\\/\\\/www.alfred-scheerer.de\\\/shop\\\/product\\\/ladekabel-cb01_ricex\\\/#primaryimage\"},\"image\":{\"@id\":\"https:\\\/\\\/www.alfred-scheerer.de\\\/shop\\\/product\\\/ladekabel-cb01_ricex\\\/#primaryimage\"},\"thumbnailUrl\":\"https:\\\/\\\/www.alfred-scheerer.de\\\/shop\\\/wp-content\\\/uploads\\\/2019\\\/10\\\/IMG_20191126_174501.jpg\",\"datePublished\":\"2019-10-01T11:33:43+00:00\",\"dateModified\":\"2026-02-11T08:37:15+00:00\",\"breadcrumb\":{\"@id\":\"https:\\\/\\\/www.alfred-scheerer.de\\\/shop\\\/product\\\/ladekabel-cb01_ricex\\\/#breadcrumb\"},\"inLanguage\":\"de\",\"potentialAction\":[{\"@type\":\"ReadAction\",\"target\":[\"https:\\\/\\\/www.alfred-scheerer.de\\\/shop\\\/product\\\/ladekabel-cb01_ricex\\\/\"]}]},{\"@type\":\"ImageObject\",\"inLanguage\":\"de\",\"@id\":\"https:\\\/\\\/www.alfred-scheerer.de\\\/shop\\\/product\\\/ladekabel-cb01_ricex\\\/#primaryimage\",\"url\":\"https:\\\/\\\/www.alfred-scheerer.de\\\/shop\\\/wp-content\\\/uploads\\\/2019\\\/10\\\/IMG_20191126_174501.jpg\",\"contentUrl\":\"https:\\\/\\\/www.alfred-scheerer.de\\\/shop\\\/wp-content\\\/uploads\\\/2019\\\/10\\\/IMG_20191126_174501.jpg\",\"width\":1024,\"height\":1024,\"caption\":\"Ambrogio Winter Ladekabel\"},{\"@type\":\"BreadcrumbList\",\"@id\":\"https:\\\/\\\/www.alfred-scheerer.de\\\/shop\\\/product\\\/ladekabel-cb01_ricex\\\/#breadcrumb\",\"itemListElement\":[{\"@type\":\"ListItem\",\"position\":1,\"name\":\"Startseite\",\"item\":\"https:\\\/\\\/www.alfred-scheerer.de\\\/shop\\\/\"},{\"@type\":\"ListItem\",\"position\":2,\"name\":\"Gartentechnik Scheerer &#8211; Der Online Shop f\u00fcr M\u00e4hroboter und Zubeh\u00f6r\",\"item\":\"https:\\\/\\\/www.alfred-scheerer.de\\\/shop\\\/\"},{\"@type\":\"ListItem\",\"position\":3,\"name\":\"Ladekabel Winterladung Ambrogio Techline Wiper CB01_RICEX\"}]},{\"@type\":\"WebSite\",\"@id\":\"https:\\\/\\\/www.alfred-scheerer.de\\\/shop\\\/#website\",\"url\":\"https:\\\/\\\/www.alfred-scheerer.de\\\/shop\\\/\",\"name\":\"Scheerer GmbH (ehem. Alfred Scheerer e.K.)\",\"description\":\"Der Online Shop aus Wermelskirchen f\u00fcr M\u00e4hroboter, Akku Gartenger\u00e4te, Ersatzteile und Zubeh\u00f6r\",\"publisher\":{\"@id\":\"https:\\\/\\\/www.alfred-scheerer.de\\\/shop\\\/#organization\"},\"potentialAction\":[{\"@type\":\"SearchAction\",\"target\":{\"@type\":\"EntryPoint\",\"urlTemplate\":\"https:\\\/\\\/www.alfred-scheerer.de\\\/shop\\\/?s={search_term_string}\"},\"query-input\":{\"@type\":\"PropertyValueSpecification\",\"valueRequired\":true,\"valueName\":\"search_term_string\"}}],\"inLanguage\":\"de\"},{\"@type\":\"Organization\",\"@id\":\"https:\\\/\\\/www.alfred-scheerer.de\\\/shop\\\/#organization\",\"name\":\"Scheerer GmbH\",\"url\":\"https:\\\/\\\/www.alfred-scheerer.de\\\/shop\\\/\",\"logo\":{\"@type\":\"ImageObject\",\"inLanguage\":\"de\",\"@id\":\"https:\\\/\\\/www.alfred-scheerer.de\\\/shop\\\/#\\\/schema\\\/logo\\\/image\\\/\",\"url\":\"https:\\\/\\\/alfred-scheerer.de\\\/shop\\\/wp-content\\\/uploads\\\/2024\\\/05\\\/baum.jpg\",\"contentUrl\":\"https:\\\/\\\/alfred-scheerer.de\\\/shop\\\/wp-content\\\/uploads\\\/2024\\\/05\\\/baum.jpg\",\"width\":512,\"height\":512,\"caption\":\"Scheerer GmbH\"},\"image\":{\"@id\":\"https:\\\/\\\/www.alfred-scheerer.de\\\/shop\\\/#\\\/schema\\\/logo\\\/image\\\/\"},\"sameAs\":[\"https:\\\/\\\/www.instagram.com\\\/alfredscheerer\\\/\"]}]}<\/script>\n<!-- \/ Yoast SEO plugin. -->","yoast_head_json":{"title":"Ladekabel Winterladung Ambrogio Techline Wiper CB01_RICEX - Gartentechnik Scheerer","robots":{"index":"index","follow":"follow","max-snippet":"max-snippet:-1","max-image-preview":"max-image-preview:large","max-video-preview":"max-video-preview:-1"},"canonical":"https:\/\/www.alfred-scheerer.de\/shop\/product\/ladekabel-cb01_ricex\/","og_locale":"de_DE","og_type":"article","og_title":"Ladekabel Winterladung Ambrogio Techline Wiper CB01_RICEX - Gartentechnik Scheerer","og_description":"Winterladekabel f\u00fcr Modelle ab Bj. 2017 mit blauer 2 poligen Steckerbuchse\u00a0hinten am Ger\u00e4t. Ladekabel f\u00fcr Ambrogio L60 u. Wiper Blitz XH mit Ladebuchse oben auf dem Ger\u00e4t. Kabell\u00e4nge 30 cm  Maximaler Ladestrom &lt; 5 A Bitte Typenschild vom Netzteil beachten!","og_url":"https:\/\/www.alfred-scheerer.de\/shop\/product\/ladekabel-cb01_ricex\/","og_site_name":"Gartentechnik Scheerer","article_modified_time":"2026-02-11T08:37:15+00:00","og_image":[{"width":1024,"height":1024,"url":"https:\/\/www.alfred-scheerer.de\/shop\/wp-content\/uploads\/2019\/10\/IMG_20191126_174501.jpg","type":"image\/jpeg"}],"twitter_card":"summary_large_image","schema":{"@context":"https:\/\/schema.org","@graph":[{"@type":"WebPage","@id":"https:\/\/www.alfred-scheerer.de\/shop\/product\/ladekabel-cb01_ricex\/","url":"https:\/\/www.alfred-scheerer.de\/shop\/product\/ladekabel-cb01_ricex\/","name":"Ladekabel Winterladung Ambrogio Techline Wiper CB01_RICEX - Gartentechnik Scheerer","isPartOf":{"@id":"https:\/\/www.alfred-scheerer.de\/shop\/#website"},"primaryImageOfPage":{"@id":"https:\/\/www.alfred-scheerer.de\/shop\/product\/ladekabel-cb01_ricex\/#primaryimage"},"image":{"@id":"https:\/\/www.alfred-scheerer.de\/shop\/product\/ladekabel-cb01_ricex\/#primaryimage"},"thumbnailUrl":"https:\/\/www.alfred-scheerer.de\/shop\/wp-content\/uploads\/2019\/10\/IMG_20191126_174501.jpg","datePublished":"2019-10-01T11:33:43+00:00","dateModified":"2026-02-11T08:37:15+00:00","breadcrumb":{"@id":"https:\/\/www.alfred-scheerer.de\/shop\/product\/ladekabel-cb01_ricex\/#breadcrumb"},"inLanguage":"de","potentialAction":[{"@type":"ReadAction","target":["https:\/\/www.alfred-scheerer.de\/shop\/product\/ladekabel-cb01_ricex\/"]}]},{"@type":"ImageObject","inLanguage":"de","@id":"https:\/\/www.alfred-scheerer.de\/shop\/product\/ladekabel-cb01_ricex\/#primaryimage","url":"https:\/\/www.alfred-scheerer.de\/shop\/wp-content\/uploads\/2019\/10\/IMG_20191126_174501.jpg","contentUrl":"https:\/\/www.alfred-scheerer.de\/shop\/wp-content\/uploads\/2019\/10\/IMG_20191126_174501.jpg","width":1024,"height":1024,"caption":"Ambrogio Winter Ladekabel"},{"@type":"BreadcrumbList","@id":"https:\/\/www.alfred-scheerer.de\/shop\/product\/ladekabel-cb01_ricex\/#breadcrumb","itemListElement":[{"@type":"ListItem","position":1,"name":"Startseite","item":"https:\/\/www.alfred-scheerer.de\/shop\/"},{"@type":"ListItem","position":2,"name":"Gartentechnik Scheerer &#8211; Der Online Shop f\u00fcr M\u00e4hroboter und Zubeh\u00f6r","item":"https:\/\/www.alfred-scheerer.de\/shop\/"},{"@type":"ListItem","position":3,"name":"Ladekabel Winterladung Ambrogio Techline Wiper CB01_RICEX"}]},{"@type":"WebSite","@id":"https:\/\/www.alfred-scheerer.de\/shop\/#website","url":"https:\/\/www.alfred-scheerer.de\/shop\/","name":"Scheerer GmbH (ehem. Alfred Scheerer e.K.)","description":"Der Online Shop aus Wermelskirchen f\u00fcr M\u00e4hroboter, Akku Gartenger\u00e4te, Ersatzteile und Zubeh\u00f6r","publisher":{"@id":"https:\/\/www.alfred-scheerer.de\/shop\/#organization"},"potentialAction":[{"@type":"SearchAction","target":{"@type":"EntryPoint","urlTemplate":"https:\/\/www.alfred-scheerer.de\/shop\/?s={search_term_string}"},"query-input":{"@type":"PropertyValueSpecification","valueRequired":true,"valueName":"search_term_string"}}],"inLanguage":"de"},{"@type":"Organization","@id":"https:\/\/www.alfred-scheerer.de\/shop\/#organization","name":"Scheerer GmbH","url":"https:\/\/www.alfred-scheerer.de\/shop\/","logo":{"@type":"ImageObject","inLanguage":"de","@id":"https:\/\/www.alfred-scheerer.de\/shop\/#\/schema\/logo\/image\/","url":"https:\/\/alfred-scheerer.de\/shop\/wp-content\/uploads\/2024\/05\/baum.jpg","contentUrl":"https:\/\/alfred-scheerer.de\/shop\/wp-content\/uploads\/2024\/05\/baum.jpg","width":512,"height":512,"caption":"Scheerer GmbH"},"image":{"@id":"https:\/\/www.alfred-scheerer.de\/shop\/#\/schema\/logo\/image\/"},"sameAs":["https:\/\/www.instagram.com\/alfredscheerer\/"]}]}},"_links":{"self":[{"href":"https:\/\/www.alfred-scheerer.de\/shop\/wp-json\/wp\/v2\/product\/657","targetHints":{"allow":["GET"]}}],"collection":[{"href":"https:\/\/www.alfred-scheerer.de\/shop\/wp-json\/wp\/v2\/product"}],"about":[{"href":"https:\/\/www.alfred-scheerer.de\/shop\/wp-json\/wp\/v2\/types\/product"}],"wp:featuredmedia":[{"embeddable":true,"href":"https:\/\/www.alfred-scheerer.de\/shop\/wp-json\/wp\/v2\/media\/983"}],"wp:attachment":[{"href":"https:\/\/www.alfred-scheerer.de\/shop\/wp-json\/wp\/v2\/media?parent=657"}],"wp:term":[{"taxonomy":"product_brand","embeddable":true,"href":"https:\/\/www.alfred-scheerer.de\/shop\/wp-json\/wp\/v2\/product_brand?post=657"},{"taxonomy":"product_cat","embeddable":true,"href":"https:\/\/www.alfred-scheerer.de\/shop\/wp-json\/wp\/v2\/product_cat?post=657"},{"taxonomy":"product_tag","embeddable":true,"href":"https:\/\/www.alfred-scheerer.de\/shop\/wp-json\/wp\/v2\/product_tag?post=657"}],"curies":[{"name":"wp","href":"https:\/\/api.w.org\/{rel}","templated":true}]}}