{"id":7346,"date":"2023-03-09T18:30:04","date_gmt":"2023-03-09T17:30:04","guid":{"rendered":"https:\/\/alfred-scheerer.de\/shop\/?post_type=product&#038;p=7346"},"modified":"2026-04-07T20:29:26","modified_gmt":"2026-04-07T18:29:26","slug":"garage-l25-l29-l29z04410a","status":"publish","type":"product","link":"https:\/\/www.alfred-scheerer.de\/shop\/product\/garage-l25-l29-l29z04410a\/","title":{"rendered":"Garage f\u00fcr Ladestation Ambrogio Twenty 25 \/ 29 L29Z04410A"},"content":{"rendered":"<p>Abdeckung \/ Garage aus Kunststoff, Farbe schwarz, passend f\u00fcr Ladestation.<\/p>\n<p>passend f\u00fcr:<br \/>\nAmbrogio: L25, L29, Twenty 25, Twenty 29<br \/>\nWiper: I-Serie ab I140<br \/>\nTechline: X2.5, X2.9<\/p>\n<p>Material der Abdeckung\/Garage: Kunststoff<br \/>\nMaterial der Befestigungsteile: Edelstahl<\/p>\n<p>Lieferumfang:<br \/>\nAbdeckung zur Selbstmontage inkl. Befestigungsmaterial u. Aufbauanleitung<\/p>\n","protected":false},"excerpt":{"rendered":"<p>Abdeckung \/ Garage aus Kunststoff, Farbe schwarz, passend f\u00fcr Ladestation.<\/p>\n<p>passend f\u00fcr:<br \/>\nAmbrogio: L25, L29, Twenty 25, Twenty 29<br \/>\nWiper: I-Serie ab i140 aufw\u00e4rts<br \/>\nTechline: X2.5, X2.9<\/p>\n<p>Material der Abdeckung\/Garage: Kunststoff<br \/>\nMaterial der Befestigungsteile: Edelstahl<\/p>\n<p>Lieferumfang:<br \/>\nAbdeckung zur Selbstmontage inkl. Befestigungsmaterial u. Aufbauanleitung<\/p>\n","protected":false},"featured_media":4166,"template":"","meta":[],"product_brand":[1756],"product_cat":[94,312,1333,1566,1567],"product_tag":[741,742,749,53,750,751,1042,402,404,737,738,740],"class_list":{"0":"post-7346","1":"product","2":"type-product","3":"status-publish","4":"has-post-thumbnail","6":"product_brand-ambrogio","7":"product_cat-ambrogio-ersatzteile-zubehoer","8":"product_cat-wiper-ersatzteile-zubehoer","9":"product_cat-maehroboter-rasenroboter-angebote","10":"product_cat-l25-twenty-25","11":"product_cat-twenty-29","12":"product_tag-dach-wiper","13":"product_tag-dach-techline","14":"product_tag-abdeckung-ambrogio","15":"product_tag-ambrogio","16":"product_tag-abdeckung-wiper","17":"product_tag-abdeckung-techline","18":"product_tag-ambrogio-twenty-garage","19":"product_tag-garage","20":"product_tag-abdeckung","21":"product_tag-garage-ambrogio","22":"product_tag-dach-ambrogio","23":"product_tag-garage-techline","25":"first","26":"instock","27":"sale","28":"taxable","29":"shipping-taxable","30":"purchasable","31":"product-type-simple"},"yoast_head":"<!-- This site is optimized with the Yoast SEO plugin v27.5 - https:\/\/yoast.com\/product\/yoast-seo-wordpress\/ -->\n<title>Garage f\u00fcr Ladestation Ambrogio Twenty 25 \/ 29 L29Z04410A - Gartentechnik Scheerer<\/title>\n<meta name=\"robots\" content=\"index, follow, max-snippet:-1, max-image-preview:large, max-video-preview:-1\" \/>\n<link rel=\"canonical\" href=\"https:\/\/www.alfred-scheerer.de\/shop\/product\/garage-l25-l29-l29z04410a\/\" \/>\n<meta property=\"og:locale\" content=\"de_DE\" \/>\n<meta property=\"og:type\" content=\"article\" \/>\n<meta property=\"og:title\" content=\"Garage f\u00fcr Ladestation Ambrogio Twenty 25 \/ 29 L29Z04410A - Gartentechnik Scheerer\" \/>\n<meta property=\"og:description\" content=\"Abdeckung \/ Garage aus Kunststoff, Farbe schwarz, passend f\u00fcr Ladestation.  passend f\u00fcr: Ambrogio: L25, L29, Twenty 25, Twenty 29 Wiper: I-Serie ab i140 aufw\u00e4rts Techline: X2.5, X2.9  Material der Abdeckung\/Garage: Kunststoff Material der Befestigungsteile: Edelstahl  Lieferumfang: Abdeckung zur Selbstmontage inkl. Befestigungsmaterial u. Aufbauanleitung\" \/>\n<meta property=\"og:url\" content=\"https:\/\/www.alfred-scheerer.de\/shop\/product\/garage-l25-l29-l29z04410a\/\" \/>\n<meta property=\"og:site_name\" content=\"Gartentechnik Scheerer\" \/>\n<meta property=\"article:modified_time\" content=\"2026-04-07T18:29:26+00:00\" \/>\n<meta property=\"og:image\" content=\"https:\/\/www.alfred-scheerer.de\/shop\/wp-content\/uploads\/2020\/05\/Abdeckung-Garage-L15-Twenty-i70-i100s-015Z11800A.jpg\" \/>\n\t<meta property=\"og:image:width\" content=\"500\" \/>\n\t<meta property=\"og:image:height\" content=\"500\" \/>\n\t<meta property=\"og:image:type\" content=\"image\/jpeg\" \/>\n<meta name=\"twitter:card\" content=\"summary_large_image\" \/>\n<script type=\"application\/ld+json\" class=\"yoast-schema-graph\">{\"@context\":\"https:\\\/\\\/schema.org\",\"@graph\":[{\"@type\":\"WebPage\",\"@id\":\"https:\\\/\\\/www.alfred-scheerer.de\\\/shop\\\/product\\\/garage-l25-l29-l29z04410a\\\/\",\"url\":\"https:\\\/\\\/www.alfred-scheerer.de\\\/shop\\\/product\\\/garage-l25-l29-l29z04410a\\\/\",\"name\":\"Garage f\u00fcr Ladestation Ambrogio Twenty 25 \\\/ 29 L29Z04410A - Gartentechnik Scheerer\",\"isPartOf\":{\"@id\":\"https:\\\/\\\/www.alfred-scheerer.de\\\/shop\\\/#website\"},\"primaryImageOfPage\":{\"@id\":\"https:\\\/\\\/www.alfred-scheerer.de\\\/shop\\\/product\\\/garage-l25-l29-l29z04410a\\\/#primaryimage\"},\"image\":{\"@id\":\"https:\\\/\\\/www.alfred-scheerer.de\\\/shop\\\/product\\\/garage-l25-l29-l29z04410a\\\/#primaryimage\"},\"thumbnailUrl\":\"https:\\\/\\\/www.alfred-scheerer.de\\\/shop\\\/wp-content\\\/uploads\\\/2020\\\/05\\\/Abdeckung-Garage-L15-Twenty-i70-i100s-015Z11800A.jpg\",\"datePublished\":\"2023-03-09T17:30:04+00:00\",\"dateModified\":\"2026-04-07T18:29:26+00:00\",\"breadcrumb\":{\"@id\":\"https:\\\/\\\/www.alfred-scheerer.de\\\/shop\\\/product\\\/garage-l25-l29-l29z04410a\\\/#breadcrumb\"},\"inLanguage\":\"de\",\"potentialAction\":[{\"@type\":\"ReadAction\",\"target\":[\"https:\\\/\\\/www.alfred-scheerer.de\\\/shop\\\/product\\\/garage-l25-l29-l29z04410a\\\/\"]}]},{\"@type\":\"ImageObject\",\"inLanguage\":\"de\",\"@id\":\"https:\\\/\\\/www.alfred-scheerer.de\\\/shop\\\/product\\\/garage-l25-l29-l29z04410a\\\/#primaryimage\",\"url\":\"https:\\\/\\\/www.alfred-scheerer.de\\\/shop\\\/wp-content\\\/uploads\\\/2020\\\/05\\\/Abdeckung-Garage-L15-Twenty-i70-i100s-015Z11800A.jpg\",\"contentUrl\":\"https:\\\/\\\/www.alfred-scheerer.de\\\/shop\\\/wp-content\\\/uploads\\\/2020\\\/05\\\/Abdeckung-Garage-L15-Twenty-i70-i100s-015Z11800A.jpg\",\"width\":500,\"height\":500,\"caption\":\"Garage Twenty Ambrogio Wiper i Techline\"},{\"@type\":\"BreadcrumbList\",\"@id\":\"https:\\\/\\\/www.alfred-scheerer.de\\\/shop\\\/product\\\/garage-l25-l29-l29z04410a\\\/#breadcrumb\",\"itemListElement\":[{\"@type\":\"ListItem\",\"position\":1,\"name\":\"Startseite\",\"item\":\"https:\\\/\\\/www.alfred-scheerer.de\\\/shop\\\/\"},{\"@type\":\"ListItem\",\"position\":2,\"name\":\"Gartentechnik Scheerer &#8211; Der Online Shop f\u00fcr M\u00e4hroboter und Zubeh\u00f6r\",\"item\":\"https:\\\/\\\/www.alfred-scheerer.de\\\/shop\\\/\"},{\"@type\":\"ListItem\",\"position\":3,\"name\":\"Garage f\u00fcr Ladestation Ambrogio Twenty 25 \\\/ 29 L29Z04410A\"}]},{\"@type\":\"WebSite\",\"@id\":\"https:\\\/\\\/www.alfred-scheerer.de\\\/shop\\\/#website\",\"url\":\"https:\\\/\\\/www.alfred-scheerer.de\\\/shop\\\/\",\"name\":\"Scheerer GmbH (ehem. Alfred Scheerer e.K.)\",\"description\":\"Der Online Shop aus Wermelskirchen f\u00fcr M\u00e4hroboter, Akku Gartenger\u00e4te, Ersatzteile und Zubeh\u00f6r\",\"publisher\":{\"@id\":\"https:\\\/\\\/www.alfred-scheerer.de\\\/shop\\\/#organization\"},\"potentialAction\":[{\"@type\":\"SearchAction\",\"target\":{\"@type\":\"EntryPoint\",\"urlTemplate\":\"https:\\\/\\\/www.alfred-scheerer.de\\\/shop\\\/?s={search_term_string}\"},\"query-input\":{\"@type\":\"PropertyValueSpecification\",\"valueRequired\":true,\"valueName\":\"search_term_string\"}}],\"inLanguage\":\"de\"},{\"@type\":\"Organization\",\"@id\":\"https:\\\/\\\/www.alfred-scheerer.de\\\/shop\\\/#organization\",\"name\":\"Scheerer GmbH\",\"url\":\"https:\\\/\\\/www.alfred-scheerer.de\\\/shop\\\/\",\"logo\":{\"@type\":\"ImageObject\",\"inLanguage\":\"de\",\"@id\":\"https:\\\/\\\/www.alfred-scheerer.de\\\/shop\\\/#\\\/schema\\\/logo\\\/image\\\/\",\"url\":\"https:\\\/\\\/alfred-scheerer.de\\\/shop\\\/wp-content\\\/uploads\\\/2024\\\/05\\\/baum.jpg\",\"contentUrl\":\"https:\\\/\\\/alfred-scheerer.de\\\/shop\\\/wp-content\\\/uploads\\\/2024\\\/05\\\/baum.jpg\",\"width\":512,\"height\":512,\"caption\":\"Scheerer GmbH\"},\"image\":{\"@id\":\"https:\\\/\\\/www.alfred-scheerer.de\\\/shop\\\/#\\\/schema\\\/logo\\\/image\\\/\"},\"sameAs\":[\"https:\\\/\\\/www.instagram.com\\\/alfredscheerer\\\/\"]}]}<\/script>\n<!-- \/ Yoast SEO plugin. -->","yoast_head_json":{"title":"Garage f\u00fcr Ladestation Ambrogio Twenty 25 \/ 29 L29Z04410A - Gartentechnik Scheerer","robots":{"index":"index","follow":"follow","max-snippet":"max-snippet:-1","max-image-preview":"max-image-preview:large","max-video-preview":"max-video-preview:-1"},"canonical":"https:\/\/www.alfred-scheerer.de\/shop\/product\/garage-l25-l29-l29z04410a\/","og_locale":"de_DE","og_type":"article","og_title":"Garage f\u00fcr Ladestation Ambrogio Twenty 25 \/ 29 L29Z04410A - Gartentechnik Scheerer","og_description":"Abdeckung \/ Garage aus Kunststoff, Farbe schwarz, passend f\u00fcr Ladestation.  passend f\u00fcr: Ambrogio: L25, L29, Twenty 25, Twenty 29 Wiper: I-Serie ab i140 aufw\u00e4rts Techline: X2.5, X2.9  Material der Abdeckung\/Garage: Kunststoff Material der Befestigungsteile: Edelstahl  Lieferumfang: Abdeckung zur Selbstmontage inkl. Befestigungsmaterial u. Aufbauanleitung","og_url":"https:\/\/www.alfred-scheerer.de\/shop\/product\/garage-l25-l29-l29z04410a\/","og_site_name":"Gartentechnik Scheerer","article_modified_time":"2026-04-07T18:29:26+00:00","og_image":[{"width":500,"height":500,"url":"https:\/\/www.alfred-scheerer.de\/shop\/wp-content\/uploads\/2020\/05\/Abdeckung-Garage-L15-Twenty-i70-i100s-015Z11800A.jpg","type":"image\/jpeg"}],"twitter_card":"summary_large_image","schema":{"@context":"https:\/\/schema.org","@graph":[{"@type":"WebPage","@id":"https:\/\/www.alfred-scheerer.de\/shop\/product\/garage-l25-l29-l29z04410a\/","url":"https:\/\/www.alfred-scheerer.de\/shop\/product\/garage-l25-l29-l29z04410a\/","name":"Garage f\u00fcr Ladestation Ambrogio Twenty 25 \/ 29 L29Z04410A - Gartentechnik Scheerer","isPartOf":{"@id":"https:\/\/www.alfred-scheerer.de\/shop\/#website"},"primaryImageOfPage":{"@id":"https:\/\/www.alfred-scheerer.de\/shop\/product\/garage-l25-l29-l29z04410a\/#primaryimage"},"image":{"@id":"https:\/\/www.alfred-scheerer.de\/shop\/product\/garage-l25-l29-l29z04410a\/#primaryimage"},"thumbnailUrl":"https:\/\/www.alfred-scheerer.de\/shop\/wp-content\/uploads\/2020\/05\/Abdeckung-Garage-L15-Twenty-i70-i100s-015Z11800A.jpg","datePublished":"2023-03-09T17:30:04+00:00","dateModified":"2026-04-07T18:29:26+00:00","breadcrumb":{"@id":"https:\/\/www.alfred-scheerer.de\/shop\/product\/garage-l25-l29-l29z04410a\/#breadcrumb"},"inLanguage":"de","potentialAction":[{"@type":"ReadAction","target":["https:\/\/www.alfred-scheerer.de\/shop\/product\/garage-l25-l29-l29z04410a\/"]}]},{"@type":"ImageObject","inLanguage":"de","@id":"https:\/\/www.alfred-scheerer.de\/shop\/product\/garage-l25-l29-l29z04410a\/#primaryimage","url":"https:\/\/www.alfred-scheerer.de\/shop\/wp-content\/uploads\/2020\/05\/Abdeckung-Garage-L15-Twenty-i70-i100s-015Z11800A.jpg","contentUrl":"https:\/\/www.alfred-scheerer.de\/shop\/wp-content\/uploads\/2020\/05\/Abdeckung-Garage-L15-Twenty-i70-i100s-015Z11800A.jpg","width":500,"height":500,"caption":"Garage Twenty Ambrogio Wiper i Techline"},{"@type":"BreadcrumbList","@id":"https:\/\/www.alfred-scheerer.de\/shop\/product\/garage-l25-l29-l29z04410a\/#breadcrumb","itemListElement":[{"@type":"ListItem","position":1,"name":"Startseite","item":"https:\/\/www.alfred-scheerer.de\/shop\/"},{"@type":"ListItem","position":2,"name":"Gartentechnik Scheerer &#8211; Der Online Shop f\u00fcr M\u00e4hroboter und Zubeh\u00f6r","item":"https:\/\/www.alfred-scheerer.de\/shop\/"},{"@type":"ListItem","position":3,"name":"Garage f\u00fcr Ladestation Ambrogio Twenty 25 \/ 29 L29Z04410A"}]},{"@type":"WebSite","@id":"https:\/\/www.alfred-scheerer.de\/shop\/#website","url":"https:\/\/www.alfred-scheerer.de\/shop\/","name":"Scheerer GmbH (ehem. Alfred Scheerer e.K.)","description":"Der Online Shop aus Wermelskirchen f\u00fcr M\u00e4hroboter, Akku Gartenger\u00e4te, Ersatzteile und Zubeh\u00f6r","publisher":{"@id":"https:\/\/www.alfred-scheerer.de\/shop\/#organization"},"potentialAction":[{"@type":"SearchAction","target":{"@type":"EntryPoint","urlTemplate":"https:\/\/www.alfred-scheerer.de\/shop\/?s={search_term_string}"},"query-input":{"@type":"PropertyValueSpecification","valueRequired":true,"valueName":"search_term_string"}}],"inLanguage":"de"},{"@type":"Organization","@id":"https:\/\/www.alfred-scheerer.de\/shop\/#organization","name":"Scheerer GmbH","url":"https:\/\/www.alfred-scheerer.de\/shop\/","logo":{"@type":"ImageObject","inLanguage":"de","@id":"https:\/\/www.alfred-scheerer.de\/shop\/#\/schema\/logo\/image\/","url":"https:\/\/alfred-scheerer.de\/shop\/wp-content\/uploads\/2024\/05\/baum.jpg","contentUrl":"https:\/\/alfred-scheerer.de\/shop\/wp-content\/uploads\/2024\/05\/baum.jpg","width":512,"height":512,"caption":"Scheerer GmbH"},"image":{"@id":"https:\/\/www.alfred-scheerer.de\/shop\/#\/schema\/logo\/image\/"},"sameAs":["https:\/\/www.instagram.com\/alfredscheerer\/"]}]}},"_links":{"self":[{"href":"https:\/\/www.alfred-scheerer.de\/shop\/wp-json\/wp\/v2\/product\/7346","targetHints":{"allow":["GET"]}}],"collection":[{"href":"https:\/\/www.alfred-scheerer.de\/shop\/wp-json\/wp\/v2\/product"}],"about":[{"href":"https:\/\/www.alfred-scheerer.de\/shop\/wp-json\/wp\/v2\/types\/product"}],"wp:featuredmedia":[{"embeddable":true,"href":"https:\/\/www.alfred-scheerer.de\/shop\/wp-json\/wp\/v2\/media\/4166"}],"wp:attachment":[{"href":"https:\/\/www.alfred-scheerer.de\/shop\/wp-json\/wp\/v2\/media?parent=7346"}],"wp:term":[{"taxonomy":"product_brand","embeddable":true,"href":"https:\/\/www.alfred-scheerer.de\/shop\/wp-json\/wp\/v2\/product_brand?post=7346"},{"taxonomy":"product_cat","embeddable":true,"href":"https:\/\/www.alfred-scheerer.de\/shop\/wp-json\/wp\/v2\/product_cat?post=7346"},{"taxonomy":"product_tag","embeddable":true,"href":"https:\/\/www.alfred-scheerer.de\/shop\/wp-json\/wp\/v2\/product_tag?post=7346"}],"curies":[{"name":"wp","href":"https:\/\/api.w.org\/{rel}","templated":true}]}}